{"id":9,"date":"2019-06-12T15:11:06","date_gmt":"2019-06-12T18:11:06","guid":{"rendered":"http:\/\/eventos.ufrrj.br\/workshopfitotecnia\/?page_id=9"},"modified":"2022-04-01T15:54:12","modified_gmt":"2022-04-01T18:54:12","slug":"apresentacao","status":"publish","type":"page","link":"https:\/\/eventos.ufrrj.br\/workshopfitotecnia\/apresentacao\/","title":{"rendered":"Apresenta\u00e7\u00e3o"},"content":{"rendered":"<p style=\"text-align: center\"><strong>IV WORKSHOP DO PPG-FITOTECNIA<\/strong><\/p>\n<p><span class=\"fontstyle0\"><strong>APRESENTA\u00c7\u00c3O DO EVENTO<\/strong><\/span><\/p>\n<p><span class=\"fontstyle0\"><br \/>\n<\/span><span class=\"fontstyle2\">O IV Workshop do PPG-Fitotecnia (Programa de P\u00f3s-Gradua\u00e7\u00e3o em Fitotecnia da Universidade Federal Rural do Rio de Janeiro) ser\u00e1 totalmente gratuito e realizado na modalidade <\/span><span class=\"fontstyle3\">on-line<\/span><span class=\"fontstyle2\">. O tema desta quarta edi\u00e7\u00e3o do evento \u00e9 <\/span><span class=\"fontstyle0\"><strong>\u201cDesafios e Oportunidades da Produ\u00e7\u00e3o Agr\u00edcola no Cen\u00e1rio Atual\u201d<\/strong> <\/span><span class=\"fontstyle2\">e tem como p\u00fablico-alvo discentes e docentes do PPG-Fitotecnia e de outros cursos de p\u00f3s-gradua\u00e7\u00e3o, estudantes de gradua\u00e7\u00e3o, e profissionais de todo o Brasil vinculados a \u00e1rea de Agronomia.<\/span><\/p>\n<p><span class=\"fontstyle2\"><br \/>\n<\/span><span class=\"fontstyle0\"><strong>OBJETIVOS DO EVENTO<\/strong><\/span><\/p>\n<p><span class=\"fontstyle0\"><br \/>\n<\/span><span class=\"fontstyle2\">1) Promover o debate sobre a produ\u00e7\u00e3o agr\u00edcola, inova\u00e7\u00e3o, empreendedorismo e demais temas relevantes para a pesquisa desenvolvida na p\u00f3s-gradua\u00e7\u00e3o;<br \/>\n2) Treinar os discentes para o aprimoramento de suas atividades de pesquisa e de divulga\u00e7\u00e3o cient\u00edfica;<br \/>\n3) Divulgar as atividades de pesquisa desenvolvidas ou vinculadas ao PPG-Fitotecnia;<br \/>\n4) Integrar os diferentes membros da comunidade acad\u00eamica e de pesquisa vinculada \u00e0 UFRRJ.<\/span><\/p>\n<p><strong>LOCAL<\/strong><\/p>\n<p>O evento ser\u00e1 on-line e gratuito.<\/p>\n<p><strong>APOIO<\/strong><\/p>\n<p>FAPERJ; CAPES.<\/p>\n","protected":false},"excerpt":{"rendered":"<p>IV WORKSHOP DO PPG-FITOTECNIA APRESENTA\u00c7\u00c3O DO EVENTO O IV Workshop do PPG-Fitotecnia (Programa de P\u00f3s-Gradua\u00e7\u00e3o em Fitotecnia da Universidade Federal <a class=\"read-more\" href=\"https:\/\/eventos.ufrrj.br\/workshopfitotecnia\/apresentacao\/ \">&#8230; <i class=\"fa fa-long-arrow-right\"><\/i><\/a><\/p>\n","protected":false},"author":25,"featured_media":0,"parent":0,"menu_order":0,"comment_status":"closed","ping_status":"closed","template":"","meta":{"footnotes":""},"class_list":["post-9","page","type-page","status-publish","hentry"],"_links":{"self":[{"href":"https:\/\/eventos.ufrrj.br\/workshopfitotecnia\/wp-json\/wp\/v2\/pages\/9","targetHints":{"allow":["GET"]}}],"collection":[{"href":"https:\/\/eventos.ufrrj.br\/workshopfitotecnia\/wp-json\/wp\/v2\/pages"}],"about":[{"href":"https:\/\/eventos.ufrrj.br\/workshopfitotecnia\/wp-json\/wp\/v2\/types\/page"}],"author":[{"embeddable":true,"href":"https:\/\/eventos.ufrrj.br\/workshopfitotecnia\/wp-json\/wp\/v2\/users\/25"}],"replies":[{"embeddable":true,"href":"https:\/\/eventos.ufrrj.br\/workshopfitotecnia\/wp-json\/wp\/v2\/comments?post=9"}],"version-history":[{"count":12,"href":"https:\/\/eventos.ufrrj.br\/workshopfitotecnia\/wp-json\/wp\/v2\/pages\/9\/revisions"}],"predecessor-version":[{"id":484,"href":"https:\/\/eventos.ufrrj.br\/workshopfitotecnia\/wp-json\/wp\/v2\/pages\/9\/revisions\/484"}],"wp:attachment":[{"href":"https:\/\/eventos.ufrrj.br\/workshopfitotecnia\/wp-json\/wp\/v2\/media?parent=9"}],"curies":[{"name":"wp","href":"https:\/\/api.w.org\/{rel}","templated":true}]}}