{"id":46,"date":"2019-06-12T15:23:04","date_gmt":"2019-06-12T18:23:04","guid":{"rendered":"http:\/\/eventos.ufrrj.br\/workshopfitotecnia\/?page_id=46"},"modified":"2020-11-13T18:27:26","modified_gmt":"2020-11-13T21:27:26","slug":"certificados","status":"publish","type":"page","link":"https:\/\/eventos.ufrrj.br\/workshopfitotecnia\/certificados\/","title":{"rendered":"Certificados"},"content":{"rendered":"<p><strong>Certificados do III Workshop do PPG-Fitotecnia (Ano: 2020)<\/strong><\/p>\n<ol>\n<li>CERTIFICADOS DE PARTICIPA\u00c7\u00c3O NO EVENTO E\/OU MINICURSO\/S<\/li>\n<\/ol>\n<p>Para\u00a0<em>download<\/em> do certificado de participa\u00e7\u00e3o no evento e\/ou minicurso\/s ser\u00e1 necess\u00e1rio informar o e-mail cadastrado no ato da inscri\u00e7\u00e3o.<\/p>\n<p>Certificados dispon\u00edveis em:\u00a0<a href=\"https:\/\/www.even3.com.br\/documentos\/certificatelist\/\" target=\"_blank\" rel=\"noopener\">https:\/\/www.even3.com.br\/documentos\/certificatelist\/<\/a><\/p>\n<p>&nbsp;<\/p>\n<p>2) CERTIFICADO DE APRESENTA\u00c7\u00c3O DE TRABALHO (ORAL E CARDS DE DIVULGA\u00c7\u00c3O CIENT\u00cdFICA)<\/p>\n<p>Os certificados de apresenta\u00e7\u00e3o dos trabalhos cient\u00edficos\u00a0constam no seguinte arquivo:\u00a0<a href=\"http:\/\/eventos.ufrrj.br\/workshopfitotecnia\/files\/2020\/11\/Certificados-Resumos_III-Workshop-do-PPG-Fitotecnia_2020neo-1.pdf\" target=\"_blank\" rel=\"noopener\">Certificados Resumos_III Workshop do PPG-Fitotecnia_2020neo<\/a><\/p>\n<p>&nbsp;<\/p>\n<p>Em caso de problemas com os certificados, favor enviar e-mail para: <span style=\"color: #000080\">workshopfito2020@gmail.com<\/span><\/p>\n<p>&nbsp;<\/p>\n<p>&nbsp;<\/p>\n<p><strong>Certificados do II Workshop do PPG-Fitotecnia (Ano: 2019)<\/strong><\/p>\n<ol>\n<li>CERTIFICADOS DE PARTICIPA\u00c7\u00c3O NO EVENTO E\/OU MINICURSO<\/li>\n<\/ol>\n<p>Os participantes ser\u00e3o respons\u00e1veis por emitir o certificado gerado de forma autom\u00e1tica pelo sistema de gerenciamentos de eventos da Proext \/ UFRRJ. Para isso, dever\u00e3o inserir o seu n\u00famero de CPF (sem pontos nem tra\u00e7o), conforme cadastrado.<\/p>\n<p>Informa\u00e7\u00f5es pessoais incorretas fornecidas no ato da inscri\u00e7\u00e3o n\u00e3o poder\u00e3o ser editadas.<\/p>\n<p>Certificados dispon\u00edveis em:\u00a0<a href=\"http:\/\/graduacao.im.ufrrj.br\/portal\/\">http:\/\/graduacao.im.ufrrj.br\/portal\/<\/a><\/p>\n<p>&nbsp;<\/p>\n<p>2) CERTIFICADO DE APRESENTA\u00c7\u00c3O DE TRABALHO<\/p>\n<p>Certificados de apresenta\u00e7\u00e3o de resumos na modalidade P\u00f4ster<\/p>\n<p><a href=\"http:\/\/eventos.ufrrj.br\/workshopfitotecnia\/files\/2019\/11\/certificadosPOSTER_IIWorkshopdoPPGFitotecnia.pdf\">certificadosPOSTER_IIWorkshopdoPPGFitotecnia<\/a><\/p>\n<p>Certificados de apresenta\u00e7\u00e3o de resumos na modalidade Oral<\/p>\n<p><a href=\"http:\/\/eventos.ufrrj.br\/workshopfitotecnia\/files\/2019\/11\/CertificadosORAL_IIWorkshopdoPPGFitotecnia.pdf\">CertificadosORAL_IIWorkshopdoPPGFitotecnia<\/a><\/p>\n","protected":false},"excerpt":{"rendered":"<p>Certificados do III Workshop do PPG-Fitotecnia (Ano: 2020) CERTIFICADOS DE PARTICIPA\u00c7\u00c3O NO EVENTO E\/OU MINICURSO\/S Para\u00a0download do certificado de participa\u00e7\u00e3o <a class=\"read-more\" href=\"https:\/\/eventos.ufrrj.br\/workshopfitotecnia\/certificados\/ \">&#8230; <i class=\"fa fa-long-arrow-right\"><\/i><\/a><\/p>\n","protected":false},"author":25,"featured_media":0,"parent":0,"menu_order":0,"comment_status":"closed","ping_status":"closed","template":"","meta":{"footnotes":""},"class_list":["post-46","page","type-page","status-publish","hentry"],"_links":{"self":[{"href":"https:\/\/eventos.ufrrj.br\/workshopfitotecnia\/wp-json\/wp\/v2\/pages\/46","targetHints":{"allow":["GET"]}}],"collection":[{"href":"https:\/\/eventos.ufrrj.br\/workshopfitotecnia\/wp-json\/wp\/v2\/pages"}],"about":[{"href":"https:\/\/eventos.ufrrj.br\/workshopfitotecnia\/wp-json\/wp\/v2\/types\/page"}],"author":[{"embeddable":true,"href":"https:\/\/eventos.ufrrj.br\/workshopfitotecnia\/wp-json\/wp\/v2\/users\/25"}],"replies":[{"embeddable":true,"href":"https:\/\/eventos.ufrrj.br\/workshopfitotecnia\/wp-json\/wp\/v2\/comments?post=46"}],"version-history":[{"count":13,"href":"https:\/\/eventos.ufrrj.br\/workshopfitotecnia\/wp-json\/wp\/v2\/pages\/46\/revisions"}],"predecessor-version":[{"id":456,"href":"https:\/\/eventos.ufrrj.br\/workshopfitotecnia\/wp-json\/wp\/v2\/pages\/46\/revisions\/456"}],"wp:attachment":[{"href":"https:\/\/eventos.ufrrj.br\/workshopfitotecnia\/wp-json\/wp\/v2\/media?parent=46"}],"curies":[{"name":"wp","href":"https:\/\/api.w.org\/{rel}","templated":true}]}}