{"id":62,"date":"2019-11-01T16:23:19","date_gmt":"2019-11-01T19:23:19","guid":{"rendered":"http:\/\/eventos.ufrrj.br\/sipibid-siresp\/?page_id=62"},"modified":"2019-11-17T20:22:34","modified_gmt":"2019-11-17T23:22:34","slug":"submissao-de-trabalho","status":"publish","type":"page","link":"https:\/\/eventos.ufrrj.br\/sipibid-siresp\/submissao-de-trabalho\/","title":{"rendered":"Submiss\u00e3o de Trabalho"},"content":{"rendered":"<p>&nbsp;<br \/>\nSubmiss\u00e3o de Trabalhos para a Mostra de Materiais Did\u00e1ticos e Pr\u00e1ticas Educativas.<br \/>\n<!-- Clique aqui, para acessar o formul\u00e1rio. --> <strong>(<u>Inscri\u00e7\u00f5es Encerradas!<\/u>)<\/strong><\/p>\n<p>&nbsp;<br \/>\nSubmiss\u00e3o de Trabalhos para as Sess\u00f5es de Experi\u00eancias Pedag\u00f3gicas dos N\u00facleos dos Subprojetos.<br \/>\n<!-- Clique aqui, para acessar o formul\u00e1rio. --> <strong>(<u>Inscri\u00e7\u00f5es Encerradas!<\/u>)<\/strong><\/p>\n","protected":false},"excerpt":{"rendered":"<p>&nbsp; Submiss\u00e3o de Trabalhos para a Mostra de Materiais Did\u00e1ticos e Pr\u00e1ticas Educativas. (Inscri\u00e7\u00f5es Encerradas!) &nbsp; Submiss\u00e3o de Trabalhos para <a class=\"read-more\" href=\"https:\/\/eventos.ufrrj.br\/sipibid-siresp\/submissao-de-trabalho\/ \" >&#8230; <span class=\"font-italic\">leia mais <i class=\"fas fa-angle-right\"><\/i><\/span><\/a><\/p>\n","protected":false},"author":51,"featured_media":0,"parent":0,"menu_order":0,"comment_status":"closed","ping_status":"closed","template":"","meta":{"footnotes":""},"class_list":["post-62","page","type-page","status-publish","hentry"],"_links":{"self":[{"href":"https:\/\/eventos.ufrrj.br\/sipibid-siresp\/wp-json\/wp\/v2\/pages\/62","targetHints":{"allow":["GET"]}}],"collection":[{"href":"https:\/\/eventos.ufrrj.br\/sipibid-siresp\/wp-json\/wp\/v2\/pages"}],"about":[{"href":"https:\/\/eventos.ufrrj.br\/sipibid-siresp\/wp-json\/wp\/v2\/types\/page"}],"author":[{"embeddable":true,"href":"https:\/\/eventos.ufrrj.br\/sipibid-siresp\/wp-json\/wp\/v2\/users\/51"}],"replies":[{"embeddable":true,"href":"https:\/\/eventos.ufrrj.br\/sipibid-siresp\/wp-json\/wp\/v2\/comments?post=62"}],"version-history":[{"count":8,"href":"https:\/\/eventos.ufrrj.br\/sipibid-siresp\/wp-json\/wp\/v2\/pages\/62\/revisions"}],"predecessor-version":[{"id":117,"href":"https:\/\/eventos.ufrrj.br\/sipibid-siresp\/wp-json\/wp\/v2\/pages\/62\/revisions\/117"}],"wp:attachment":[{"href":"https:\/\/eventos.ufrrj.br\/sipibid-siresp\/wp-json\/wp\/v2\/media?parent=62"}],"curies":[{"name":"wp","href":"https:\/\/api.w.org\/{rel}","templated":true}]}}