{"id":22,"date":"2019-10-30T09:42:33","date_gmt":"2019-10-30T12:42:33","guid":{"rendered":"http:\/\/eventos.ufrrj.br\/sipibid-siresp\/?page_id=22"},"modified":"2019-11-04T15:41:37","modified_gmt":"2019-11-04T18:41:37","slug":"normas-de-submissao-e-apresentacao","status":"publish","type":"page","link":"https:\/\/eventos.ufrrj.br\/sipibid-siresp\/normas-de-submissao-e-apresentacao\/","title":{"rendered":"Normas de Submiss\u00e3o e Apresenta\u00e7\u00e3o"},"content":{"rendered":"<p>&nbsp;<br \/>\nOs trabalhos submetidos e aceitos no\u00a0 V Semin\u00e1rio Institucional do PIBID (SIPIBID) e o I Semin\u00e1rio Institucional do Programa Resid\u00eancia Pedag\u00f3gica da UFRRJ (SIRESP). Experi\u00eancias Inovadoras nas Pr\u00e1ticas Docentes do PIBID e RP da UFRRJ ser\u00e3o apresentados nos dia 18 e 19 de novembro de 2019,\u00a0em um dos seguintes formatos: (1) Sess\u00e3o de Experi\u00eancias Exitosas dos N\u00facleos dos Subprojetos; (2) Mostra de Materiais Did\u00e1ticos e Pr\u00e1ticas Educativas.<\/p>\n<p>A Sess\u00e3o de Experi\u00eancias Exitosas dos N\u00facleos dos Subprojetos \u00e9 um instrumento metodol\u00f3gico\u00a0utilizado para estabelecer di\u00e1logos e intera\u00e7\u00f5es com a participa\u00e7\u00e3o democr\u00e1tica dos apresentadores dos trabalhos\u00a0 e p\u00fablico presente. Um\u00a0autor\/coautor de cada trabalho, por eixo, ter\u00e1 10 minutos para a apresenta\u00e7\u00e3o com a\u00a0participa\u00e7\u00e3o de um moderador, que facilitar\u00e1 a participa\u00e7\u00e3o dos demais participantes.\u00a0 Ser\u00e3o disponibilizados projeto multim\u00eddia e um notebook para apresenta\u00e7\u00e3o, caso seja de interesse dos autores.<\/p>\n<p>\u200bA Mostra de Materiais Did\u00e1ticos e Pr\u00e1ticas Educativas \u00e9 uma modalidade expositiva de apresenta\u00e7\u00e3o de trabalho em que o(s) autor\/coautor(es) demonstra(m) o material\/pr\u00e1tica desenvolvida atrav\u00e9s de explica\u00e7\u00f5es e argumenta\u00e7\u00f5es sobre a sua elabora\u00e7\u00e3o, sua utilidade, impactos e resultados nos diversos n\u00edveis de ensino\/aprendizagem e nas distintas \u00e1reas de atua\u00e7\u00e3o do professor, em um formato de feira cient\u00edfica. Ser\u00e3o disponibilizadas mesas para que os autores apresentem seus trabalhos.<\/p>\n<p>Para a submiss\u00e3o de trabalhos no evento, os participantes dever\u00e3o apresentar um <strong>Resumo Expandido, no link Formul\u00e1rio de Submiss\u00e3o, na aba de INSCRI\u00c7\u00c3O E SUBMISS\u00c3O<\/strong>, de acordo com as seguintes normas estabelecidas pela Comiss\u00e3o Organizadora.<\/p>\n<p>&nbsp; 1. T\u00cdTULO DO TRABALHO EM MAI\u00daSCULO, ARIAL 14, NEGRITO, CENTRALIZADO, ESPA\u00c7AMENTO 1,5 ENTRE LINHAS.<\/p>\n<p>&nbsp; 2. Nomes dos autores, completos e sem abreviaturas.  Titula\u00e7\u00e3o. Institui\u00e7\u00e3o. Email  Arial 12, espa\u00e7o simples, centralizado. O primeiro autor em negrito e um por linha. Se o trabalho tiver orientador, coloc\u00e1-lo como \u00faltimo da sequ\u00eancia seguindo os mesmos dados dos autores.<\/p>\n<p>&nbsp; 3. N\u00famero e nome do eixo, seguido de dois pontos e t\u00edtulo em mai\u00fasculo\/negrito com alinhamento centralizado duas linhas abaixo do(s) nome(s) do(s) autor(es).<\/p>\n<p>&nbsp; 4. O texto dever\u00e1 conter <strong>Introdu\u00e7\u00e3o, justificativa, objetivos, marco te\u00f3rico, metodologia, dados, an\u00e1lise, resultados e impactos, conclus\u00e3o e refer\u00eancias bibliogr\u00e1ficas.<\/strong><\/p>\n<p>&nbsp; 5. Subt\u00edtulos: Arial 12, negrito, alinhado \u00e0 esquerda, espa\u00e7amento simples. Caso necess\u00e1rio dividir, incluir ou retirar algum t\u00f3pico de acordo com as caracter\u00edsticas do trabalho, deve ser mantida a formata\u00e7\u00e3o.<\/p>\n<p>&nbsp; 6. Texto principal em Arial 11, justificado, espa\u00e7amento simples.<\/p>\n<p>&nbsp; 7. O texto completo deve ter formato de resumo expandido, de 02 (duas) a 03 (tr\u00eas) p\u00e1ginas, inclu\u00eddas as refer\u00eancias.<\/p>\n<p>&nbsp;8. N\u00e3o \u00e9 necess\u00e1rio incluir resumo e palavras-chaves neste texto. Por\u00e9m, devem ser produzidos para incluir no Formul\u00e1rio de Submiss\u00e3o. (Palavras-chave, de tr\u00eas a cinco,. Cada palavra-chave deve ter a primeira letra mai\u00fascula e o restante em caixa baixa e deve ser separada das demais por ponto e v\u00edrgula).<\/p>\n<p>&nbsp;9. Figuras, tabelas e quadros devem ser inclu\u00eddos ap\u00f3s o par\u00e1grafo em que s\u00e3o mencionados, com legenda na parte superior e indica\u00e7\u00e3o de fonte na parte inferior.<\/p>\n<p>&nbsp;10. As refer\u00eancias dever\u00e3o vir depois do texto e utilizadas no padr\u00e3o ABNT.<\/p>\n<p>&nbsp;11. Margens: 2,5 em todo o papel. Papel tamanho A4. Espa\u00e7amento simples entre linhas. Alinhamento: Justificado.<\/p>\n<p>&nbsp;12. As cita\u00e7\u00f5es e as notas devem seguir as normas da ABNT em vigor.<\/p>\n<p>&nbsp;13. <strong>A revis\u00e3o dos resumos ficar\u00e1 a cargo dos Coordenadores de \u00c1rea dos subprojetos do Pibid e RP. Os trabalhos dever\u00e3o ser enviados com a assinatura de algum coordenador de \u00e1rea do subprojeto em todas as p\u00e1ginas do mesmo, atestando a revis\u00e3o do mesmo.<\/strong><\/p>\n<p>&nbsp;<br \/>\n<strong>Observa\u00e7\u00f5es Gerais:<\/strong><br \/>\n&nbsp;a) Os trabalhos que n\u00e3o estiverem de acordo com as normas de formata\u00e7\u00e3o e da ABNT n\u00e3o ser\u00e3o aceitos;<\/p>\n<p>&nbsp;b) O material aceito para apresenta\u00e7\u00e3o e\/ou publica\u00e7\u00e3o ser\u00e1 utilizado em sua vers\u00e3o original, sem que sejam aceitas vers\u00f5es posteriores. O conte\u00fado do trabalho \u00e9 de responsabilidade do(s) autor(es), bem como a revis\u00e3o do texto;<\/p>\n<p>&nbsp;c)Todos os autores e coautores de trabalhos dever\u00e3o estar inscritos no evento;<\/p>\n<p>&nbsp;d) O resultado da avalia\u00e7\u00e3o dos trabalhos ser\u00e1 comunicado por carta de aceite enviada pela Comiss\u00e3o Cient\u00edfica do evento para o e-mail dos autores a partir de 11 de outubro de 2019.<\/p>\n<p>&nbsp;e) Somente o autor de cada trabalho precisa realizar a inscri\u00e7\u00e3o com a submiss\u00e3o do mesmo.<\/p>\n","protected":false},"excerpt":{"rendered":"<p>&nbsp; Os trabalhos submetidos e aceitos no\u00a0 V Semin\u00e1rio Institucional do PIBID (SIPIBID) e o I Semin\u00e1rio Institucional do Programa <a class=\"read-more\" href=\"https:\/\/eventos.ufrrj.br\/sipibid-siresp\/normas-de-submissao-e-apresentacao\/ \" >&#8230; <span class=\"font-italic\">leia mais <i class=\"fas fa-angle-right\"><\/i><\/span><\/a><\/p>\n","protected":false},"author":25,"featured_media":0,"parent":0,"menu_order":0,"comment_status":"closed","ping_status":"closed","template":"","meta":{"footnotes":""},"class_list":["post-22","page","type-page","status-publish","hentry"],"_links":{"self":[{"href":"https:\/\/eventos.ufrrj.br\/sipibid-siresp\/wp-json\/wp\/v2\/pages\/22","targetHints":{"allow":["GET"]}}],"collection":[{"href":"https:\/\/eventos.ufrrj.br\/sipibid-siresp\/wp-json\/wp\/v2\/pages"}],"about":[{"href":"https:\/\/eventos.ufrrj.br\/sipibid-siresp\/wp-json\/wp\/v2\/types\/page"}],"author":[{"embeddable":true,"href":"https:\/\/eventos.ufrrj.br\/sipibid-siresp\/wp-json\/wp\/v2\/users\/25"}],"replies":[{"embeddable":true,"href":"https:\/\/eventos.ufrrj.br\/sipibid-siresp\/wp-json\/wp\/v2\/comments?post=22"}],"version-history":[{"count":4,"href":"https:\/\/eventos.ufrrj.br\/sipibid-siresp\/wp-json\/wp\/v2\/pages\/22\/revisions"}],"predecessor-version":[{"id":84,"href":"https:\/\/eventos.ufrrj.br\/sipibid-siresp\/wp-json\/wp\/v2\/pages\/22\/revisions\/84"}],"wp:attachment":[{"href":"https:\/\/eventos.ufrrj.br\/sipibid-siresp\/wp-json\/wp\/v2\/media?parent=22"}],"curies":[{"name":"wp","href":"https:\/\/api.w.org\/{rel}","templated":true}]}}