{"id":122,"date":"2019-12-30T17:45:42","date_gmt":"2019-12-30T20:45:42","guid":{"rendered":"http:\/\/eventos.ufrrj.br\/sipibid-siresp\/?page_id=122"},"modified":"2020-07-16T18:48:50","modified_gmt":"2020-07-16T21:48:50","slug":"certificados","status":"publish","type":"page","link":"https:\/\/eventos.ufrrj.br\/sipibid-siresp\/certificados\/","title":{"rendered":"Certificados"},"content":{"rendered":"<h2><strong>Certificados de Participa\u00e7\u00e3o como Ouvinte<\/strong><\/h2>\n<p>Prezados participantes: os certificados de participa\u00e7\u00e3o como <strong>OUVINTE<\/strong> do V Semin\u00e1rio Institucional do Pibid e I Semin\u00e1rio Institucional da Resid\u00eancia Pedag\u00f3gica da UFRRJ j\u00e1 est\u00e3o prontos e podem ser baixados no link abaixo, em um arquivo de formato &#8220;pdf&#8221;. <strong>O arquivo tem 334 p\u00e1ginas e cont\u00e9m todos certificados dos participantes que efetuaram o credenciamento no evento.<\/strong><\/p>\n<p>Em virtude do alto n\u00famero de certificados contido no arquivo, para localizar o seu, sugerimos que<strong> insira o seu primeiro nome na ferramenta de busca<\/strong> do aplicativo de visualiza\u00e7\u00e3o do arquivo pdf do seu smartphone\/computador.<\/p>\n<p>Informamos que <strong>o nome que consta no certificado \u00e9 exatamente o mesmo informado pelos participantes na inscri\u00e7\u00e3o online<\/strong>. Se houve algum problema ou erro com seu certificado, envie e-mail para: eventopibidrp.ufrrj@gmail.com<\/p>\n<p>&nbsp;<\/p>\n<p style=\"text-align: center\"><a href=\"http:\/\/eventos.ufrrj.br\/sipibid-siresp\/files\/2020\/05\/certificados_ouvintes.pdf\">BAIXE SEU CERTIFICADO AQUI!<\/a><\/p>\n<p>&nbsp;<\/p>\n<h2><strong>Certificados de Participa\u00e7\u00e3o por Apresenta\u00e7\u00e3o de Trabalho<\/strong><\/h2>\n<p>Nos links abaixo voc\u00ea pode fazer o download dos certificados dos participantes que apresentaram trabalho no evento. Cada arquivo cont\u00e9m v\u00e1rios certificados, ent\u00e3o, use uma ferramenta de busca para localizar o seu (insira o seu primeiro nome ou o parte do t\u00edtulo do trabalho). O nome dos autores em cada certificado est\u00e1 exatamente da mesma forma como foi informado pelos mesmos no ato de submiss\u00e3o.<\/p>\n<p>&nbsp;<\/p>\n<p style=\"text-align: center\"><a href=\"http:\/\/eventos.ufrrj.br\/sipibid-siresp\/files\/2020\/07\/certificados_dia18nov.pdf\">CERTIFICADOS REFERENTES AO DIA 18\/11\/2019<\/a><\/p>\n<p>&nbsp;<\/p>\n<p style=\"text-align: center\"><a href=\"http:\/\/eventos.ufrrj.br\/sipibid-siresp\/files\/2020\/05\/certificados_dia19nov.pdf\">CERTIFICADOS REFERENTES AO DIA 19\/11\/2019<\/a><\/p>\n<p>&nbsp;<\/p>\n","protected":false},"excerpt":{"rendered":"<p>Certificados de Participa\u00e7\u00e3o como Ouvinte Prezados participantes: os certificados de participa\u00e7\u00e3o como OUVINTE do V Semin\u00e1rio Institucional do Pibid e <a class=\"read-more\" href=\"https:\/\/eventos.ufrrj.br\/sipibid-siresp\/certificados\/ \" >&#8230; <span class=\"font-italic\">leia mais <i class=\"fas fa-angle-right\"><\/i><\/span><\/a><\/p>\n","protected":false},"author":52,"featured_media":0,"parent":0,"menu_order":0,"comment_status":"closed","ping_status":"closed","template":"","meta":{"footnotes":""},"class_list":["post-122","page","type-page","status-publish","hentry"],"_links":{"self":[{"href":"https:\/\/eventos.ufrrj.br\/sipibid-siresp\/wp-json\/wp\/v2\/pages\/122","targetHints":{"allow":["GET"]}}],"collection":[{"href":"https:\/\/eventos.ufrrj.br\/sipibid-siresp\/wp-json\/wp\/v2\/pages"}],"about":[{"href":"https:\/\/eventos.ufrrj.br\/sipibid-siresp\/wp-json\/wp\/v2\/types\/page"}],"author":[{"embeddable":true,"href":"https:\/\/eventos.ufrrj.br\/sipibid-siresp\/wp-json\/wp\/v2\/users\/52"}],"replies":[{"embeddable":true,"href":"https:\/\/eventos.ufrrj.br\/sipibid-siresp\/wp-json\/wp\/v2\/comments?post=122"}],"version-history":[{"count":10,"href":"https:\/\/eventos.ufrrj.br\/sipibid-siresp\/wp-json\/wp\/v2\/pages\/122\/revisions"}],"predecessor-version":[{"id":144,"href":"https:\/\/eventos.ufrrj.br\/sipibid-siresp\/wp-json\/wp\/v2\/pages\/122\/revisions\/144"}],"wp:attachment":[{"href":"https:\/\/eventos.ufrrj.br\/sipibid-siresp\/wp-json\/wp\/v2\/media?parent=122"}],"curies":[{"name":"wp","href":"https:\/\/api.w.org\/{rel}","templated":true}]}}