{"id":76,"date":"2016-09-16T16:01:00","date_gmt":"2016-09-16T16:01:00","guid":{"rendered":"http:\/\/eventos.ufrrj.br\/simposio-abc\/?page_id=76"},"modified":"2017-11-18T23:13:58","modified_gmt":"2017-11-18T23:13:58","slug":"palestras","status":"publish","type":"page","link":"https:\/\/eventos.ufrrj.br\/simposio-abc\/palestras\/","title":{"rendered":"Palestras"},"content":{"rendered":"<p>&nbsp;<\/p>\n<p><b>Palestras &#8211; I Simp\u00f3sio\u00a0ABC &#8211; 2016<\/b><\/p>\n<p><strong>Palestra 1. <\/strong>Dr. Jos\u00e9 Febles<\/p>\n<p><strong>Palestra 2.<\/strong> Dr. C\u00e9lio Chagas\u00a0<a href=\"http:\/\/eventos.ufrrj.br\/simposio-abc\/files\/2016\/09\/C\u00e9lio-Chagas-DEGRADACI\u00d3N-DE-TIERRAS-EN-LA-REB\u00daBLICA-ARGENTINA.pdf\">DEGRADACI\u00d3N DE TIERRAS EN LA REB\u00daBLICA ARGENTINA<\/a><\/p>\n<p><strong>Palestra 3.<\/strong> Dr. Pedro Freitas\u00a0<a href=\"http:\/\/eventos.ufrrj.br\/simposio-abc\/files\/2016\/09\/Pedro-Freitas-Experi\u00eancias-sobre-Manejo-e-Conserva\u00e7\u00e3o-do-Solo-no-Brasil.pdf\">Experi\u00eancias sobre Manejo e Conserva\u00e7\u00e3o do Solo no Brasil<\/a><\/p>\n<p><strong>alestra 4.<\/strong>\u00a0 Dr. Alexander Resende \u00a0<a href=\"http:\/\/eventos.ufrrj.br\/simposio-abc\/files\/2016\/09\/Alexander-resende-Experi\u00eancias-sobre-Recupera\u00e7\u00e3o-de-\u00c1reas-Degradadas-no-Brasil.pdf\">Experi\u00eancias-sobre-Recupera\u00e7\u00e3o-de-\u00c1reas-Degradadas-no-Brasil<\/a><\/p>\n<p><strong>Palestra 5. \u00a0<\/strong>Dr.\u00a0Denis Biffe\u00a0<a href=\"http:\/\/eventos.ufrrj.br\/simposio-abc\/files\/2016\/09\/Denis-Biffe-Herbicidas-no-sistema-plantio-direto.pdf\">Herbicidas no sistema plantio-direto<\/a><\/p>\n","protected":false},"excerpt":{"rendered":"<p>&nbsp; Palestras &#8211; I Simp\u00f3sio\u00a0ABC &#8211; 2016 Palestra 1. Dr. Jos\u00e9 Febles Palestra 2. Dr. C\u00e9lio Chagas\u00a0DEGRADACI\u00d3N DE TIERRAS EN <a class=\"read-more\" href=\"https:\/\/eventos.ufrrj.br\/simposio-abc\/palestras\/ \">&#8230; <i class=\"fa fa-long-arrow-right\"><\/i><\/a><\/p>\n","protected":false},"author":24,"featured_media":0,"parent":0,"menu_order":0,"comment_status":"closed","ping_status":"closed","template":"","meta":{"footnotes":""},"class_list":["post-76","page","type-page","status-publish","hentry"],"_links":{"self":[{"href":"https:\/\/eventos.ufrrj.br\/simposio-abc\/wp-json\/wp\/v2\/pages\/76","targetHints":{"allow":["GET"]}}],"collection":[{"href":"https:\/\/eventos.ufrrj.br\/simposio-abc\/wp-json\/wp\/v2\/pages"}],"about":[{"href":"https:\/\/eventos.ufrrj.br\/simposio-abc\/wp-json\/wp\/v2\/types\/page"}],"author":[{"embeddable":true,"href":"https:\/\/eventos.ufrrj.br\/simposio-abc\/wp-json\/wp\/v2\/users\/24"}],"replies":[{"embeddable":true,"href":"https:\/\/eventos.ufrrj.br\/simposio-abc\/wp-json\/wp\/v2\/comments?post=76"}],"version-history":[{"count":12,"href":"https:\/\/eventos.ufrrj.br\/simposio-abc\/wp-json\/wp\/v2\/pages\/76\/revisions"}],"predecessor-version":[{"id":246,"href":"https:\/\/eventos.ufrrj.br\/simposio-abc\/wp-json\/wp\/v2\/pages\/76\/revisions\/246"}],"wp:attachment":[{"href":"https:\/\/eventos.ufrrj.br\/simposio-abc\/wp-json\/wp\/v2\/media?parent=76"}],"curies":[{"name":"wp","href":"https:\/\/api.w.org\/{rel}","templated":true}]}}

<p>&nbsp;</p>
<p><b>Palestras &#8211; I Simpósio ABC &#8211; 2016</b></p>
<p><strong>Palestra 1. </strong>Dr. José Febles</p>
<p><strong>Palestra 2.</strong> Dr. Célio Chagas <a href="http://eventos.ufrrj.br/simposio-abc/files/2016/09/Célio-Chagas-DEGRADACIÓN-DE-TIERRAS-EN-LA-REBÚBLICA-ARGENTINA.pdf">DEGRADACIÓN DE TIERRAS EN LA REBÚBLICA ARGENTINA</a></p>
<p><strong>Palestra 3.</strong> Dr. Pedro Freitas <a href="http://eventos.ufrrj.br/simposio-abc/files/2016/09/Pedro-Freitas-Experiências-sobre-Manejo-e-Conservação-do-Solo-no-Brasil.pdf">Experiências sobre Manejo e Conservação do Solo no Brasil</a></p>
<p><strong>alestra 4.</strong>  Dr. Alexander Resende  <a href="http://eventos.ufrrj.br/simposio-abc/files/2016/09/Alexander-resende-Experiências-sobre-Recuperação-de-Áreas-Degradadas-no-Brasil.pdf">Experiências-sobre-Recuperação-de-Áreas-Degradadas-no-Brasil</a></p>
<p><strong>Palestra 5.  </strong>Dr. Denis Biffe <a href="http://eventos.ufrrj.br/simposio-abc/files/2016/09/Denis-Biffe-Herbicidas-no-sistema-plantio-direto.pdf">Herbicidas no sistema plantio-direto</a></p>

<p>&nbsp; Palestras &#8211; I Simpósio ABC &#8211; 2016 Palestra 1. Dr. José Febles Palestra 2. Dr. Célio Chagas DEGRADACIÓN DE TIERRAS EN <a class="read-more" href="https://eventos.ufrrj.br/simposio-abc/palestras/ ">&#8230; <i class="fa fa-long-arrow-right"></i></a></p>
