{"id":513,"date":"2020-06-13T15:10:39","date_gmt":"2020-06-13T18:10:39","guid":{"rendered":"http:\/\/eventos.ufrrj.br\/simposio-abc\/?page_id=513"},"modified":"2021-01-12T18:24:06","modified_gmt":"2021-01-12T21:24:06","slug":"iv-simposio-abc","status":"publish","type":"page","link":"https:\/\/eventos.ufrrj.br\/simposio-abc\/palestras\/iv-simposio-abc\/","title":{"rendered":"Palestras IV Simp\u00f3sio ABC"},"content":{"rendered":"<p>Palestra: Jos\u00e9 Febles &#8211;<\/p>\n<p>Palestra : Anelise Dias<\/p>\n<p>Palestra: Cl\u00e1udio Parente<\/p>\n<p>Palestra: C\u00e9lio Chagas &#8211;\u00a0<a href=\"http:\/\/eventos.ufrrj.br\/simposio-abc\/files\/2020\/06\/CONSERVACI\u00d3N-DE-SUELOS-VERSUS-DEGRADACI\u00d3N.pdf\">CONSERVACI\u00d3N DE SUELOS VERSUS DEGRADACI\u00d3N<\/a><\/p>\n<p>Palestra: Alejandro Costantini<\/p>\n<p>Palestra: Willian Perreira &#8211;<\/p>\n<p>Palestra: Fernando Guridi &#8211;\u00a0<a href=\"http:\/\/eventos.ufrrj.br\/simposio-abc\/files\/2020\/06\/Propriedades-biol\u00f3gicas-\u00e1cidos-h\u00famicos-e-metais-pesados-em-solo-Ferral\u00edtico-com-diferentes-usos-agr\u00edcolas..pdf\">Propriedades biol\u00f3gicas, \u00e1cidos h\u00famicos e metais pesados em solo Ferral\u00edtico com diferentes usos agr\u00edcolas.<\/a><\/p>\n<p>Palestra: Jerri Zilli &#8211;\u00a0<a href=\"http:\/\/eventos.ufrrj.br\/simposio-abc\/files\/2020\/06\/Recursos-Gen\u00e9ticos-conservar-explorar-e-repartir-benef\u00edcios-1.pdf\">Recursos Gen\u00e9ticos conservar, explorar e repartir benef\u00edcios<\/a><\/p>\n<p>Palestra: Segundo Urquiaga &#8211;<\/p>\n<p>&nbsp;<\/p>\n<p>&nbsp;<\/p>\n<p>&nbsp;<\/p>\n<p>&nbsp;<\/p>\n","protected":false},"excerpt":{"rendered":"<p>Palestra: Jos\u00e9 Febles &#8211; Palestra : Anelise Dias Palestra: Cl\u00e1udio Parente Palestra: C\u00e9lio Chagas &#8211;\u00a0CONSERVACI\u00d3N DE SUELOS VERSUS DEGRADACI\u00d3N Palestra: <a class=\"read-more\" href=\"https:\/\/eventos.ufrrj.br\/simposio-abc\/palestras\/iv-simposio-abc\/ \">&#8230; <i class=\"fa fa-long-arrow-right\"><\/i><\/a><\/p>\n","protected":false},"author":24,"featured_media":0,"parent":76,"menu_order":4,"comment_status":"closed","ping_status":"closed","template":"","meta":{"footnotes":""},"class_list":["post-513","page","type-page","status-publish","hentry"],"_links":{"self":[{"href":"https:\/\/eventos.ufrrj.br\/simposio-abc\/wp-json\/wp\/v2\/pages\/513","targetHints":{"allow":["GET"]}}],"collection":[{"href":"https:\/\/eventos.ufrrj.br\/simposio-abc\/wp-json\/wp\/v2\/pages"}],"about":[{"href":"https:\/\/eventos.ufrrj.br\/simposio-abc\/wp-json\/wp\/v2\/types\/page"}],"author":[{"embeddable":true,"href":"https:\/\/eventos.ufrrj.br\/simposio-abc\/wp-json\/wp\/v2\/users\/24"}],"replies":[{"embeddable":true,"href":"https:\/\/eventos.ufrrj.br\/simposio-abc\/wp-json\/wp\/v2\/comments?post=513"}],"version-history":[{"count":6,"href":"https:\/\/eventos.ufrrj.br\/simposio-abc\/wp-json\/wp\/v2\/pages\/513\/revisions"}],"predecessor-version":[{"id":634,"href":"https:\/\/eventos.ufrrj.br\/simposio-abc\/wp-json\/wp\/v2\/pages\/513\/revisions\/634"}],"up":[{"embeddable":true,"href":"https:\/\/eventos.ufrrj.br\/simposio-abc\/wp-json\/wp\/v2\/pages\/76"}],"wp:attachment":[{"href":"https:\/\/eventos.ufrrj.br\/simposio-abc\/wp-json\/wp\/v2\/media?parent=513"}],"curies":[{"name":"wp","href":"https:\/\/api.w.org\/{rel}","templated":true}]}}