{"id":332,"date":"2018-10-19T12:40:24","date_gmt":"2018-10-19T15:40:24","guid":{"rendered":"http:\/\/eventos.ufrrj.br\/simposio-abc\/?page_id=332"},"modified":"2021-01-13T12:07:48","modified_gmt":"2021-01-13T15:07:48","slug":"iii-simposio-abc-2","status":"publish","type":"page","link":"https:\/\/eventos.ufrrj.br\/simposio-abc\/iii-simposio-abc-2\/","title":{"rendered":"Palestras III Simp\u00f3sio ABC"},"content":{"rendered":"<p>DR. ALEJANDRO CONSTANTINI &#8211; <a href=\"https:\/\/drive.google.com\/file\/d\/1YdrU2y_kDjSFc0kno7foaAma2vuoeVUd\/view?usp=sharing\">MUDAN\u00c7AS NO USO DA TERRA NA ARGENTINA, SITUA\u00c7\u00c3O ATUAL E CEN\u00c1RIOS FUTUROS<\/a><\/p>\n<p>DR. ANDRES CALDER\u00cdN &#8211; <a href=\"https:\/\/drive.google.com\/file\/d\/1RUTjHkqKCtlN5IIugLv-jnInOuh6FDKL\/view?usp=sharing\">SUBST\u00c2NCIAS H\u00daMICAS<\/a><\/p>\n<p>DR. BRUNO ALVES &#8211; <a href=\"https:\/\/drive.google.com\/file\/d\/1du5t4289gfdP96jviFeUC3uACS7AxSRO\/view?usp=sharing\">SUSTENTABILIDADE NA PECU\u00c1RIA<\/a><\/p>\n<p>DR. FERNANDO GURIDI &#8211; <a href=\"https:\/\/drive.google.com\/file\/d\/1P7Q-FYkQwboZIRErLDiOz2eDy6QO-OgO\/view?usp=sharing\">EFEITOS DE UM EXTRATO H\u00daMICO DE VERMICOMPOSTO EM CULTIVAR DE INTERESSE ALIMENTAR<\/a><\/p>\n<p>DR. GUSTAVO XAVIER &#8211; <a href=\"https:\/\/drive.google.com\/file\/d\/1oGgFTA1xBxxD-1Kl7lM2D9UY-Hr4SxgH\/view?usp=sharing\">AGRICULTURA COM INTELIG\u00caNCIA<\/a><\/p>\n<p>DR. JOS\u00c9 FEBLES &#8211; <a href=\"https:\/\/drive.google.com\/file\/d\/1wdExUqKNy-a6WKuCIBltfh5GSgf-p1ty\/view?usp=sharing\">MITOS, REALIDADES, INCERTIDUMBRE Y RESILIENCIA SOBRE LOS SUELOS FERRAL\u00cdTICOS ROJOS EN LAS-REGIONES K\u00c1STICAS DE CUBA<\/a><\/p>\n<p>DR. PEDRO JOS\u00c9 &#8211; <a href=\"https:\/\/drive.google.com\/file\/d\/1oggLNCMDmdTkMqMNldTCiDL2YDJxOztw\/view?usp=sharing\">MANEJO DE LAS BIOFERTILIZACI\u00d3N CON HONGOS MICORR\u00cdZICOS ARBUSCULARES EN AGROECOSISTEMAS DE PASTOS EN CUBA, RESULTADOS Y PESPECTIVAS<\/a><\/p>\n<p>DRA. \u00c9RIKA PINHEIRO &#8211; <a href=\"https:\/\/drive.google.com\/file\/d\/148Gk99W4efczWfoRuUnses-Ej7G9IB46\/view?usp=sharing\">SEGURAN\u00c7A DO SOLO<\/a><\/p>\n<p>&nbsp;<\/p>\n","protected":false},"excerpt":{"rendered":"<p>DR. ALEJANDRO CONSTANTINI &#8211; MUDAN\u00c7AS NO USO DA TERRA NA ARGENTINA, SITUA\u00c7\u00c3O ATUAL E CEN\u00c1RIOS FUTUROS DR. ANDRES CALDER\u00cdN &#8211; <a class=\"read-more\" href=\"https:\/\/eventos.ufrrj.br\/simposio-abc\/iii-simposio-abc-2\/ \">&#8230; <i class=\"fa fa-long-arrow-right\"><\/i><\/a><\/p>\n","protected":false},"author":24,"featured_media":0,"parent":0,"menu_order":0,"comment_status":"closed","ping_status":"closed","template":"","meta":{"footnotes":""},"class_list":["post-332","page","type-page","status-publish","hentry"],"_links":{"self":[{"href":"https:\/\/eventos.ufrrj.br\/simposio-abc\/wp-json\/wp\/v2\/pages\/332","targetHints":{"allow":["GET"]}}],"collection":[{"href":"https:\/\/eventos.ufrrj.br\/simposio-abc\/wp-json\/wp\/v2\/pages"}],"about":[{"href":"https:\/\/eventos.ufrrj.br\/simposio-abc\/wp-json\/wp\/v2\/types\/page"}],"author":[{"embeddable":true,"href":"https:\/\/eventos.ufrrj.br\/simposio-abc\/wp-json\/wp\/v2\/users\/24"}],"replies":[{"embeddable":true,"href":"https:\/\/eventos.ufrrj.br\/simposio-abc\/wp-json\/wp\/v2\/comments?post=332"}],"version-history":[{"count":9,"href":"https:\/\/eventos.ufrrj.br\/simposio-abc\/wp-json\/wp\/v2\/pages\/332\/revisions"}],"predecessor-version":[{"id":699,"href":"https:\/\/eventos.ufrrj.br\/simposio-abc\/wp-json\/wp\/v2\/pages\/332\/revisions\/699"}],"wp:attachment":[{"href":"https:\/\/eventos.ufrrj.br\/simposio-abc\/wp-json\/wp\/v2\/media?parent=332"}],"curies":[{"name":"wp","href":"https:\/\/api.w.org\/{rel}","templated":true}]}}

Palestras III Simpósio ABC

<p>DR. ALEJANDRO CONSTANTINI &#8211; <a href="https://drive.google.com/file/d/1YdrU2y_kDjSFc0kno7foaAma2vuoeVUd/view?usp=sharing">MUDANÇAS NO USO DA TERRA NA ARGENTINA, SITUAÇÃO ATUAL E CENÁRIOS FUTUROS</a></p>
<p>DR. ANDRES CALDERÍN &#8211; <a href="https://drive.google.com/file/d/1RUTjHkqKCtlN5IIugLv-jnInOuh6FDKL/view?usp=sharing">SUBSTÂNCIAS HÚMICAS</a></p>
<p>DR. BRUNO ALVES &#8211; <a href="https://drive.google.com/file/d/1du5t4289gfdP96jviFeUC3uACS7AxSRO/view?usp=sharing">SUSTENTABILIDADE NA PECUÁRIA</a></p>
<p>DR. FERNANDO GURIDI &#8211; <a href="https://drive.google.com/file/d/1P7Q-FYkQwboZIRErLDiOz2eDy6QO-OgO/view?usp=sharing">EFEITOS DE UM EXTRATO HÚMICO DE VERMICOMPOSTO EM CULTIVAR DE INTERESSE ALIMENTAR</a></p>
<p>DR. GUSTAVO XAVIER &#8211; <a href="https://drive.google.com/file/d/1oGgFTA1xBxxD-1Kl7lM2D9UY-Hr4SxgH/view?usp=sharing">AGRICULTURA COM INTELIGÊNCIA</a></p>
<p>DR. JOSÉ FEBLES &#8211; <a href="https://drive.google.com/file/d/1wdExUqKNy-a6WKuCIBltfh5GSgf-p1ty/view?usp=sharing">MITOS, REALIDADES, INCERTIDUMBRE Y RESILIENCIA SOBRE LOS SUELOS FERRALÍTICOS ROJOS EN LAS-REGIONES KÁSTICAS DE CUBA</a></p>
<p>DR. PEDRO JOSÉ &#8211; <a href="https://drive.google.com/file/d/1oggLNCMDmdTkMqMNldTCiDL2YDJxOztw/view?usp=sharing">MANEJO DE LAS BIOFERTILIZACIÓN CON HONGOS MICORRÍZICOS ARBUSCULARES EN AGROECOSISTEMAS DE PASTOS EN CUBA, RESULTADOS Y PESPECTIVAS</a></p>
<p>DRA. ÉRIKA PINHEIRO &#8211; <a href="https://drive.google.com/file/d/148Gk99W4efczWfoRuUnses-Ej7G9IB46/view?usp=sharing">SEGURANÇA DO SOLO</a></p>
<p>&nbsp;</p>

<p>DR. ALEJANDRO CONSTANTINI &#8211; MUDANÇAS NO USO DA TERRA NA ARGENTINA, SITUAÇÃO ATUAL E CENÁRIOS FUTUROS DR. ANDRES CALDERÍN &#8211; <a class="read-more" href="https://eventos.ufrrj.br/simposio-abc/iii-simposio-abc-2/ ">&#8230; <i class="fa fa-long-arrow-right"></i></a></p>
