{"id":328,"date":"2018-10-19T12:40:21","date_gmt":"2018-10-19T15:40:21","guid":{"rendered":"http:\/\/eventos.ufrrj.br\/simposio-abc\/?page_id=328"},"modified":"2021-01-13T12:12:52","modified_gmt":"2021-01-13T15:12:52","slug":"i-simposio-abc","status":"publish","type":"page","link":"https:\/\/eventos.ufrrj.br\/simposio-abc\/i-simposio-abc\/","title":{"rendered":"Palestras I Simp\u00f3sio ABC"},"content":{"rendered":"<p>&nbsp;<\/p>\n<p>DR. ALEXANDER RESENDE &#8211; <a href=\"https:\/\/drive.google.com\/file\/d\/1rkOuP9ZLeP0bjRGbbPSJCIw_xBdrA1js\/view?usp=sharing\">EXPERI\u00caNCIAS SOBRE A RECUPERA\u00c7\u00c3O DE \u00c1REAS DEGRADADAS NO BRASIL<\/a><\/p>\n<p>DR. CELIO CHAGAS &#8211;<a href=\"https:\/\/drive.google.com\/file\/d\/1MIVoXBUvQhg_LgM6y9XR8-WbMa5mSOcw\/view?usp=sharing\">DEGRADACI\u00d3N DE TIERRAS EN LA REP\u00daBLICA ARGENTINA<\/a><\/p>\n<p>DR. DENIS BIFFE &#8211; <a href=\"https:\/\/drive.google.com\/file\/d\/1rkTHoYFu6ou_yg1Yov_k5WtA1f7YT1QI\/view?usp=sharing\">HERBICIDAS NO SISTEMA PLANTIO DIRETO<\/a><\/p>\n<p>DR. PEDRO FREITAS &#8211; <a href=\"https:\/\/drive.google.com\/file\/d\/1bKD54G9da_DjgpTs3olTDUBe35V8BG2H\/view?usp=sharing\">EXPERI\u00caNCIAS SOBRE MANEJO E CONSERVA\u00c7\u00c3O DO SOLO NO BRASIL<\/a><\/p>\n<p>&nbsp;<\/p>\n","protected":false},"excerpt":{"rendered":"<p>&nbsp; DR. ALEXANDER RESENDE &#8211; EXPERI\u00caNCIAS SOBRE A RECUPERA\u00c7\u00c3O DE \u00c1REAS DEGRADADAS NO BRASIL DR. CELIO CHAGAS &#8211;DEGRADACI\u00d3N DE TIERRAS <a class=\"read-more\" href=\"https:\/\/eventos.ufrrj.br\/simposio-abc\/i-simposio-abc\/ \">&#8230; <i class=\"fa fa-long-arrow-right\"><\/i><\/a><\/p>\n","protected":false},"author":24,"featured_media":0,"parent":0,"menu_order":0,"comment_status":"closed","ping_status":"closed","template":"","meta":{"footnotes":""},"class_list":["post-328","page","type-page","status-publish","hentry"],"_links":{"self":[{"href":"https:\/\/eventos.ufrrj.br\/simposio-abc\/wp-json\/wp\/v2\/pages\/328","targetHints":{"allow":["GET"]}}],"collection":[{"href":"https:\/\/eventos.ufrrj.br\/simposio-abc\/wp-json\/wp\/v2\/pages"}],"about":[{"href":"https:\/\/eventos.ufrrj.br\/simposio-abc\/wp-json\/wp\/v2\/types\/page"}],"author":[{"embeddable":true,"href":"https:\/\/eventos.ufrrj.br\/simposio-abc\/wp-json\/wp\/v2\/users\/24"}],"replies":[{"embeddable":true,"href":"https:\/\/eventos.ufrrj.br\/simposio-abc\/wp-json\/wp\/v2\/comments?post=328"}],"version-history":[{"count":8,"href":"https:\/\/eventos.ufrrj.br\/simposio-abc\/wp-json\/wp\/v2\/pages\/328\/revisions"}],"predecessor-version":[{"id":700,"href":"https:\/\/eventos.ufrrj.br\/simposio-abc\/wp-json\/wp\/v2\/pages\/328\/revisions\/700"}],"wp:attachment":[{"href":"https:\/\/eventos.ufrrj.br\/simposio-abc\/wp-json\/wp\/v2\/media?parent=328"}],"curies":[{"name":"wp","href":"https:\/\/api.w.org\/{rel}","templated":true}]}}

Palestras I Simpósio ABC

<p>&nbsp;</p>
<p>DR. ALEXANDER RESENDE &#8211; <a href="https://drive.google.com/file/d/1rkOuP9ZLeP0bjRGbbPSJCIw_xBdrA1js/view?usp=sharing">EXPERIÊNCIAS SOBRE A RECUPERAÇÃO DE ÁREAS DEGRADADAS NO BRASIL</a></p>
<p>DR. CELIO CHAGAS &#8211;<a href="https://drive.google.com/file/d/1MIVoXBUvQhg_LgM6y9XR8-WbMa5mSOcw/view?usp=sharing">DEGRADACIÓN DE TIERRAS EN LA REPÚBLICA ARGENTINA</a></p>
<p>DR. DENIS BIFFE &#8211; <a href="https://drive.google.com/file/d/1rkTHoYFu6ou_yg1Yov_k5WtA1f7YT1QI/view?usp=sharing">HERBICIDAS NO SISTEMA PLANTIO DIRETO</a></p>
<p>DR. PEDRO FREITAS &#8211; <a href="https://drive.google.com/file/d/1bKD54G9da_DjgpTs3olTDUBe35V8BG2H/view?usp=sharing">EXPERIÊNCIAS SOBRE MANEJO E CONSERVAÇÃO DO SOLO NO BRASIL</a></p>
<p>&nbsp;</p>

<p>&nbsp; DR. ALEXANDER RESENDE &#8211; EXPERIÊNCIAS SOBRE A RECUPERAÇÃO DE ÁREAS DEGRADADAS NO BRASIL DR. CELIO CHAGAS &#8211;DEGRADACIÓN DE TIERRAS <a class="read-more" href="https://eventos.ufrrj.br/simposio-abc/i-simposio-abc/ ">&#8230; <i class="fa fa-long-arrow-right"></i></a></p>
