{"id":1030,"date":"2023-06-14T11:37:45","date_gmt":"2023-06-14T14:37:45","guid":{"rendered":"https:\/\/eventos.ufrrj.br\/simposio-abc\/?page_id=1030"},"modified":"2023-06-14T11:55:32","modified_gmt":"2023-06-14T14:55:32","slug":"vi-simposio-2","status":"publish","type":"page","link":"https:\/\/eventos.ufrrj.br\/simposio-abc\/vi-simposio-2\/","title":{"rendered":"VI Simp\u00f3sio"},"content":{"rendered":"<p><span style=\"color: #0000ff\"><a style=\"color: #0000ff\" href=\"https:\/\/youtube.com\/live\/TFqAauOLKTM\">Palestra 1<\/a>&#8211; <\/span><strong>Impacto na sustentabilidade dos biomas brasileiros frente as mudan\u00e7as clim\u00e1ticas<br \/>\n<\/strong><span style=\"color: #0000ff\"><a style=\"color: #0000ff\" href=\"https:\/\/youtube.com\/live\/LA15MkPglgc\">Palestra 2<\/a>&#8211; <strong><span style=\"color: #000000\">Mudan\u00e7as clim\u00e1ticas: implica\u00e7\u00f5es para o solo e pastagens neotropicais<br \/>\n<\/span><\/strong><a style=\"color: #0000ff\" href=\"https:\/\/youtube.com\/live\/jDv0yJHePiw\">Palestra 3<\/a>&#8211;<\/span>\u00a0<strong><span style=\"color: #000000\">O setor agropecu\u00e1rio Argentino e as emiss\u00f5es de gases de efeito estufa: her\u00f3i ou vil\u00e3o?<\/span><\/strong><br \/>\n<span style=\"color: #0000ff\"><a style=\"color: #0000ff\" href=\"https:\/\/youtube.com\/live\/Hm99SDZf-NM\">Palestra 4<\/a>&#8211;<\/span> <strong>Poss\u00edveis estrat\u00e9gias para mitiga\u00e7\u00e3o de emiss\u00f5es de GEE associadas a fertilizantes<\/strong><br \/>\n<span style=\"color: #0000ff\"><a style=\"color: #0000ff\" href=\"https:\/\/youtube.com\/live\/m9uq7XYaVTY\">Palestra 5<\/a>&#8211;<\/span> <strong>Bonos de carbono a partir de secuestro de carbono en suelos. Situaci\u00f3n actual.<\/strong><\/p>\n<p><span style=\"color: #0000ff\"><a style=\"color: #0000ff\" href=\"https:\/\/youtube.com\/live\/ub0udQlbZkg\">Palestra<\/a>&#8211;<\/span>\u00a0<strong>Emisiones de \u00f3xido nitroso y Secuestro de C en campos bajos de la regi\u00f3n Pampeana<\/strong><\/p>\n<p><span style=\"color: #0000ff\"><a style=\"color: #0000ff\" href=\"https:\/\/youtube.com\/live\/Rbza2-f5oHQ\">Palestra 6<\/a>&#8211;<\/span> <strong>Sa\u00fade \u00fanica e sistemas de produ\u00e7\u00e3o agropecu\u00e1rio<\/strong><br \/>\n<span style=\"color: #0000ff\"><a style=\"color: #0000ff\" href=\"https:\/\/youtube.com\/live\/fop9iCUC9_4\">Palestra 7<\/a>&#8211;<\/span> <strong>Pastagens consorciadas com leguminosas<\/strong><br \/>\n<span style=\"color: #0000ff\"><a style=\"color: #0000ff\" href=\"https:\/\/youtube.com\/live\/sumxk-CW8kk\">Palestra 8-<\/a> <\/span><strong>En defensa de los suelos Ferral\u00edticos Rojos de Cuba<\/strong><\/p>\n<p><span style=\"color: #0000ff\"><a style=\"color: #0000ff\" href=\"https:\/\/youtube.com\/live\/HVC3Q35pEMA\">Palestra<\/a>&#8211;<\/span><strong> O Microbioma do Solo da Caatinga<\/strong><\/p>\n<p><strong>Divulga\u00e7\u00e3o do E-book e Premia\u00e7\u00f5es:<span style=\"color: #0000ff\">\u00a0<\/span><\/strong><span style=\"color: #0000ff\"><a style=\"color: #0000ff\" href=\"https:\/\/youtube.com\/live\/NRDXM3gEyW4\"> https:\/\/youtube.com\/live\/NRDXM3gEyW4<\/a><\/span><\/p>\n","protected":false},"excerpt":{"rendered":"<p>Palestra 1&#8211; Impacto na sustentabilidade dos biomas brasileiros frente as mudan\u00e7as clim\u00e1ticas Palestra 2&#8211; Mudan\u00e7as clim\u00e1ticas: implica\u00e7\u00f5es para o solo <a class=\"read-more\" href=\"https:\/\/eventos.ufrrj.br\/simposio-abc\/vi-simposio-2\/ \">&#8230; <i class=\"fa fa-long-arrow-right\"><\/i><\/a><\/p>\n","protected":false},"author":24,"featured_media":0,"parent":0,"menu_order":0,"comment_status":"closed","ping_status":"closed","template":"","meta":{"footnotes":""},"class_list":["post-1030","page","type-page","status-publish","hentry"],"_links":{"self":[{"href":"https:\/\/eventos.ufrrj.br\/simposio-abc\/wp-json\/wp\/v2\/pages\/1030","targetHints":{"allow":["GET"]}}],"collection":[{"href":"https:\/\/eventos.ufrrj.br\/simposio-abc\/wp-json\/wp\/v2\/pages"}],"about":[{"href":"https:\/\/eventos.ufrrj.br\/simposio-abc\/wp-json\/wp\/v2\/types\/page"}],"author":[{"embeddable":true,"href":"https:\/\/eventos.ufrrj.br\/simposio-abc\/wp-json\/wp\/v2\/users\/24"}],"replies":[{"embeddable":true,"href":"https:\/\/eventos.ufrrj.br\/simposio-abc\/wp-json\/wp\/v2\/comments?post=1030"}],"version-history":[{"count":4,"href":"https:\/\/eventos.ufrrj.br\/simposio-abc\/wp-json\/wp\/v2\/pages\/1030\/revisions"}],"predecessor-version":[{"id":1041,"href":"https:\/\/eventos.ufrrj.br\/simposio-abc\/wp-json\/wp\/v2\/pages\/1030\/revisions\/1041"}],"wp:attachment":[{"href":"https:\/\/eventos.ufrrj.br\/simposio-abc\/wp-json\/wp\/v2\/media?parent=1030"}],"curies":[{"name":"wp","href":"https:\/\/api.w.org\/{rel}","templated":true}]}}

VI Simpósio

<p><span style="color: #0000ff"><a style="color: #0000ff" href="https://youtube.com/live/TFqAauOLKTM">Palestra 1</a>&#8211; </span><strong>Impacto na sustentabilidade dos biomas brasileiros frente as mudanças climáticas<br />
</strong><span style="color: #0000ff"><a style="color: #0000ff" href="https://youtube.com/live/LA15MkPglgc">Palestra 2</a>&#8211; <strong><span style="color: #000000">Mudanças climáticas: implicações para o solo e pastagens neotropicais<br />
</span></strong><a style="color: #0000ff" href="https://youtube.com/live/jDv0yJHePiw">Palestra 3</a>&#8211;</span> <strong><span style="color: #000000">O setor agropecuário Argentino e as emissões de gases de efeito estufa: herói ou vilão?</span></strong><br />
<span style="color: #0000ff"><a style="color: #0000ff" href="https://youtube.com/live/Hm99SDZf-NM">Palestra 4</a>&#8211;</span> <strong>Possíveis estratégias para mitigação de emissões de GEE associadas a fertilizantes</strong><br />
<span style="color: #0000ff"><a style="color: #0000ff" href="https://youtube.com/live/m9uq7XYaVTY">Palestra 5</a>&#8211;</span> <strong>Bonos de carbono a partir de secuestro de carbono en suelos. Situación actual.</strong></p>
<p><span style="color: #0000ff"><a style="color: #0000ff" href="https://youtube.com/live/ub0udQlbZkg">Palestra</a>&#8211;</span> <strong>Emisiones de óxido nitroso y Secuestro de C en campos bajos de la región Pampeana</strong></p>
<p><span style="color: #0000ff"><a style="color: #0000ff" href="https://youtube.com/live/Rbza2-f5oHQ">Palestra 6</a>&#8211;</span> <strong>Saúde única e sistemas de produção agropecuário</strong><br />
<span style="color: #0000ff"><a style="color: #0000ff" href="https://youtube.com/live/fop9iCUC9_4">Palestra 7</a>&#8211;</span> <strong>Pastagens consorciadas com leguminosas</strong><br />
<span style="color: #0000ff"><a style="color: #0000ff" href="https://youtube.com/live/sumxk-CW8kk">Palestra 8-</a> </span><strong>En defensa de los suelos Ferralíticos Rojos de Cuba</strong></p>
<p><span style="color: #0000ff"><a style="color: #0000ff" href="https://youtube.com/live/HVC3Q35pEMA">Palestra</a>&#8211;</span><strong> O Microbioma do Solo da Caatinga</strong></p>
<p><strong>Divulgação do E-book e Premiações:<span style="color: #0000ff"> </span></strong><span style="color: #0000ff"><a style="color: #0000ff" href="https://youtube.com/live/NRDXM3gEyW4"> https://youtube.com/live/NRDXM3gEyW4</a></span></p>

<p>Palestra 1&#8211; Impacto na sustentabilidade dos biomas brasileiros frente as mudanças climáticas Palestra 2&#8211; Mudanças climáticas: implicações para o solo <a class="read-more" href="https://eventos.ufrrj.br/simposio-abc/vi-simposio-2/ ">&#8230; <i class="fa fa-long-arrow-right"></i></a></p>
