{"id":689,"date":"2025-10-27T08:58:02","date_gmt":"2025-10-27T11:58:02","guid":{"rendered":"https:\/\/eventos.ufrrj.br\/siacs\/?page_id=689"},"modified":"2025-10-31T08:19:15","modified_gmt":"2025-10-31T11:19:15","slug":"submissao-de-resumos-2","status":"publish","type":"page","link":"https:\/\/eventos.ufrrj.br\/siacs\/submissao-de-resumos-2\/","title":{"rendered":"Submiss\u00e3o de Resumos"},"content":{"rendered":"\n<p><strong>\ud83d\udcc2&nbsp;Importante para interessados em submeter resumo expandido<\/strong><\/p>\n\n\n\n<p>A submiss\u00e3o ser\u00e1 realizada EXCLUSIVAMENTE por e-mail: <mark class=\"has-inline-color has-luminous-vivid-orange-color\">siacs@ufrrj.br<\/mark><\/p>\n\n\n\n<p>No corpo do e-mail, informe: o t\u00edtulo do trabalho; o nome completo e e-mail de todos os autores; quem ser\u00e1 o apresentador do trabalho e a \u00e1rea tem\u00e1tica do seu trabalho,<\/p>\n\n\n\n<p><strong>Prazo para submiss\u00e3o<\/strong> &#8211; 13\/10\/2025 a 02\/11\/2025<\/p>\n\n\n\n<p><strong>\u00c1reas tem\u00e1ticas:<br><\/strong>Fertilidade do solo e aduba\u00e7\u00e3o<br>F\u00edsica do solo<br>G\u00eanese, morfologia e classifica\u00e7\u00e3o dos solos<br>Manejo e conserva\u00e7\u00e3o do solo<br>Microbiologia e bioqu\u00edmica do solo<\/p>\n\n\n\n<p>Os arquivos devem ser nomeados com o primeiro e o \u00faltimo nome do primeiro autor.&nbsp;<\/p>\n\n\n\n<p>Caso o primeiro autor submeta dois arquivos, identificar com \u201c1\u201d e \u201c2\u201d ao final do nome.&nbsp; &nbsp;Exemplo: joao_silva1.docx e joao_silva2.docx.&nbsp; &nbsp; &nbsp; &nbsp; &nbsp;<\/p>\n\n\n\n<p><strong>Ser\u00e3o aceitos at\u00e9 SEIS autores por trabalho.<\/strong><\/p>\n\n\n\n<p><strong>Cada autor poder\u00e1 submeter no m\u00e1ximo dois resumos expandidos como PRIMEIRO AUTOR.&nbsp;<\/strong><\/p>\n\n\n\n<p><a href=\"https:\/\/docs.google.com\/document\/d\/1fb8vuowjpfSd2C_IQteJjAIuxtd-6r97\/edit?usp=sharing&amp;ouid=114118274107790498343&amp;rtpof=true&amp;sd=true\"><strong>Modelo de Resumo- Word<\/strong><\/a><\/p>\n\n\n\n<p><strong>Retorno do parecer da Comiss\u00e3o Cient\u00edfica: at\u00e9 07\/11\/2025.<\/strong><\/p>\n\n\n\n<p><strong>Prazo para retorno dos autores com eventuais corre\u00e7\u00f5es: at\u00e9 12\/11\/2025.<\/strong><\/p>\n\n\n\n<p><strong>CERTIFICADOS<\/strong><\/p>\n\n\n\n<p>Os certificados de participa\u00e7\u00e3o no evento e submiss\u00e3o do resumo expandido ser\u00e3o enviados em at\u00e9 60 dias \u00fateis ap\u00f3s a finaliza\u00e7\u00e3o do evento.<\/p>\n\n\n\n<p>\ud83d\udccc Para gerar certificado de publica\u00e7\u00e3o, ser\u00e1 necess\u00e1rio, AP\u00d3S A APROVA\u00c7\u00c3O do resumo expandido, a apresenta\u00e7\u00e3o do trabalho atrav\u00e9s de um v\u00eddeo de at\u00e9 seis minutos.<\/p>\n","protected":false},"excerpt":{"rendered":"<p>\ud83d\udcc2&nbsp;Importante para interessados em submeter resumo expandido A submiss\u00e3o ser\u00e1 realizada EXCLUSIVAMENTE por e-mail: siacs@ufrrj.br No corpo do e-mail, informe: <a class=\"read-more\" href=\"https:\/\/eventos.ufrrj.br\/siacs\/submissao-de-resumos-2\/ \" >&#8230; <span class=\"font-italic\">leia mais <i class=\"fas fa-angle-right\"><\/i><\/span><\/a><\/p>\n","protected":false},"author":24,"featured_media":0,"parent":0,"menu_order":0,"comment_status":"closed","ping_status":"closed","template":"","meta":{"footnotes":""},"class_list":["post-689","page","type-page","status-publish","hentry"],"_links":{"self":[{"href":"https:\/\/eventos.ufrrj.br\/siacs\/wp-json\/wp\/v2\/pages\/689","targetHints":{"allow":["GET"]}}],"collection":[{"href":"https:\/\/eventos.ufrrj.br\/siacs\/wp-json\/wp\/v2\/pages"}],"about":[{"href":"https:\/\/eventos.ufrrj.br\/siacs\/wp-json\/wp\/v2\/types\/page"}],"author":[{"embeddable":true,"href":"https:\/\/eventos.ufrrj.br\/siacs\/wp-json\/wp\/v2\/users\/24"}],"replies":[{"embeddable":true,"href":"https:\/\/eventos.ufrrj.br\/siacs\/wp-json\/wp\/v2\/comments?post=689"}],"version-history":[{"count":10,"href":"https:\/\/eventos.ufrrj.br\/siacs\/wp-json\/wp\/v2\/pages\/689\/revisions"}],"predecessor-version":[{"id":716,"href":"https:\/\/eventos.ufrrj.br\/siacs\/wp-json\/wp\/v2\/pages\/689\/revisions\/716"}],"wp:attachment":[{"href":"https:\/\/eventos.ufrrj.br\/siacs\/wp-json\/wp\/v2\/media?parent=689"}],"curies":[{"name":"wp","href":"https:\/\/api.w.org\/{rel}","templated":true}]}}