{"id":221,"date":"2023-10-03T08:32:12","date_gmt":"2023-10-03T11:32:12","guid":{"rendered":"https:\/\/eventos.ufrrj.br\/siacs\/?page_id=221"},"modified":"2025-10-15T12:04:59","modified_gmt":"2025-10-15T15:04:59","slug":"comite-organizador","status":"publish","type":"page","link":"https:\/\/eventos.ufrrj.br\/siacs\/comite-organizador\/","title":{"rendered":"Comit\u00ea Organizador &#8211; II SIACS"},"content":{"rendered":"\n<div class=\"wp-block-columns is-layout-flex wp-container-core-columns-is-layout-9d6595d7 wp-block-columns-is-layout-flex\">\n<div class=\"wp-block-column is-layout-flow wp-block-column-is-layout-flow\">\n<figure class=\"wp-block-image size-full\"><img loading=\"lazy\" decoding=\"async\" width=\"208\" height=\"304\" src=\"https:\/\/eventos.ufrrj.br\/siacs\/files\/2023\/10\/zonta-removebg-preview.png\" alt=\"\" class=\"wp-image-251\" srcset=\"https:\/\/eventos.ufrrj.br\/siacs\/files\/2023\/10\/zonta-removebg-preview.png 208w, https:\/\/eventos.ufrrj.br\/siacs\/files\/2023\/10\/zonta-removebg-preview-205x300.png 205w\" sizes=\"auto, (max-width: 208px) 100vw, 208px\" \/><figcaption><strong>Everaldo Zonta<br><\/strong>Presidente do Comit\u00ea Organizador<\/figcaption><\/figure>\n\n\n\n<p><\/p>\n<\/div>\n\n\n\n<div class=\"wp-block-column is-layout-flow wp-block-column-is-layout-flow\">\n<figure class=\"wp-block-image size-full is-resized\"><img loading=\"lazy\" decoding=\"async\" src=\"https:\/\/eventos.ufrrj.br\/siacs\/files\/2023\/10\/gervasio-removebg-preview.png\" alt=\"\" class=\"wp-image-249\" width=\"229\" height=\"302\" \/><figcaption><strong>Marcos Gervasio<br><\/strong>Vice-Presidente do Comit\u00ea Organizador<\/figcaption><\/figure>\n\n\n\n<p><\/p>\n<\/div>\n\n\n\n<div class=\"wp-block-column is-layout-flow wp-block-column-is-layout-flow\">\n<figure class=\"wp-block-image size-full is-resized\"><img loading=\"lazy\" decoding=\"async\" src=\"https:\/\/eventos.ufrrj.br\/siacs\/files\/2023\/10\/alejandro-removebg-preview.png\" alt=\"\" class=\"wp-image-250\" width=\"250\" height=\"306\" \/><figcaption><strong>Alejandro Constantino <br><\/strong>Membro do Comit\u00ea Organizador<\/figcaption><\/figure>\n<\/div>\n<\/div>\n\n\n\n<div class=\"wp-block-columns is-layout-flex wp-container-core-columns-is-layout-9d6595d7 wp-block-columns-is-layout-flex\">\n<div class=\"wp-block-column is-layout-flow wp-block-column-is-layout-flow\">\n<figure class=\"wp-block-image size-full is-resized\"><img loading=\"lazy\" decoding=\"async\" src=\"https:\/\/eventos.ufrrj.br\/siacs\/files\/2023\/10\/josefebles-removebg-preview.png\" alt=\"\" class=\"wp-image-248\" width=\"249\" height=\"283\" \/><figcaption><strong>Jos\u00e9 Febles <br><\/strong>Membro do Comit\u00ea Organizador<\/figcaption><\/figure>\n\n\n\n<p><\/p>\n<\/div>\n\n\n\n<div class=\"wp-block-column is-layout-flow wp-block-column-is-layout-flow\">\n<figure class=\"wp-block-image size-full\"><img loading=\"lazy\" decoding=\"async\" width=\"227\" height=\"283\" src=\"https:\/\/eventos.ufrrj.br\/siacs\/files\/2023\/11\/nivaldo-removebg-preview.png\" alt=\"\" class=\"wp-image-279\" \/><figcaption><strong>Nivaldo Schutz <br><\/strong>Membro do Comit\u00ea Organizador<\/figcaption><\/figure>\n<\/div>\n\n\n\n<div class=\"wp-block-column is-layout-flow wp-block-column-is-layout-flow\">\n<figure class=\"wp-block-image size-full is-resized\"><img loading=\"lazy\" decoding=\"async\" src=\"https:\/\/eventos.ufrrj.br\/siacs\/files\/2023\/11\/victoria-removebg-preview.png\" alt=\"\" class=\"wp-image-280\" width=\"251\" height=\"286\" \/><figcaption><strong>Victoria Monteiro<\/strong> <br>Membro do Comit\u00ea Organizador<\/figcaption><\/figure>\n<\/div>\n<\/div>\n\n\n\n<div class=\"wp-block-columns is-layout-flex wp-container-core-columns-is-layout-9d6595d7 wp-block-columns-is-layout-flex\">\n<div class=\"wp-block-column is-layout-flow wp-block-column-is-layout-flow\">\n<figure class=\"wp-block-image size-full is-resized\"><img loading=\"lazy\" decoding=\"async\" src=\"https:\/\/eventos.ufrrj.br\/siacs\/files\/2023\/11\/vanessa-removebg-preview.png\" alt=\"\" class=\"wp-image-281\" width=\"296\" height=\"291\" srcset=\"https:\/\/eventos.ufrrj.br\/siacs\/files\/2023\/11\/vanessa-removebg-preview.png 244w, https:\/\/eventos.ufrrj.br\/siacs\/files\/2023\/11\/vanessa-removebg-preview-75x75.png 75w\" sizes=\"auto, (max-width: 296px) 100vw, 296px\" \/><figcaption><strong>Vanessa Gomes<\/strong> <br>Membro do Comit\u00ea Organizador<\/figcaption><\/figure>\n<\/div>\n\n\n\n<div class=\"wp-block-column is-layout-flow wp-block-column-is-layout-flow\">\n<figure class=\"wp-block-image size-full is-resized\"><img loading=\"lazy\" decoding=\"async\" src=\"https:\/\/eventos.ufrrj.br\/siacs\/files\/2023\/11\/luciaanjos-removebg-preview.png\" alt=\"\" class=\"wp-image-282\" width=\"247\" height=\"291\" \/><figcaption>       <strong>L\u00facia Anjos<\/strong> <br>       Membro do Comit\u00ea Organizador<\/figcaption><\/figure>\n<\/div>\n\n\n\n<div class=\"wp-block-column is-layout-flow wp-block-column-is-layout-flow\">\n<figure class=\"wp-block-image size-full is-resized\"><img loading=\"lazy\" decoding=\"async\" src=\"https:\/\/eventos.ufrrj.br\/siacs\/files\/2023\/11\/pri-removebg-preview.png\" alt=\"\" class=\"wp-image-283\" width=\"279\" height=\"293\" \/><figcaption>               <strong>Priscila Matos<\/strong> <br>                Membro do Comit\u00ea Organizador<\/figcaption><\/figure>\n<\/div>\n<\/div>\n\n\n\n<div class=\"wp-block-columns is-layout-flex wp-container-core-columns-is-layout-9d6595d7 wp-block-columns-is-layout-flex\">\n<div class=\"wp-block-column is-layout-flow wp-block-column-is-layout-flow\">\n<figure class=\"wp-block-image size-full is-resized\"><img loading=\"lazy\" decoding=\"async\" src=\"https:\/\/eventos.ufrrj.br\/siacs\/files\/2023\/11\/irene-removebg-preview.png\" alt=\"\" class=\"wp-image-284\" width=\"264\" height=\"282\" \/><figcaption><strong>Irene Coelho<\/strong> <br>Membro do Comit\u00ea Organizador<\/figcaption><\/figure>\n<\/div>\n\n\n\n<div class=\"wp-block-column is-layout-flow wp-block-column-is-layout-flow\">\n<figure class=\"wp-block-image size-full is-resized\"><img loading=\"lazy\" decoding=\"async\" src=\"https:\/\/eventos.ufrrj.br\/siacs\/files\/2023\/11\/maura-removebg-preview.png\" alt=\"\" class=\"wp-image-285\" width=\"193\" height=\"282\" srcset=\"https:\/\/eventos.ufrrj.br\/siacs\/files\/2023\/11\/maura-removebg-preview.png 214w, https:\/\/eventos.ufrrj.br\/siacs\/files\/2023\/11\/maura-removebg-preview-205x300.png 205w\" sizes=\"auto, (max-width: 193px) 100vw, 193px\" \/><figcaption><strong>Maura Silva <\/strong><br>Membro do Comit\u00ea Organizador<\/figcaption><\/figure>\n<\/div>\n\n\n\n<div class=\"wp-block-column is-layout-flow wp-block-column-is-layout-flow\">\n<figure class=\"wp-block-image size-full is-resized\"><img loading=\"lazy\" decoding=\"async\" src=\"https:\/\/eventos.ufrrj.br\/siacs\/files\/2023\/11\/juliano-removebg-preview.png\" alt=\"\" class=\"wp-image-286\" width=\"323\" height=\"285\" \/><figcaption>               <strong>Juliano Stafanato<\/strong> <br>                 Membro do Comit\u00ea Organizador<\/figcaption><\/figure>\n<\/div>\n<\/div>\n\n\n\n<div class=\"wp-block-columns is-layout-flex wp-container-core-columns-is-layout-9d6595d7 wp-block-columns-is-layout-flex\">\n<div class=\"wp-block-column is-layout-flow wp-block-column-is-layout-flow\">\n<figure class=\"wp-block-image size-full is-resized\"><img loading=\"lazy\" decoding=\"async\" src=\"https:\/\/eventos.ufrrj.br\/siacs\/files\/2023\/11\/andres-removebg-preview.png\" alt=\"\" class=\"wp-image-287\" width=\"248\" height=\"258\" srcset=\"https:\/\/eventos.ufrrj.br\/siacs\/files\/2023\/11\/andres-removebg-preview.png 296w, https:\/\/eventos.ufrrj.br\/siacs\/files\/2023\/11\/andres-removebg-preview-288x300.png 288w\" sizes=\"auto, (max-width: 248px) 100vw, 248px\" \/><figcaption><strong>Andr\u00e9s Garcia <\/strong><br>Membro do Comit\u00ea Organizador<\/figcaption><\/figure>\n<\/div>\n\n\n\n<div class=\"wp-block-column is-layout-flow wp-block-column-is-layout-flow\">\n<figure class=\"wp-block-image size-full is-resized\"><img loading=\"lazy\" decoding=\"async\" src=\"https:\/\/eventos.ufrrj.br\/siacs\/files\/2023\/11\/leandro-removebg-preview.png\" alt=\"\" class=\"wp-image-288\" width=\"219\" height=\"268\" \/><figcaption><strong>Leandro Azevedo<\/strong> <br>Membro do Comit\u00ea Organizador<\/figcaption><\/figure>\n<\/div>\n\n\n\n<div class=\"wp-block-column is-layout-flow wp-block-column-is-layout-flow\">\n<figure class=\"wp-block-image size-full is-resized\"><img loading=\"lazy\" decoding=\"async\" src=\"https:\/\/eventos.ufrrj.br\/siacs\/files\/2023\/11\/nelson-removebg-preview.png\" alt=\"\" class=\"wp-image-289\" width=\"213\" height=\"272\" srcset=\"https:\/\/eventos.ufrrj.br\/siacs\/files\/2023\/11\/nelson-removebg-preview.png 244w, https:\/\/eventos.ufrrj.br\/siacs\/files\/2023\/11\/nelson-removebg-preview-235x300.png 235w\" sizes=\"auto, (max-width: 213px) 100vw, 213px\" \/><figcaption><strong>Nelson Moura<\/strong> <br>Membro do Comit\u00ea Organizador<\/figcaption><\/figure>\n<\/div>\n<\/div>\n\n\n\n<figure class=\"wp-block-embed is-type-wp-embed is-provider-simposio-ibero-americano-de-ciencia-do-solo wp-block-embed-simposio-ibero-americano-de-ciencia-do-solo\"><div class=\"wp-block-embed__wrapper\">\n<blockquote class=\"wp-embedded-content\" data-secret=\"7F6flUp5pz\"><a href=\"https:\/\/eventos.ufrrj.br\/siacs\/equipe-de-comunicacao\/\">Equipe de Comunica\u00e7\u00e3o &#8211; II SIACS<\/a><\/blockquote><iframe loading=\"lazy\" class=\"wp-embedded-content\" sandbox=\"allow-scripts\" security=\"restricted\" style=\"position: absolute; visibility: hidden;\" title=\"&#8220;Equipe de Comunica\u00e7\u00e3o &#8211; II SIACS&#8221; &#8212; Simp\u00f3sio Ibero-Americano de Ci\u00eancia do Solo\" src=\"https:\/\/eventos.ufrrj.br\/siacs\/equipe-de-comunicacao\/embed\/#?secret=e9UffXRDS4#?secret=7F6flUp5pz\" data-secret=\"7F6flUp5pz\" width=\"500\" height=\"282\" frameborder=\"0\" marginwidth=\"0\" marginheight=\"0\" scrolling=\"no\"><\/iframe>\n<\/div><\/figure>\n\n\n\n<figure class=\"wp-block-embed is-type-wp-embed is-provider-simposio-ibero-americano-de-ciencia-do-solo wp-block-embed-simposio-ibero-americano-de-ciencia-do-solo\"><div class=\"wp-block-embed__wrapper\">\n<blockquote class=\"wp-embedded-content\" data-secret=\"8p7ZkbnQcK\"><a href=\"https:\/\/eventos.ufrrj.br\/siacs\/palestrante\/\">Palestrantes &#8211; II SIACS<\/a><\/blockquote><iframe loading=\"lazy\" class=\"wp-embedded-content\" sandbox=\"allow-scripts\" security=\"restricted\" style=\"position: absolute; visibility: hidden;\" title=\"&#8220;Palestrantes &#8211; II SIACS&#8221; &#8212; Simp\u00f3sio Ibero-Americano de Ci\u00eancia do Solo\" src=\"https:\/\/eventos.ufrrj.br\/siacs\/palestrante\/embed\/#?secret=BPrpWFh0HT#?secret=8p7ZkbnQcK\" data-secret=\"8p7ZkbnQcK\" width=\"500\" height=\"282\" frameborder=\"0\" marginwidth=\"0\" marginheight=\"0\" scrolling=\"no\"><\/iframe>\n<\/div><\/figure>\n","protected":false},"excerpt":{"rendered":"","protected":false},"author":24,"featured_media":0,"parent":0,"menu_order":0,"comment_status":"closed","ping_status":"closed","template":"","meta":{"footnotes":""},"class_list":["post-221","page","type-page","status-publish","hentry"],"_links":{"self":[{"href":"https:\/\/eventos.ufrrj.br\/siacs\/wp-json\/wp\/v2\/pages\/221","targetHints":{"allow":["GET"]}}],"collection":[{"href":"https:\/\/eventos.ufrrj.br\/siacs\/wp-json\/wp\/v2\/pages"}],"about":[{"href":"https:\/\/eventos.ufrrj.br\/siacs\/wp-json\/wp\/v2\/types\/page"}],"author":[{"embeddable":true,"href":"https:\/\/eventos.ufrrj.br\/siacs\/wp-json\/wp\/v2\/users\/24"}],"replies":[{"embeddable":true,"href":"https:\/\/eventos.ufrrj.br\/siacs\/wp-json\/wp\/v2\/comments?post=221"}],"version-history":[{"count":8,"href":"https:\/\/eventos.ufrrj.br\/siacs\/wp-json\/wp\/v2\/pages\/221\/revisions"}],"predecessor-version":[{"id":551,"href":"https:\/\/eventos.ufrrj.br\/siacs\/wp-json\/wp\/v2\/pages\/221\/revisions\/551"}],"wp:attachment":[{"href":"https:\/\/eventos.ufrrj.br\/siacs\/wp-json\/wp\/v2\/media?parent=221"}],"curies":[{"name":"wp","href":"https:\/\/api.w.org\/{rel}","templated":true}]}}