{"id":11,"date":"2023-09-19T13:45:31","date_gmt":"2023-09-19T16:45:31","guid":{"rendered":"http:\/\/eventos.ufrrj.br\/siacs\/?page_id=11"},"modified":"2025-10-09T12:05:35","modified_gmt":"2025-10-09T15:05:35","slug":"inscricoes","status":"publish","type":"page","link":"https:\/\/eventos.ufrrj.br\/siacs\/inscricoes\/","title":{"rendered":"Inscri\u00e7\u00f5es"},"content":{"rendered":"<p>As inscri\u00e7\u00f5es devem ser realizadas atrav\u00e9s da plataforma <span style=\"color: #ff9900\"><a style=\"color: #ff9900\" href=\"https:\/\/www.even3.com.br\/iii-simposio-ibero-americano-de-ciencia-do-solo-a-importancia-da-eficiencia-no-uso-de-nutrientes-para-a-circularidade-nos-sistemas-agroalimentares-637608\/\">Even3<\/a><\/span>.<\/p>\n","protected":false},"excerpt":{"rendered":"<p>As inscri\u00e7\u00f5es devem ser realizadas atrav\u00e9s da plataforma Even3.<\/p>\n","protected":false},"author":25,"featured_media":0,"parent":0,"menu_order":0,"comment_status":"closed","ping_status":"closed","template":"","meta":{"footnotes":""},"class_list":["post-11","page","type-page","status-publish","hentry"],"_links":{"self":[{"href":"https:\/\/eventos.ufrrj.br\/siacs\/wp-json\/wp\/v2\/pages\/11","targetHints":{"allow":["GET"]}}],"collection":[{"href":"https:\/\/eventos.ufrrj.br\/siacs\/wp-json\/wp\/v2\/pages"}],"about":[{"href":"https:\/\/eventos.ufrrj.br\/siacs\/wp-json\/wp\/v2\/types\/page"}],"author":[{"embeddable":true,"href":"https:\/\/eventos.ufrrj.br\/siacs\/wp-json\/wp\/v2\/users\/25"}],"replies":[{"embeddable":true,"href":"https:\/\/eventos.ufrrj.br\/siacs\/wp-json\/wp\/v2\/comments?post=11"}],"version-history":[{"count":7,"href":"https:\/\/eventos.ufrrj.br\/siacs\/wp-json\/wp\/v2\/pages\/11\/revisions"}],"predecessor-version":[{"id":687,"href":"https:\/\/eventos.ufrrj.br\/siacs\/wp-json\/wp\/v2\/pages\/11\/revisions\/687"}],"wp:attachment":[{"href":"https:\/\/eventos.ufrrj.br\/siacs\/wp-json\/wp\/v2\/media?parent=11"}],"curies":[{"name":"wp","href":"https:\/\/api.w.org\/{rel}","templated":true}]}}