{"id":6,"date":"2016-09-13T13:03:54","date_gmt":"2016-09-13T16:03:54","guid":{"rendered":"http:\/\/eventos.ufrrj.br\/sfpmeb\/?page_id=6"},"modified":"2018-10-11T13:50:23","modified_gmt":"2018-10-11T16:50:23","slug":"apresentacao","status":"publish","type":"page","link":"https:\/\/eventos.ufrrj.br\/sfpmeb\/apresentacao\/","title":{"rendered":"Apresenta\u00e7\u00e3o"},"content":{"rendered":"<p>Em 2015, o Conselho Nacional de Educa\u00e7\u00e3o, elaborou a Resolu\u00e7\u00e3o 02\/2015que define as Diretrizes Curriculares Nacionais para a forma\u00e7\u00e3o inicial e continuada de profissionais do magist\u00e9rio para a Educa\u00e7\u00e3o B\u00e1sica, indica princ\u00edpios, fundamentos e finalidades para a \u00e1rea. A fim de analis\u00e1-la e debat\u00ea-la a UFRRJ, que possui um hist\u00f3rico compromisso com a qualidade da forma\u00e7\u00e3o de profissionais para o magist\u00e9rio da Educa\u00e7\u00e3o B\u00e1sica, organizou o I Semin\u00e1rio Forma\u00e7\u00e3o de Profissionais do Magist\u00e9rio para a Educa\u00e7\u00e3o B\u00e1sica, em outubro de 2016, buscando dialogar com toda a comunidade acad\u00eamica, composta por professores e alunos de diferentes universidades que estiveram presentes nos tr\u00eas dias de reflex\u00f5es e debates, bem como um grande n\u00famero de profissionais da Educa\u00e7\u00e3o B\u00e1sica que atuam em diferentes redes de ensino, de diversos munic\u00edpios no entorno de Serop\u00e9dica. Passados dois anos deste primeiro evento a conjuntura do pa\u00eds agravou-se do ponto de vista pol\u00edtico, econ\u00f4mico e social com repercuss\u00f5es grandes sobre a \u00e1rea da educa\u00e7\u00e3o. O pa\u00eds passou pelo <em>impeachment<\/em> de uma presidente eleita democraticamente, por um ajuste fiscal \u2013 realizado pelo governo que assumiu o poder &#8211; que penaliza todas as pol\u00edticas sociais, enfrenta diversas altera\u00e7\u00f5es nas regula\u00e7\u00f5es do trabalho e sofre com as reformas educacionais que foram realizadas de forma autocr\u00e1tica pelo governo federal que excluiu a comunidade acad\u00eamica e cient\u00edfica dos debates e de sua formula\u00e7\u00e3o, como a Base Nacional Comum Curricular do Ensino Fundamental e M\u00e9dio e a Reforma do Ensino M\u00e9dio. Neste contexto, a Universidade Federal Rural do Rio de Janeiro (UFRRJ) em parceria com a Universidade do Estado do Rio de Janeiro (UERJ) organizam o II Semin\u00e1rio Forma\u00e7\u00e3o de Profissionais do Magist\u00e9rio para a Educa\u00e7\u00e3o B\u00e1sica, buscando debater e refletir sobre os impactos das atuais pol\u00edticas sobre a forma\u00e7\u00e3o de professores nos cursos de Licenciaturas e para as escolas de Educa\u00e7\u00e3o B\u00e1sica, consolidando espa\u00e7os de di\u00e1logos permanentes entre a forma\u00e7\u00e3o e as demandas dos sistemas p\u00fablicos de ensino.<\/p>\n<p style=\"text-align: justify\"><strong>Inscri\u00e7\u00f5es a partir do dia 25 de setembro de 2018.<\/strong><br \/>\n<strong>Submiss\u00e3o de trabalhos: Prorrogadas at\u00e9 14 de outubro de 2018.<\/strong><\/p>\n","protected":false},"excerpt":{"rendered":"<p>Em 2015, o Conselho Nacional de Educa\u00e7\u00e3o, elaborou a Resolu\u00e7\u00e3o 02\/2015que define as Diretrizes Curriculares Nacionais para a forma\u00e7\u00e3o inicial e continuada [&hellip;]<\/p>\n","protected":false},"author":25,"featured_media":0,"parent":0,"menu_order":0,"comment_status":"closed","ping_status":"closed","template":"","meta":{"_acf_changed":false,"footnotes":""},"tags":[],"class_list":["post-6","page","type-page","status-publish","hentry"],"acf":[],"yoast_head":"<!-- This site is optimized with the Yoast SEO plugin v27.5 - https:\/\/yoast.com\/product\/yoast-seo-wordpress\/ -->\n<title>Apresenta\u00e7\u00e3o - II SEMIN\u00c1RIO FORMA\u00c7\u00c3O DE PROFISSIONAIS DO MAGIST\u00c9RIO PARA A EDUCA\u00c7\u00c3O B\u00c1SICA<\/title>\n<meta name=\"robots\" content=\"index, follow, max-snippet:-1, max-image-preview:large, max-video-preview:-1\" \/>\n<link rel=\"canonical\" href=\"https:\/\/eventos.ufrrj.br\/sfpmeb\/apresentacao\/\" \/>\n<meta property=\"og:locale\" content=\"pt_BR\" \/>\n<meta property=\"og:type\" content=\"article\" \/>\n<meta property=\"og:title\" content=\"Apresenta\u00e7\u00e3o - II SEMIN\u00c1RIO FORMA\u00c7\u00c3O DE PROFISSIONAIS DO MAGIST\u00c9RIO PARA A EDUCA\u00c7\u00c3O B\u00c1SICA\" \/>\n<meta property=\"og:description\" content=\"Em 2015, o Conselho Nacional de Educa\u00e7\u00e3o, elaborou a Resolu\u00e7\u00e3o 02\/2015que define as Diretrizes Curriculares Nacionais para a forma\u00e7\u00e3o inicial e continuada [&hellip;]\" \/>\n<meta property=\"og:url\" content=\"https:\/\/eventos.ufrrj.br\/sfpmeb\/apresentacao\/\" \/>\n<meta property=\"og:site_name\" content=\"II SEMIN\u00c1RIO FORMA\u00c7\u00c3O DE PROFISSIONAIS DO MAGIST\u00c9RIO PARA A EDUCA\u00c7\u00c3O B\u00c1SICA\" \/>\n<meta property=\"article:modified_time\" content=\"2018-10-11T16:50:23+00:00\" \/>\n<meta name=\"twitter:card\" content=\"summary_large_image\" \/>\n<meta name=\"twitter:label1\" content=\"Est. tempo de leitura\" \/>\n\t<meta name=\"twitter:data1\" content=\"2 minutos\" \/>\n<script type=\"application\/ld+json\" class=\"yoast-schema-graph\">{\"@context\":\"https:\\\/\\\/schema.org\",\"@graph\":[{\"@type\":\"WebPage\",\"@id\":\"https:\\\/\\\/eventos.ufrrj.br\\\/sfpmeb\\\/apresentacao\\\/\",\"url\":\"https:\\\/\\\/eventos.ufrrj.br\\\/sfpmeb\\\/apresentacao\\\/\",\"name\":\"Apresenta\u00e7\u00e3o - II SEMIN\u00c1RIO FORMA\u00c7\u00c3O DE PROFISSIONAIS DO MAGIST\u00c9RIO PARA A EDUCA\u00c7\u00c3O B\u00c1SICA\",\"isPartOf\":{\"@id\":\"https:\\\/\\\/eventos.ufrrj.br\\\/sfpmeb\\\/#website\"},\"datePublished\":\"2016-09-13T16:03:54+00:00\",\"dateModified\":\"2018-10-11T16:50:23+00:00\",\"breadcrumb\":{\"@id\":\"https:\\\/\\\/eventos.ufrrj.br\\\/sfpmeb\\\/apresentacao\\\/#breadcrumb\"},\"inLanguage\":\"pt-BR\",\"potentialAction\":[{\"@type\":\"ReadAction\",\"target\":[\"https:\\\/\\\/eventos.ufrrj.br\\\/sfpmeb\\\/apresentacao\\\/\"]}]},{\"@type\":\"BreadcrumbList\",\"@id\":\"https:\\\/\\\/eventos.ufrrj.br\\\/sfpmeb\\\/apresentacao\\\/#breadcrumb\",\"itemListElement\":[{\"@type\":\"ListItem\",\"position\":1,\"name\":\"In\u00edcio\",\"item\":\"https:\\\/\\\/eventos.ufrrj.br\\\/sfpmeb\\\/\"},{\"@type\":\"ListItem\",\"position\":2,\"name\":\"Apresenta\u00e7\u00e3o\"}]},{\"@type\":\"WebSite\",\"@id\":\"https:\\\/\\\/eventos.ufrrj.br\\\/sfpmeb\\\/#website\",\"url\":\"https:\\\/\\\/eventos.ufrrj.br\\\/sfpmeb\\\/\",\"name\":\"II SEMIN\u00c1RIO FORMA\u00c7\u00c3O DE PROFISSIONAIS DO MAGIST\u00c9RIO PARA A EDUCA\u00c7\u00c3O B\u00c1SICA\",\"description\":\"S\u00f3 mais um site Eventos da UFRRJ \",\"potentialAction\":[{\"@type\":\"SearchAction\",\"target\":{\"@type\":\"EntryPoint\",\"urlTemplate\":\"https:\\\/\\\/eventos.ufrrj.br\\\/sfpmeb\\\/?s={search_term_string}\"},\"query-input\":{\"@type\":\"PropertyValueSpecification\",\"valueRequired\":true,\"valueName\":\"search_term_string\"}}],\"inLanguage\":\"pt-BR\"}]}<\/script>\n<!-- \/ Yoast SEO plugin. -->","yoast_head_json":{"title":"Apresenta\u00e7\u00e3o - II SEMIN\u00c1RIO FORMA\u00c7\u00c3O DE PROFISSIONAIS DO MAGIST\u00c9RIO PARA A EDUCA\u00c7\u00c3O B\u00c1SICA","robots":{"index":"index","follow":"follow","max-snippet":"max-snippet:-1","max-image-preview":"max-image-preview:large","max-video-preview":"max-video-preview:-1"},"canonical":"https:\/\/eventos.ufrrj.br\/sfpmeb\/apresentacao\/","og_locale":"pt_BR","og_type":"article","og_title":"Apresenta\u00e7\u00e3o - II SEMIN\u00c1RIO FORMA\u00c7\u00c3O DE PROFISSIONAIS DO MAGIST\u00c9RIO PARA A EDUCA\u00c7\u00c3O B\u00c1SICA","og_description":"Em 2015, o Conselho Nacional de Educa\u00e7\u00e3o, elaborou a Resolu\u00e7\u00e3o 02\/2015que define as Diretrizes Curriculares Nacionais para a forma\u00e7\u00e3o inicial e continuada [&hellip;]","og_url":"https:\/\/eventos.ufrrj.br\/sfpmeb\/apresentacao\/","og_site_name":"II SEMIN\u00c1RIO FORMA\u00c7\u00c3O DE PROFISSIONAIS DO MAGIST\u00c9RIO PARA A EDUCA\u00c7\u00c3O B\u00c1SICA","article_modified_time":"2018-10-11T16:50:23+00:00","twitter_card":"summary_large_image","twitter_misc":{"Est. tempo de leitura":"2 minutos"},"schema":{"@context":"https:\/\/schema.org","@graph":[{"@type":"WebPage","@id":"https:\/\/eventos.ufrrj.br\/sfpmeb\/apresentacao\/","url":"https:\/\/eventos.ufrrj.br\/sfpmeb\/apresentacao\/","name":"Apresenta\u00e7\u00e3o - II SEMIN\u00c1RIO FORMA\u00c7\u00c3O DE PROFISSIONAIS DO MAGIST\u00c9RIO PARA A EDUCA\u00c7\u00c3O B\u00c1SICA","isPartOf":{"@id":"https:\/\/eventos.ufrrj.br\/sfpmeb\/#website"},"datePublished":"2016-09-13T16:03:54+00:00","dateModified":"2018-10-11T16:50:23+00:00","breadcrumb":{"@id":"https:\/\/eventos.ufrrj.br\/sfpmeb\/apresentacao\/#breadcrumb"},"inLanguage":"pt-BR","potentialAction":[{"@type":"ReadAction","target":["https:\/\/eventos.ufrrj.br\/sfpmeb\/apresentacao\/"]}]},{"@type":"BreadcrumbList","@id":"https:\/\/eventos.ufrrj.br\/sfpmeb\/apresentacao\/#breadcrumb","itemListElement":[{"@type":"ListItem","position":1,"name":"In\u00edcio","item":"https:\/\/eventos.ufrrj.br\/sfpmeb\/"},{"@type":"ListItem","position":2,"name":"Apresenta\u00e7\u00e3o"}]},{"@type":"WebSite","@id":"https:\/\/eventos.ufrrj.br\/sfpmeb\/#website","url":"https:\/\/eventos.ufrrj.br\/sfpmeb\/","name":"II SEMIN\u00c1RIO FORMA\u00c7\u00c3O DE PROFISSIONAIS DO MAGIST\u00c9RIO PARA A EDUCA\u00c7\u00c3O B\u00c1SICA","description":"S\u00f3 mais um site Eventos da UFRRJ ","potentialAction":[{"@type":"SearchAction","target":{"@type":"EntryPoint","urlTemplate":"https:\/\/eventos.ufrrj.br\/sfpmeb\/?s={search_term_string}"},"query-input":{"@type":"PropertyValueSpecification","valueRequired":true,"valueName":"search_term_string"}}],"inLanguage":"pt-BR"}]}},"_links":{"self":[{"href":"https:\/\/eventos.ufrrj.br\/sfpmeb\/wp-json\/wp\/v2\/pages\/6","targetHints":{"allow":["GET"]}}],"collection":[{"href":"https:\/\/eventos.ufrrj.br\/sfpmeb\/wp-json\/wp\/v2\/pages"}],"about":[{"href":"https:\/\/eventos.ufrrj.br\/sfpmeb\/wp-json\/wp\/v2\/types\/page"}],"author":[{"embeddable":true,"href":"https:\/\/eventos.ufrrj.br\/sfpmeb\/wp-json\/wp\/v2\/users\/25"}],"replies":[{"embeddable":true,"href":"https:\/\/eventos.ufrrj.br\/sfpmeb\/wp-json\/wp\/v2\/comments?post=6"}],"version-history":[{"count":10,"href":"https:\/\/eventos.ufrrj.br\/sfpmeb\/wp-json\/wp\/v2\/pages\/6\/revisions"}],"predecessor-version":[{"id":194,"href":"https:\/\/eventos.ufrrj.br\/sfpmeb\/wp-json\/wp\/v2\/pages\/6\/revisions\/194"}],"wp:attachment":[{"href":"https:\/\/eventos.ufrrj.br\/sfpmeb\/wp-json\/wp\/v2\/media?parent=6"}],"wp:term":[{"taxonomy":"post_tag","embeddable":true,"href":"https:\/\/eventos.ufrrj.br\/sfpmeb\/wp-json\/wp\/v2\/tags?post=6"}],"curies":[{"name":"wp","href":"https:\/\/api.w.org\/{rel}","templated":true}]}}

Apresentação

<p>Em 2015, o Conselho Nacional de Educação, elaborou a Resolução 02/2015que define as Diretrizes Curriculares Nacionais para a formação inicial e continuada de profissionais do magistério para a Educação Básica, indica princípios, fundamentos e finalidades para a área. A fim de analisá-la e debatê-la a UFRRJ, que possui um histórico compromisso com a qualidade da formação de profissionais para o magistério da Educação Básica, organizou o I Seminário Formação de Profissionais do Magistério para a Educação Básica, em outubro de 2016, buscando dialogar com toda a comunidade acadêmica, composta por professores e alunos de diferentes universidades que estiveram presentes nos três dias de reflexões e debates, bem como um grande número de profissionais da Educação Básica que atuam em diferentes redes de ensino, de diversos municípios no entorno de Seropédica. Passados dois anos deste primeiro evento a conjuntura do país agravou-se do ponto de vista político, econômico e social com repercussões grandes sobre a área da educação. O país passou pelo <em>impeachment</em> de uma presidente eleita democraticamente, por um ajuste fiscal – realizado pelo governo que assumiu o poder &#8211; que penaliza todas as políticas sociais, enfrenta diversas alterações nas regulações do trabalho e sofre com as reformas educacionais que foram realizadas de forma autocrática pelo governo federal que excluiu a comunidade acadêmica e científica dos debates e de sua formulação, como a Base Nacional Comum Curricular do Ensino Fundamental e Médio e a Reforma do Ensino Médio. Neste contexto, a Universidade Federal Rural do Rio de Janeiro (UFRRJ) em parceria com a Universidade do Estado do Rio de Janeiro (UERJ) organizam o II Seminário Formação de Profissionais do Magistério para a Educação Básica, buscando debater e refletir sobre os impactos das atuais políticas sobre a formação de professores nos cursos de Licenciaturas e para as escolas de Educação Básica, consolidando espaços de diálogos permanentes entre a formação e as demandas dos sistemas públicos de ensino.</p>
<p style="text-align: justify"><strong>Inscrições a partir do dia 25 de setembro de 2018.</strong><br />
<strong>Submissão de trabalhos: Prorrogadas até 14 de outubro de 2018.</strong></p>

<p>Em 2015, o Conselho Nacional de Educação, elaborou a Resolução 02/2015que define as Diretrizes Curriculares Nacionais para a formação inicial e continuada [&hellip;]</p>

<!-- This site is optimized with the Yoast SEO plugin v27.5 - https://yoast.com/product/yoast-seo-wordpress/ -->
<title>Apresentação - II SEMINÁRIO FORMAÇÃO DE PROFISSIONAIS DO MAGISTÉRIO PARA A EDUCAÇÃO BÁSICA</title>
<meta name="robots" content="index, follow, max-snippet:-1, max-image-preview:large, max-video-preview:-1" />
<link rel="canonical" href="https://eventos.ufrrj.br/sfpmeb/apresentacao/" />
<meta property="og:locale" content="pt_BR" />
<meta property="og:type" content="article" />
<meta property="og:title" content="Apresentação - II SEMINÁRIO FORMAÇÃO DE PROFISSIONAIS DO MAGISTÉRIO PARA A EDUCAÇÃO BÁSICA" />
<meta property="og:description" content="Em 2015, o Conselho Nacional de Educação, elaborou a Resolução 02/2015que define as Diretrizes Curriculares Nacionais para a formação inicial e continuada [&hellip;]" />
<meta property="og:url" content="https://eventos.ufrrj.br/sfpmeb/apresentacao/" />
<meta property="og:site_name" content="II SEMINÁRIO FORMAÇÃO DE PROFISSIONAIS DO MAGISTÉRIO PARA A EDUCAÇÃO BÁSICA" />
<meta property="article:modified_time" content="2018-10-11T16:50:23+00:00" />
<meta name="twitter:card" content="summary_large_image" />
<meta name="twitter:label1" content="Est. tempo de leitura" />
	<meta name="twitter:data1" content="2 minutos" />
<script type="application/ld+json" class="yoast-schema-graph">{"@context":"https:\/\/schema.org","@graph":[{"@type":"WebPage","@id":"https:\/\/eventos.ufrrj.br\/sfpmeb\/apresentacao\/","url":"https:\/\/eventos.ufrrj.br\/sfpmeb\/apresentacao\/","name":"Apresentação - II SEMINÁRIO FORMAÇÃO DE PROFISSIONAIS DO MAGISTÉRIO PARA A EDUCAÇÃO BÁSICA","isPartOf":{"@id":"https:\/\/eventos.ufrrj.br\/sfpmeb\/#website"},"datePublished":"2016-09-13T16:03:54+00:00","dateModified":"2018-10-11T16:50:23+00:00","breadcrumb":{"@id":"https:\/\/eventos.ufrrj.br\/sfpmeb\/apresentacao\/#breadcrumb"},"inLanguage":"pt-BR","potentialAction":[{"@type":"ReadAction","target":["https:\/\/eventos.ufrrj.br\/sfpmeb\/apresentacao\/"]}]},{"@type":"BreadcrumbList","@id":"https:\/\/eventos.ufrrj.br\/sfpmeb\/apresentacao\/#breadcrumb","itemListElement":[{"@type":"ListItem","position":1,"name":"Início","item":"https:\/\/eventos.ufrrj.br\/sfpmeb\/"},{"@type":"ListItem","position":2,"name":"Apresentação"}]},{"@type":"WebSite","@id":"https:\/\/eventos.ufrrj.br\/sfpmeb\/#website","url":"https:\/\/eventos.ufrrj.br\/sfpmeb\/","name":"II SEMINÁRIO FORMAÇÃO DE PROFISSIONAIS DO MAGISTÉRIO PARA A EDUCAÇÃO BÁSICA","description":"Só mais um site Eventos da UFRRJ ","potentialAction":[{"@type":"SearchAction","target":{"@type":"EntryPoint","urlTemplate":"https:\/\/eventos.ufrrj.br\/sfpmeb\/?s={search_term_string}"},"query-input":{"@type":"PropertyValueSpecification","valueRequired":true,"valueName":"search_term_string"}}],"inLanguage":"pt-BR"}]}</script>
<!-- / Yoast SEO plugin. -->

Apresentação - II SEMINÁRIO FORMAÇÃO DE PROFISSIONAIS DO MAGISTÉRIO PARA A EDUCAÇÃO BÁSICA

Em 2015, o Conselho Nacional de Educação, elaborou a Resolução 02/2015que define as Diretrizes Curriculares Nacionais para a formação inicial e continuada [&hellip;]

II SEMINÁRIO FORMAÇÃO DE PROFISSIONAIS DO MAGISTÉRIO PARA A EDUCAÇÃO BÁSICA

Início

Só mais um site Eventos da UFRRJ
