{"id":203,"date":"2018-10-20T09:00:48","date_gmt":"2018-10-20T12:00:48","guid":{"rendered":"http:\/\/eventos.ufrrj.br\/sfpmeb\/?page_id=203"},"modified":"2018-10-24T12:14:08","modified_gmt":"2018-10-24T15:14:08","slug":"trabalhos-aprovados","status":"publish","type":"page","link":"https:\/\/eventos.ufrrj.br\/sfpmeb\/trabalhos-aprovados\/","title":{"rendered":"Trabalhos aprovados"},"content":{"rendered":"<p>ENSAIO TE\u00d3RICO A RESPEITO DA CONJUNTURA NEOLIBERAL E O ENSINO DE GEOGRAFIA NO BRASIL<br \/>\n<em>(Lara de Ara\u00fajo Luzente)<\/em><\/p>\n<p>REFLEX\u00d5ES INICIAIS DA EDUCA\u00c7\u00c3O F\u00cdSICA NA BNCC PROPOSTA PARA O ENSINO M\u00c9DIO<br \/>\n<em>(Bruno Lima Medeiros, Carlos Felipe Cunha Paula, Gustavo Cleiton Sousa da Silva, Igor Araujo da Silva, St\u00e9phanie Santana dos Santos Coelho, N\u00e1dia Maria Pereira de Souza)<\/em><\/p>\n<p>A CORPOLATRIA EM FOCO: CONSIDERA\u00c7\u00d5ES SOCIAIS NO CONTEXTO EDUCACIONAL<br \/>\n<em>(Laryssa Rangel Guerra, Yuri Santos de Menez, Felipe Lameu dos Santos, Val\u00e9ria Nascimento Lebeis Pires)<\/em><\/p>\n<p>G\u00caNERO NA EDUCA\u00c7\u00c3O INFANTIL<br \/>\n<em>(Juliana Meireles M. da Camara, Maria Emilia Santiago Barreto)<\/em><\/p>\n<p>A AVALIA\u00c7\u00c3O NO PROCESSO ENSINO-APRENDIZAGEM DE DISCENTES DO PROGRAMA RESID\u00caNCIA PEDAG\u00d3GICA<br \/>\n<em>(Joyce da Silva Heinze, Renata Barbosa da Cruz, Marcelle Cabral Volpasso, Ana Carolina de Melo Magalh\u00e3es Amaral, Ricardo Ruffoni)<\/em><\/p>\n<p>A FORMA\u00c7\u00c3O DE PROFESSORES DE HIST\u00d3RIA NA UFRRJ \u2013 SEROP\u00c9DICA<br \/>\n<em>(Michele Alves Nunes de Paulo)<\/em><\/p>\n<p>A PERMAN\u00caNCIA PROLONGADA EM UMA INSTITUI\u00c7\u00c3O FEDERAL DE ENSINO SUPERIOR NA PERSPECTIVA DOS DISCENTES DO CURSO DE EDUCA\u00c7\u00c3O F\u00cdSICA<br \/>\n<em>(Indyra Dias da Costa, Tatiane Georgina da Silva Pereira, Jos\u00e9 Henrique dos Santos)<\/em><\/p>\n<p>CURRICULO PARA AL\u00c9M DO QUADRADO M\u00c1GICO, PERSPECTIVAS NA RESIDENCIA PEDAG\u00d3GICA<br \/>\n<em>(Carla Luiza do Espirito Santo de Oliveira, Crislayne de Oliveira da Silva, Ricardo Ruffoni,Jos\u00e9 Ricardo da Silva Ramos)<\/em><\/p>\n<p>A IMPORT\u00c2NCIA DA PR\u00c1TICA NA FORMA\u00c7\u00c3O DOCENTE DE LICENCIANDOS: AN\u00c1LISE DE NARRATIVAS DE ALUNOS DO PROJETO DE EXTENS\u00c3O OFICINAS DE FILOSOFIA NA EDUCA\u00c7\u00c3O B\u00c1SICA.<br \/>\n<em>(Jaqueline Cunha da Motta, Liliane Barreira Sanchez)<\/em><\/p>\n<p>PERCURSO FORMATIVO: UMA FERRAMENTA PEDAG\u00d3GICA DE ENSINO<br \/>\n<em>(J\u00e9ssica dos Santos Ara\u00fajo, Luciana Salles da Costa)<\/em><\/p>\n<p>CONCEP\u00c7\u00d5ES PEDAG\u00d3GICAS DA EDUCA\u00c7\u00c3O F\u00cdSICA ESCOLAR<br \/>\n<em>(Yuri Santos de Menez, Laryssa Rangel Guerra, N\u00e1dia Maria Pereira de Souza)<\/em><\/p>\n<p>TRABALHO EM CAMPO E ENSINO DA GEOGRAFIA<br \/>\n<em>(Fl\u00e1vio J\u00falio Felix da Silva , Gabriel Borges de Menezes Escobar Chagas, Luiz Fellype Xavier Costa, Renan da Silva Mendes)<\/em><\/p>\n<p>A INTERLOCU\u00c7\u00c3O ENTRE TEORIA E A PR\u00c1TICA NO EST\u00c1GIO SUPERVISIONADO DOS DISCENTES DE GRADUA\u00c7\u00c3O DO CURSO DE LICENCIATURA EM F\u00cdSICA<br \/>\n<em>(Dr. Jo\u00e3o Jos\u00e9 dos Santos Alves, Dra. Viviane Morcelle de Almeida)<\/em><\/p>\n<p>OS PROFISSIONAIS DA EDUCA\u00c7\u00c3O E AS CONTRADI\u00c7\u00d5ES DA SUA FORMA\u00c7\u00c3O<br \/>\n<em>(Andr\u00e9 Lu\u00edz Coutinho Vicente, Erick Ara\u00fajo Fonseca)<\/em><\/p>\n<p>JOGOS DE PRIMAVERA EM UMA ESCOLA DO MUN\u00cdCIPIO DE SEROP\u00c9DICA: RELATO DE EXPERI\u00caNCIA NO PROGRAMA DE RESID\u00caNCIA PEDAG\u00d3GICA<br \/>\n<em>(Laryssa Rangel Guerra, Yuri Santos de Menez, Maria Aparecida Santos de Oliveira, Ricardo Ruffoni)<\/em><\/p>\n<p>A IMPORT\u00c2NCIA DO PROGRAMA DE MONITORIA<br \/>\n<em>(Yuri Santos de Menez, Laryssa Rangel Guerra,vErika Maria Kopp Xavier da Silveira)<\/em><\/p>\n<p>UMA PERSPECTIVA NA EDUCA\u00c7\u00c3O F\u00cdSICA ESCOLAR: A AVALIA\u00c7\u00c3O NO PROCESSO ENSINO-APRENDIZAGEM<br \/>\n<em>(Laryssa Rangel Guerra,Yuri Santos de Menez,N\u00e1dia Maria Pereira de Souza)<\/em><\/p>\n","protected":false},"excerpt":{"rendered":"<p>ENSAIO TE\u00d3RICO A RESPEITO DA CONJUNTURA NEOLIBERAL E O ENSINO DE GEOGRAFIA NO BRASIL (Lara de Ara\u00fajo Luzente) REFLEX\u00d5ES INICIAIS DA EDUCA\u00c7\u00c3O [&hellip;]<\/p>\n","protected":false},"author":26,"featured_media":0,"parent":0,"menu_order":0,"comment_status":"closed","ping_status":"closed","template":"","meta":{"_acf_changed":false,"footnotes":""},"tags":[],"class_list":["post-203","page","type-page","status-publish","hentry"],"acf":[],"yoast_head":"<!-- This site is optimized with the Yoast SEO plugin v27.5 - https:\/\/yoast.com\/product\/yoast-seo-wordpress\/ -->\n<title>Trabalhos aprovados - II SEMIN\u00c1RIO FORMA\u00c7\u00c3O DE PROFISSIONAIS DO MAGIST\u00c9RIO PARA A EDUCA\u00c7\u00c3O B\u00c1SICA<\/title>\n<meta name=\"robots\" content=\"index, follow, max-snippet:-1, max-image-preview:large, max-video-preview:-1\" \/>\n<link rel=\"canonical\" href=\"https:\/\/eventos.ufrrj.br\/sfpmeb\/trabalhos-aprovados\/\" \/>\n<meta property=\"og:locale\" content=\"pt_BR\" \/>\n<meta property=\"og:type\" content=\"article\" \/>\n<meta property=\"og:title\" content=\"Trabalhos aprovados - II SEMIN\u00c1RIO FORMA\u00c7\u00c3O DE PROFISSIONAIS DO MAGIST\u00c9RIO PARA A EDUCA\u00c7\u00c3O B\u00c1SICA\" \/>\n<meta property=\"og:description\" content=\"ENSAIO TE\u00d3RICO A RESPEITO DA CONJUNTURA NEOLIBERAL E O ENSINO DE GEOGRAFIA NO BRASIL (Lara de Ara\u00fajo Luzente) REFLEX\u00d5ES INICIAIS DA EDUCA\u00c7\u00c3O [&hellip;]\" \/>\n<meta property=\"og:url\" content=\"https:\/\/eventos.ufrrj.br\/sfpmeb\/trabalhos-aprovados\/\" \/>\n<meta property=\"og:site_name\" content=\"II SEMIN\u00c1RIO FORMA\u00c7\u00c3O DE PROFISSIONAIS DO MAGIST\u00c9RIO PARA A EDUCA\u00c7\u00c3O B\u00c1SICA\" \/>\n<meta property=\"article:modified_time\" content=\"2018-10-24T15:14:08+00:00\" \/>\n<meta name=\"twitter:card\" content=\"summary_large_image\" \/>\n<meta name=\"twitter:label1\" content=\"Est. tempo de leitura\" \/>\n\t<meta name=\"twitter:data1\" content=\"2 minutos\" \/>\n<script type=\"application\/ld+json\" class=\"yoast-schema-graph\">{\"@context\":\"https:\\\/\\\/schema.org\",\"@graph\":[{\"@type\":\"WebPage\",\"@id\":\"https:\\\/\\\/eventos.ufrrj.br\\\/sfpmeb\\\/trabalhos-aprovados\\\/\",\"url\":\"https:\\\/\\\/eventos.ufrrj.br\\\/sfpmeb\\\/trabalhos-aprovados\\\/\",\"name\":\"Trabalhos aprovados - II SEMIN\u00c1RIO FORMA\u00c7\u00c3O DE PROFISSIONAIS DO MAGIST\u00c9RIO PARA A EDUCA\u00c7\u00c3O B\u00c1SICA\",\"isPartOf\":{\"@id\":\"https:\\\/\\\/eventos.ufrrj.br\\\/sfpmeb\\\/#website\"},\"datePublished\":\"2018-10-20T12:00:48+00:00\",\"dateModified\":\"2018-10-24T15:14:08+00:00\",\"breadcrumb\":{\"@id\":\"https:\\\/\\\/eventos.ufrrj.br\\\/sfpmeb\\\/trabalhos-aprovados\\\/#breadcrumb\"},\"inLanguage\":\"pt-BR\",\"potentialAction\":[{\"@type\":\"ReadAction\",\"target\":[\"https:\\\/\\\/eventos.ufrrj.br\\\/sfpmeb\\\/trabalhos-aprovados\\\/\"]}]},{\"@type\":\"BreadcrumbList\",\"@id\":\"https:\\\/\\\/eventos.ufrrj.br\\\/sfpmeb\\\/trabalhos-aprovados\\\/#breadcrumb\",\"itemListElement\":[{\"@type\":\"ListItem\",\"position\":1,\"name\":\"In\u00edcio\",\"item\":\"https:\\\/\\\/eventos.ufrrj.br\\\/sfpmeb\\\/\"},{\"@type\":\"ListItem\",\"position\":2,\"name\":\"Trabalhos aprovados\"}]},{\"@type\":\"WebSite\",\"@id\":\"https:\\\/\\\/eventos.ufrrj.br\\\/sfpmeb\\\/#website\",\"url\":\"https:\\\/\\\/eventos.ufrrj.br\\\/sfpmeb\\\/\",\"name\":\"II SEMIN\u00c1RIO FORMA\u00c7\u00c3O DE PROFISSIONAIS DO MAGIST\u00c9RIO PARA A EDUCA\u00c7\u00c3O B\u00c1SICA\",\"description\":\"S\u00f3 mais um site Eventos da UFRRJ \",\"potentialAction\":[{\"@type\":\"SearchAction\",\"target\":{\"@type\":\"EntryPoint\",\"urlTemplate\":\"https:\\\/\\\/eventos.ufrrj.br\\\/sfpmeb\\\/?s={search_term_string}\"},\"query-input\":{\"@type\":\"PropertyValueSpecification\",\"valueRequired\":true,\"valueName\":\"search_term_string\"}}],\"inLanguage\":\"pt-BR\"}]}<\/script>\n<!-- \/ Yoast SEO plugin. -->","yoast_head_json":{"title":"Trabalhos aprovados - II SEMIN\u00c1RIO FORMA\u00c7\u00c3O DE PROFISSIONAIS DO MAGIST\u00c9RIO PARA A EDUCA\u00c7\u00c3O B\u00c1SICA","robots":{"index":"index","follow":"follow","max-snippet":"max-snippet:-1","max-image-preview":"max-image-preview:large","max-video-preview":"max-video-preview:-1"},"canonical":"https:\/\/eventos.ufrrj.br\/sfpmeb\/trabalhos-aprovados\/","og_locale":"pt_BR","og_type":"article","og_title":"Trabalhos aprovados - II SEMIN\u00c1RIO FORMA\u00c7\u00c3O DE PROFISSIONAIS DO MAGIST\u00c9RIO PARA A EDUCA\u00c7\u00c3O B\u00c1SICA","og_description":"ENSAIO TE\u00d3RICO A RESPEITO DA CONJUNTURA NEOLIBERAL E O ENSINO DE GEOGRAFIA NO BRASIL (Lara de Ara\u00fajo Luzente) REFLEX\u00d5ES INICIAIS DA EDUCA\u00c7\u00c3O [&hellip;]","og_url":"https:\/\/eventos.ufrrj.br\/sfpmeb\/trabalhos-aprovados\/","og_site_name":"II SEMIN\u00c1RIO FORMA\u00c7\u00c3O DE PROFISSIONAIS DO MAGIST\u00c9RIO PARA A EDUCA\u00c7\u00c3O B\u00c1SICA","article_modified_time":"2018-10-24T15:14:08+00:00","twitter_card":"summary_large_image","twitter_misc":{"Est. tempo de leitura":"2 minutos"},"schema":{"@context":"https:\/\/schema.org","@graph":[{"@type":"WebPage","@id":"https:\/\/eventos.ufrrj.br\/sfpmeb\/trabalhos-aprovados\/","url":"https:\/\/eventos.ufrrj.br\/sfpmeb\/trabalhos-aprovados\/","name":"Trabalhos aprovados - II SEMIN\u00c1RIO FORMA\u00c7\u00c3O DE PROFISSIONAIS DO MAGIST\u00c9RIO PARA A EDUCA\u00c7\u00c3O B\u00c1SICA","isPartOf":{"@id":"https:\/\/eventos.ufrrj.br\/sfpmeb\/#website"},"datePublished":"2018-10-20T12:00:48+00:00","dateModified":"2018-10-24T15:14:08+00:00","breadcrumb":{"@id":"https:\/\/eventos.ufrrj.br\/sfpmeb\/trabalhos-aprovados\/#breadcrumb"},"inLanguage":"pt-BR","potentialAction":[{"@type":"ReadAction","target":["https:\/\/eventos.ufrrj.br\/sfpmeb\/trabalhos-aprovados\/"]}]},{"@type":"BreadcrumbList","@id":"https:\/\/eventos.ufrrj.br\/sfpmeb\/trabalhos-aprovados\/#breadcrumb","itemListElement":[{"@type":"ListItem","position":1,"name":"In\u00edcio","item":"https:\/\/eventos.ufrrj.br\/sfpmeb\/"},{"@type":"ListItem","position":2,"name":"Trabalhos aprovados"}]},{"@type":"WebSite","@id":"https:\/\/eventos.ufrrj.br\/sfpmeb\/#website","url":"https:\/\/eventos.ufrrj.br\/sfpmeb\/","name":"II SEMIN\u00c1RIO FORMA\u00c7\u00c3O DE PROFISSIONAIS DO MAGIST\u00c9RIO PARA A EDUCA\u00c7\u00c3O B\u00c1SICA","description":"S\u00f3 mais um site Eventos da UFRRJ ","potentialAction":[{"@type":"SearchAction","target":{"@type":"EntryPoint","urlTemplate":"https:\/\/eventos.ufrrj.br\/sfpmeb\/?s={search_term_string}"},"query-input":{"@type":"PropertyValueSpecification","valueRequired":true,"valueName":"search_term_string"}}],"inLanguage":"pt-BR"}]}},"_links":{"self":[{"href":"https:\/\/eventos.ufrrj.br\/sfpmeb\/wp-json\/wp\/v2\/pages\/203","targetHints":{"allow":["GET"]}}],"collection":[{"href":"https:\/\/eventos.ufrrj.br\/sfpmeb\/wp-json\/wp\/v2\/pages"}],"about":[{"href":"https:\/\/eventos.ufrrj.br\/sfpmeb\/wp-json\/wp\/v2\/types\/page"}],"author":[{"embeddable":true,"href":"https:\/\/eventos.ufrrj.br\/sfpmeb\/wp-json\/wp\/v2\/users\/26"}],"replies":[{"embeddable":true,"href":"https:\/\/eventos.ufrrj.br\/sfpmeb\/wp-json\/wp\/v2\/comments?post=203"}],"version-history":[{"count":5,"href":"https:\/\/eventos.ufrrj.br\/sfpmeb\/wp-json\/wp\/v2\/pages\/203\/revisions"}],"predecessor-version":[{"id":210,"href":"https:\/\/eventos.ufrrj.br\/sfpmeb\/wp-json\/wp\/v2\/pages\/203\/revisions\/210"}],"wp:attachment":[{"href":"https:\/\/eventos.ufrrj.br\/sfpmeb\/wp-json\/wp\/v2\/media?parent=203"}],"wp:term":[{"taxonomy":"post_tag","embeddable":true,"href":"https:\/\/eventos.ufrrj.br\/sfpmeb\/wp-json\/wp\/v2\/tags?post=203"}],"curies":[{"name":"wp","href":"https:\/\/api.w.org\/{rel}","templated":true}]}}

<p>ENSAIO TEÓRICO A RESPEITO DA CONJUNTURA NEOLIBERAL E O ENSINO DE GEOGRAFIA NO BRASIL<br />
<em>(Lara de Araújo Luzente)</em></p>
<p>REFLEXÕES INICIAIS DA EDUCAÇÃO FÍSICA NA BNCC PROPOSTA PARA O ENSINO MÉDIO<br />
<em>(Bruno Lima Medeiros, Carlos Felipe Cunha Paula, Gustavo Cleiton Sousa da Silva, Igor Araujo da Silva, Stéphanie Santana dos Santos Coelho, Nádia Maria Pereira de Souza)</em></p>
<p>A CORPOLATRIA EM FOCO: CONSIDERAÇÕES SOCIAIS NO CONTEXTO EDUCACIONAL<br />
<em>(Laryssa Rangel Guerra, Yuri Santos de Menez, Felipe Lameu dos Santos, Valéria Nascimento Lebeis Pires)</em></p>
<p>GÊNERO NA EDUCAÇÃO INFANTIL<br />
<em>(Juliana Meireles M. da Camara, Maria Emilia Santiago Barreto)</em></p>
<p>A AVALIAÇÃO NO PROCESSO ENSINO-APRENDIZAGEM DE DISCENTES DO PROGRAMA RESIDÊNCIA PEDAGÓGICA<br />
<em>(Joyce da Silva Heinze, Renata Barbosa da Cruz, Marcelle Cabral Volpasso, Ana Carolina de Melo Magalhães Amaral, Ricardo Ruffoni)</em></p>
<p>A FORMAÇÃO DE PROFESSORES DE HISTÓRIA NA UFRRJ – SEROPÉDICA<br />
<em>(Michele Alves Nunes de Paulo)</em></p>
<p>A PERMANÊNCIA PROLONGADA EM UMA INSTITUIÇÃO FEDERAL DE ENSINO SUPERIOR NA PERSPECTIVA DOS DISCENTES DO CURSO DE EDUCAÇÃO FÍSICA<br />
<em>(Indyra Dias da Costa, Tatiane Georgina da Silva Pereira, José Henrique dos Santos)</em></p>
<p>CURRICULO PARA ALÉM DO QUADRADO MÁGICO, PERSPECTIVAS NA RESIDENCIA PEDAGÓGICA<br />
<em>(Carla Luiza do Espirito Santo de Oliveira, Crislayne de Oliveira da Silva, Ricardo Ruffoni,José Ricardo da Silva Ramos)</em></p>
<p>A IMPORTÂNCIA DA PRÁTICA NA FORMAÇÃO DOCENTE DE LICENCIANDOS: ANÁLISE DE NARRATIVAS DE ALUNOS DO PROJETO DE EXTENSÃO OFICINAS DE FILOSOFIA NA EDUCAÇÃO BÁSICA.<br />
<em>(Jaqueline Cunha da Motta, Liliane Barreira Sanchez)</em></p>
<p>PERCURSO FORMATIVO: UMA FERRAMENTA PEDAGÓGICA DE ENSINO<br />
<em>(Jéssica dos Santos Araújo, Luciana Salles da Costa)</em></p>
<p>CONCEPÇÕES PEDAGÓGICAS DA EDUCAÇÃO FÍSICA ESCOLAR<br />
<em>(Yuri Santos de Menez, Laryssa Rangel Guerra, Nádia Maria Pereira de Souza)</em></p>
<p>TRABALHO EM CAMPO E ENSINO DA GEOGRAFIA<br />
<em>(Flávio Júlio Felix da Silva , Gabriel Borges de Menezes Escobar Chagas, Luiz Fellype Xavier Costa, Renan da Silva Mendes)</em></p>
<p>A INTERLOCUÇÃO ENTRE TEORIA E A PRÁTICA NO ESTÁGIO SUPERVISIONADO DOS DISCENTES DE GRADUAÇÃO DO CURSO DE LICENCIATURA EM FÍSICA<br />
<em>(Dr. João José dos Santos Alves, Dra. Viviane Morcelle de Almeida)</em></p>
<p>OS PROFISSIONAIS DA EDUCAÇÃO E AS CONTRADIÇÕES DA SUA FORMAÇÃO<br />
<em>(André Luíz Coutinho Vicente, Erick Araújo Fonseca)</em></p>
<p>JOGOS DE PRIMAVERA EM UMA ESCOLA DO MUNÍCIPIO DE SEROPÉDICA: RELATO DE EXPERIÊNCIA NO PROGRAMA DE RESIDÊNCIA PEDAGÓGICA<br />
<em>(Laryssa Rangel Guerra, Yuri Santos de Menez, Maria Aparecida Santos de Oliveira, Ricardo Ruffoni)</em></p>
<p>A IMPORTÂNCIA DO PROGRAMA DE MONITORIA<br />
<em>(Yuri Santos de Menez, Laryssa Rangel Guerra,vErika Maria Kopp Xavier da Silveira)</em></p>
<p>UMA PERSPECTIVA NA EDUCAÇÃO FÍSICA ESCOLAR: A AVALIAÇÃO NO PROCESSO ENSINO-APRENDIZAGEM<br />
<em>(Laryssa Rangel Guerra,Yuri Santos de Menez,Nádia Maria Pereira de Souza)</em></p>

<p>ENSAIO TEÓRICO A RESPEITO DA CONJUNTURA NEOLIBERAL E O ENSINO DE GEOGRAFIA NO BRASIL (Lara de Araújo Luzente) REFLEXÕES INICIAIS DA EDUCAÇÃO [&hellip;]</p>

<!-- This site is optimized with the Yoast SEO plugin v27.5 - https://yoast.com/product/yoast-seo-wordpress/ -->
<title>Trabalhos aprovados - II SEMINÁRIO FORMAÇÃO DE PROFISSIONAIS DO MAGISTÉRIO PARA A EDUCAÇÃO BÁSICA</title>
<meta name="robots" content="index, follow, max-snippet:-1, max-image-preview:large, max-video-preview:-1" />
<link rel="canonical" href="https://eventos.ufrrj.br/sfpmeb/trabalhos-aprovados/" />
<meta property="og:locale" content="pt_BR" />
<meta property="og:type" content="article" />
<meta property="og:title" content="Trabalhos aprovados - II SEMINÁRIO FORMAÇÃO DE PROFISSIONAIS DO MAGISTÉRIO PARA A EDUCAÇÃO BÁSICA" />
<meta property="og:description" content="ENSAIO TEÓRICO A RESPEITO DA CONJUNTURA NEOLIBERAL E O ENSINO DE GEOGRAFIA NO BRASIL (Lara de Araújo Luzente) REFLEXÕES INICIAIS DA EDUCAÇÃO [&hellip;]" />
<meta property="og:url" content="https://eventos.ufrrj.br/sfpmeb/trabalhos-aprovados/" />
<meta property="og:site_name" content="II SEMINÁRIO FORMAÇÃO DE PROFISSIONAIS DO MAGISTÉRIO PARA A EDUCAÇÃO BÁSICA" />
<meta property="article:modified_time" content="2018-10-24T15:14:08+00:00" />
<meta name="twitter:card" content="summary_large_image" />
<meta name="twitter:label1" content="Est. tempo de leitura" />
	<meta name="twitter:data1" content="2 minutos" />
<script type="application/ld+json" class="yoast-schema-graph">{"@context":"https:\/\/schema.org","@graph":[{"@type":"WebPage","@id":"https:\/\/eventos.ufrrj.br\/sfpmeb\/trabalhos-aprovados\/","url":"https:\/\/eventos.ufrrj.br\/sfpmeb\/trabalhos-aprovados\/","name":"Trabalhos aprovados - II SEMINÁRIO FORMAÇÃO DE PROFISSIONAIS DO MAGISTÉRIO PARA A EDUCAÇÃO BÁSICA","isPartOf":{"@id":"https:\/\/eventos.ufrrj.br\/sfpmeb\/#website"},"datePublished":"2018-10-20T12:00:48+00:00","dateModified":"2018-10-24T15:14:08+00:00","breadcrumb":{"@id":"https:\/\/eventos.ufrrj.br\/sfpmeb\/trabalhos-aprovados\/#breadcrumb"},"inLanguage":"pt-BR","potentialAction":[{"@type":"ReadAction","target":["https:\/\/eventos.ufrrj.br\/sfpmeb\/trabalhos-aprovados\/"]}]},{"@type":"BreadcrumbList","@id":"https:\/\/eventos.ufrrj.br\/sfpmeb\/trabalhos-aprovados\/#breadcrumb","itemListElement":[{"@type":"ListItem","position":1,"name":"Início","item":"https:\/\/eventos.ufrrj.br\/sfpmeb\/"},{"@type":"ListItem","position":2,"name":"Trabalhos aprovados"}]},{"@type":"WebSite","@id":"https:\/\/eventos.ufrrj.br\/sfpmeb\/#website","url":"https:\/\/eventos.ufrrj.br\/sfpmeb\/","name":"II SEMINÁRIO FORMAÇÃO DE PROFISSIONAIS DO MAGISTÉRIO PARA A EDUCAÇÃO BÁSICA","description":"Só mais um site Eventos da UFRRJ ","potentialAction":[{"@type":"SearchAction","target":{"@type":"EntryPoint","urlTemplate":"https:\/\/eventos.ufrrj.br\/sfpmeb\/?s={search_term_string}"},"query-input":{"@type":"PropertyValueSpecification","valueRequired":true,"valueName":"search_term_string"}}],"inLanguage":"pt-BR"}]}</script>
<!-- / Yoast SEO plugin. -->

Trabalhos aprovados - II SEMINÁRIO FORMAÇÃO DE PROFISSIONAIS DO MAGISTÉRIO PARA A EDUCAÇÃO BÁSICA

ENSAIO TEÓRICO A RESPEITO DA CONJUNTURA NEOLIBERAL E O ENSINO DE GEOGRAFIA NO BRASIL (Lara de Araújo Luzente) REFLEXÕES INICIAIS DA EDUCAÇÃO [&hellip;]

II SEMINÁRIO FORMAÇÃO DE PROFISSIONAIS DO MAGISTÉRIO PARA A EDUCAÇÃO BÁSICA

Início

Só mais um site Eventos da UFRRJ
