{"id":12,"date":"2016-09-13T13:07:19","date_gmt":"2016-09-13T16:07:19","guid":{"rendered":"http:\/\/eventos.ufrrj.br\/sfpmeb\/?page_id=12"},"modified":"2018-10-19T16:25:13","modified_gmt":"2018-10-19T19:25:13","slug":"organizacao","status":"publish","type":"page","link":"https:\/\/eventos.ufrrj.br\/sfpmeb\/organizacao\/","title":{"rendered":"Organiza\u00e7\u00e3o"},"content":{"rendered":"<p><strong>IE\/UFRRJ:<\/strong><\/p>\n<p>Adriana Carvalho Silva<br \/>\nBruno Matos Vieira<br \/>\nFelipe Lameu Santos<br \/>\nLana Cl\u00e1udia Fonseca<br \/>\nLia Maria Teixeira de Oliveira<br \/>\nLilian Cordeiro Estolano<br \/>\nL\u00facia Aparecida Valadares Sart\u00f3rio<br \/>\nLiz Denise Paiva<br \/>\nMiriam Morelli Lima<br \/>\nN\u00e1dia Maria Pereira de Souza<br \/>\nSilvia Moreira Goulart<br \/>\nSabrina Galeno<\/p>\n<p><strong>CPFP\/PROGRAD\/UFRRJ<\/strong><\/p>\n<p>Douglas Mons\u00f4res de Melo Santos<\/p>\n<p><strong>Faculdade de Educa\u00e7\u00e3o\/UERJ:<\/strong><\/p>\n<p>Luc\u00edlia Augusta Lino<br \/>\nMaria da Concei\u00e7\u00e3o Calmon Arruda<\/p>\n<p><strong>Estudantes:<\/strong><\/p>\n<p>Andr\u00e9 Luiz Coutinho Vicente<br \/>\nAntonio Carlos Santos Comodaro<br \/>\nFranklyn Newton Buassel<br \/>\nGabriela Freire da Silva<br \/>\nIndyra Dias da Costa<br \/>\nJoyce da Silva Heinze<br \/>\nLarissa Rangel Guerra<br \/>\nLucas Motta Gomes<br \/>\nMarcelle Cabral Volpasso<br \/>\nRenata Barbosa da Cruz<br \/>\nRenan Rosa de Oliveira<br \/>\nYuri Santos de Menez<\/p>\n<p><strong>Comit\u00ea Cient\u00edfico<\/strong><\/p>\n<p>Prof.\u00aa Dr.\u00aa Ana Marques<br \/>\nProf.\u00aa Dr.\u00aa Adriana Alves<br \/>\nProf.\u00aa Dr.\u00aa Adriana de Carvalho Silva<br \/>\nProf. Dr. Benjamin Pinto<br \/>\nProf. Dr. Bruno Matos<br \/>\nProf. Dr. Douglas Mons\u00f4res<br \/>\nProf. Dr. Fernando Bonadia de Oliveira<br \/>\nProf. Dr. Jos\u00e9 dos Santos de Souza<br \/>\nProf.\u00aa Dr.\u00aa Karine Borges Vargas<br \/>\nProf.\u00aa.Dr.\u00aa Lana Cl\u00e1udia Fonseca<br \/>\nProf.\u00aa Dr.\u00aa Lia Maria Teixeira de Oliveira<br \/>\nProf.\u00aa Ms. Lilian Cordeiro Estolano<br \/>\nProf.\u00aa Dr.\u00aa Liz Denise Carvalho Paiva<br \/>\nProf.\u00aa Dr.\u00aa L\u00facia Ap. Valadares Sart\u00f3rio<br \/>\nProf.\u00aa Dr.\u00aa Luc\u00edlia Augusta Lino<br \/>\nProf. Dr. Luciano Alonso<br \/>\nProf.\u00aa Dr.\u00aa Luiza Alves de Oliveira<br \/>\nProf. Dr. Marcelo Bairral<br \/>\nProf. Dr. M\u00e1rcio Albuquerque Vianna<br \/>\nProf. Dr. Marcos Pasche<br \/>\nProf.\u00aa Dr.\u00aa Maria Ang\u00e9lica da Gama Cabral Coutinho<br \/>\nProf.\u00aa Dr.\u00aa Maria da Concei\u00e7\u00e3o Calmon Arruda<br \/>\nPof.\u00aa Dr.\u00aa Miriam Morelli<br \/>\nProf.\u00aa Dr.\u00aa N\u00eddia Majorewicz<br \/>\nProf.\u00aa Dr.\u00aa N\u00e1dia Maria Pereira de Souza.<br \/>\nProf.\u00aa Dr.\u00aa Sabrina Galeno<br \/>\nProf.\u00aa Dr.\u00aa Silvia Moreira Goulart<br \/>\nProf. Dr. Ramofly Bicalho<\/p>\n<p>&nbsp;<\/p>\n<p>&nbsp;<\/p>\n","protected":false},"excerpt":{"rendered":"<p>IE\/UFRRJ: Adriana Carvalho Silva Bruno Matos Vieira Felipe Lameu Santos Lana Cl\u00e1udia Fonseca Lia Maria Teixeira de Oliveira Lilian Cordeiro Estolano L\u00facia [&hellip;]<\/p>\n","protected":false},"author":25,"featured_media":0,"parent":0,"menu_order":0,"comment_status":"closed","ping_status":"closed","template":"","meta":{"_acf_changed":false,"footnotes":""},"tags":[],"class_list":["post-12","page","type-page","status-publish","hentry"],"acf":[],"yoast_head":"<!-- This site is optimized with the Yoast SEO plugin v27.5 - https:\/\/yoast.com\/product\/yoast-seo-wordpress\/ -->\n<title>Organiza\u00e7\u00e3o - II SEMIN\u00c1RIO FORMA\u00c7\u00c3O DE PROFISSIONAIS DO MAGIST\u00c9RIO PARA A EDUCA\u00c7\u00c3O B\u00c1SICA<\/title>\n<meta name=\"robots\" content=\"index, follow, max-snippet:-1, max-image-preview:large, max-video-preview:-1\" \/>\n<link rel=\"canonical\" href=\"https:\/\/eventos.ufrrj.br\/sfpmeb\/organizacao\/\" \/>\n<meta property=\"og:locale\" content=\"pt_BR\" \/>\n<meta property=\"og:type\" content=\"article\" \/>\n<meta property=\"og:title\" content=\"Organiza\u00e7\u00e3o - II SEMIN\u00c1RIO FORMA\u00c7\u00c3O DE PROFISSIONAIS DO MAGIST\u00c9RIO PARA A EDUCA\u00c7\u00c3O B\u00c1SICA\" \/>\n<meta property=\"og:description\" content=\"IE\/UFRRJ: Adriana Carvalho Silva Bruno Matos Vieira Felipe Lameu Santos Lana Cl\u00e1udia Fonseca Lia Maria Teixeira de Oliveira Lilian Cordeiro Estolano L\u00facia [&hellip;]\" \/>\n<meta property=\"og:url\" content=\"https:\/\/eventos.ufrrj.br\/sfpmeb\/organizacao\/\" \/>\n<meta property=\"og:site_name\" content=\"II SEMIN\u00c1RIO FORMA\u00c7\u00c3O DE PROFISSIONAIS DO MAGIST\u00c9RIO PARA A EDUCA\u00c7\u00c3O B\u00c1SICA\" \/>\n<meta property=\"article:modified_time\" content=\"2018-10-19T19:25:13+00:00\" \/>\n<meta name=\"twitter:card\" content=\"summary_large_image\" \/>\n<meta name=\"twitter:label1\" content=\"Est. tempo de leitura\" \/>\n\t<meta name=\"twitter:data1\" content=\"1 minuto\" \/>\n<script type=\"application\/ld+json\" class=\"yoast-schema-graph\">{\"@context\":\"https:\\\/\\\/schema.org\",\"@graph\":[{\"@type\":\"WebPage\",\"@id\":\"https:\\\/\\\/eventos.ufrrj.br\\\/sfpmeb\\\/organizacao\\\/\",\"url\":\"https:\\\/\\\/eventos.ufrrj.br\\\/sfpmeb\\\/organizacao\\\/\",\"name\":\"Organiza\u00e7\u00e3o - II SEMIN\u00c1RIO FORMA\u00c7\u00c3O DE PROFISSIONAIS DO MAGIST\u00c9RIO PARA A EDUCA\u00c7\u00c3O B\u00c1SICA\",\"isPartOf\":{\"@id\":\"https:\\\/\\\/eventos.ufrrj.br\\\/sfpmeb\\\/#website\"},\"datePublished\":\"2016-09-13T16:07:19+00:00\",\"dateModified\":\"2018-10-19T19:25:13+00:00\",\"breadcrumb\":{\"@id\":\"https:\\\/\\\/eventos.ufrrj.br\\\/sfpmeb\\\/organizacao\\\/#breadcrumb\"},\"inLanguage\":\"pt-BR\",\"potentialAction\":[{\"@type\":\"ReadAction\",\"target\":[\"https:\\\/\\\/eventos.ufrrj.br\\\/sfpmeb\\\/organizacao\\\/\"]}]},{\"@type\":\"BreadcrumbList\",\"@id\":\"https:\\\/\\\/eventos.ufrrj.br\\\/sfpmeb\\\/organizacao\\\/#breadcrumb\",\"itemListElement\":[{\"@type\":\"ListItem\",\"position\":1,\"name\":\"In\u00edcio\",\"item\":\"https:\\\/\\\/eventos.ufrrj.br\\\/sfpmeb\\\/\"},{\"@type\":\"ListItem\",\"position\":2,\"name\":\"Organiza\u00e7\u00e3o\"}]},{\"@type\":\"WebSite\",\"@id\":\"https:\\\/\\\/eventos.ufrrj.br\\\/sfpmeb\\\/#website\",\"url\":\"https:\\\/\\\/eventos.ufrrj.br\\\/sfpmeb\\\/\",\"name\":\"II SEMIN\u00c1RIO FORMA\u00c7\u00c3O DE PROFISSIONAIS DO MAGIST\u00c9RIO PARA A EDUCA\u00c7\u00c3O B\u00c1SICA\",\"description\":\"S\u00f3 mais um site Eventos da UFRRJ \",\"potentialAction\":[{\"@type\":\"SearchAction\",\"target\":{\"@type\":\"EntryPoint\",\"urlTemplate\":\"https:\\\/\\\/eventos.ufrrj.br\\\/sfpmeb\\\/?s={search_term_string}\"},\"query-input\":{\"@type\":\"PropertyValueSpecification\",\"valueRequired\":true,\"valueName\":\"search_term_string\"}}],\"inLanguage\":\"pt-BR\"}]}<\/script>\n<!-- \/ Yoast SEO plugin. -->","yoast_head_json":{"title":"Organiza\u00e7\u00e3o - II SEMIN\u00c1RIO FORMA\u00c7\u00c3O DE PROFISSIONAIS DO MAGIST\u00c9RIO PARA A EDUCA\u00c7\u00c3O B\u00c1SICA","robots":{"index":"index","follow":"follow","max-snippet":"max-snippet:-1","max-image-preview":"max-image-preview:large","max-video-preview":"max-video-preview:-1"},"canonical":"https:\/\/eventos.ufrrj.br\/sfpmeb\/organizacao\/","og_locale":"pt_BR","og_type":"article","og_title":"Organiza\u00e7\u00e3o - II SEMIN\u00c1RIO FORMA\u00c7\u00c3O DE PROFISSIONAIS DO MAGIST\u00c9RIO PARA A EDUCA\u00c7\u00c3O B\u00c1SICA","og_description":"IE\/UFRRJ: Adriana Carvalho Silva Bruno Matos Vieira Felipe Lameu Santos Lana Cl\u00e1udia Fonseca Lia Maria Teixeira de Oliveira Lilian Cordeiro Estolano L\u00facia [&hellip;]","og_url":"https:\/\/eventos.ufrrj.br\/sfpmeb\/organizacao\/","og_site_name":"II SEMIN\u00c1RIO FORMA\u00c7\u00c3O DE PROFISSIONAIS DO MAGIST\u00c9RIO PARA A EDUCA\u00c7\u00c3O B\u00c1SICA","article_modified_time":"2018-10-19T19:25:13+00:00","twitter_card":"summary_large_image","twitter_misc":{"Est. tempo de leitura":"1 minuto"},"schema":{"@context":"https:\/\/schema.org","@graph":[{"@type":"WebPage","@id":"https:\/\/eventos.ufrrj.br\/sfpmeb\/organizacao\/","url":"https:\/\/eventos.ufrrj.br\/sfpmeb\/organizacao\/","name":"Organiza\u00e7\u00e3o - II SEMIN\u00c1RIO FORMA\u00c7\u00c3O DE PROFISSIONAIS DO MAGIST\u00c9RIO PARA A EDUCA\u00c7\u00c3O B\u00c1SICA","isPartOf":{"@id":"https:\/\/eventos.ufrrj.br\/sfpmeb\/#website"},"datePublished":"2016-09-13T16:07:19+00:00","dateModified":"2018-10-19T19:25:13+00:00","breadcrumb":{"@id":"https:\/\/eventos.ufrrj.br\/sfpmeb\/organizacao\/#breadcrumb"},"inLanguage":"pt-BR","potentialAction":[{"@type":"ReadAction","target":["https:\/\/eventos.ufrrj.br\/sfpmeb\/organizacao\/"]}]},{"@type":"BreadcrumbList","@id":"https:\/\/eventos.ufrrj.br\/sfpmeb\/organizacao\/#breadcrumb","itemListElement":[{"@type":"ListItem","position":1,"name":"In\u00edcio","item":"https:\/\/eventos.ufrrj.br\/sfpmeb\/"},{"@type":"ListItem","position":2,"name":"Organiza\u00e7\u00e3o"}]},{"@type":"WebSite","@id":"https:\/\/eventos.ufrrj.br\/sfpmeb\/#website","url":"https:\/\/eventos.ufrrj.br\/sfpmeb\/","name":"II SEMIN\u00c1RIO FORMA\u00c7\u00c3O DE PROFISSIONAIS DO MAGIST\u00c9RIO PARA A EDUCA\u00c7\u00c3O B\u00c1SICA","description":"S\u00f3 mais um site Eventos da UFRRJ ","potentialAction":[{"@type":"SearchAction","target":{"@type":"EntryPoint","urlTemplate":"https:\/\/eventos.ufrrj.br\/sfpmeb\/?s={search_term_string}"},"query-input":{"@type":"PropertyValueSpecification","valueRequired":true,"valueName":"search_term_string"}}],"inLanguage":"pt-BR"}]}},"_links":{"self":[{"href":"https:\/\/eventos.ufrrj.br\/sfpmeb\/wp-json\/wp\/v2\/pages\/12","targetHints":{"allow":["GET"]}}],"collection":[{"href":"https:\/\/eventos.ufrrj.br\/sfpmeb\/wp-json\/wp\/v2\/pages"}],"about":[{"href":"https:\/\/eventos.ufrrj.br\/sfpmeb\/wp-json\/wp\/v2\/types\/page"}],"author":[{"embeddable":true,"href":"https:\/\/eventos.ufrrj.br\/sfpmeb\/wp-json\/wp\/v2\/users\/25"}],"replies":[{"embeddable":true,"href":"https:\/\/eventos.ufrrj.br\/sfpmeb\/wp-json\/wp\/v2\/comments?post=12"}],"version-history":[{"count":8,"href":"https:\/\/eventos.ufrrj.br\/sfpmeb\/wp-json\/wp\/v2\/pages\/12\/revisions"}],"predecessor-version":[{"id":201,"href":"https:\/\/eventos.ufrrj.br\/sfpmeb\/wp-json\/wp\/v2\/pages\/12\/revisions\/201"}],"wp:attachment":[{"href":"https:\/\/eventos.ufrrj.br\/sfpmeb\/wp-json\/wp\/v2\/media?parent=12"}],"wp:term":[{"taxonomy":"post_tag","embeddable":true,"href":"https:\/\/eventos.ufrrj.br\/sfpmeb\/wp-json\/wp\/v2\/tags?post=12"}],"curies":[{"name":"wp","href":"https:\/\/api.w.org\/{rel}","templated":true}]}}

Organização

<p><strong>IE/UFRRJ:</strong></p>
<p>Adriana Carvalho Silva<br />
Bruno Matos Vieira<br />
Felipe Lameu Santos<br />
Lana Cláudia Fonseca<br />
Lia Maria Teixeira de Oliveira<br />
Lilian Cordeiro Estolano<br />
Lúcia Aparecida Valadares Sartório<br />
Liz Denise Paiva<br />
Miriam Morelli Lima<br />
Nádia Maria Pereira de Souza<br />
Silvia Moreira Goulart<br />
Sabrina Galeno</p>
<p><strong>CPFP/PROGRAD/UFRRJ</strong></p>
<p>Douglas Monsôres de Melo Santos</p>
<p><strong>Faculdade de Educação/UERJ:</strong></p>
<p>Lucília Augusta Lino<br />
Maria da Conceição Calmon Arruda</p>
<p><strong>Estudantes:</strong></p>
<p>André Luiz Coutinho Vicente<br />
Antonio Carlos Santos Comodaro<br />
Franklyn Newton Buassel<br />
Gabriela Freire da Silva<br />
Indyra Dias da Costa<br />
Joyce da Silva Heinze<br />
Larissa Rangel Guerra<br />
Lucas Motta Gomes<br />
Marcelle Cabral Volpasso<br />
Renata Barbosa da Cruz<br />
Renan Rosa de Oliveira<br />
Yuri Santos de Menez</p>
<p><strong>Comitê Científico</strong></p>
<p>Prof.ª Dr.ª Ana Marques<br />
Prof.ª Dr.ª Adriana Alves<br />
Prof.ª Dr.ª Adriana de Carvalho Silva<br />
Prof. Dr. Benjamin Pinto<br />
Prof. Dr. Bruno Matos<br />
Prof. Dr. Douglas Monsôres<br />
Prof. Dr. Fernando Bonadia de Oliveira<br />
Prof. Dr. José dos Santos de Souza<br />
Prof.ª Dr.ª Karine Borges Vargas<br />
Prof.ª.Dr.ª Lana Cláudia Fonseca<br />
Prof.ª Dr.ª Lia Maria Teixeira de Oliveira<br />
Prof.ª Ms. Lilian Cordeiro Estolano<br />
Prof.ª Dr.ª Liz Denise Carvalho Paiva<br />
Prof.ª Dr.ª Lúcia Ap. Valadares Sartório<br />
Prof.ª Dr.ª Lucília Augusta Lino<br />
Prof. Dr. Luciano Alonso<br />
Prof.ª Dr.ª Luiza Alves de Oliveira<br />
Prof. Dr. Marcelo Bairral<br />
Prof. Dr. Márcio Albuquerque Vianna<br />
Prof. Dr. Marcos Pasche<br />
Prof.ª Dr.ª Maria Angélica da Gama Cabral Coutinho<br />
Prof.ª Dr.ª Maria da Conceição Calmon Arruda<br />
Pof.ª Dr.ª Miriam Morelli<br />
Prof.ª Dr.ª Nídia Majorewicz<br />
Prof.ª Dr.ª Nádia Maria Pereira de Souza.<br />
Prof.ª Dr.ª Sabrina Galeno<br />
Prof.ª Dr.ª Silvia Moreira Goulart<br />
Prof. Dr. Ramofly Bicalho</p>
<p>&nbsp;</p>
<p>&nbsp;</p>

<p>IE/UFRRJ: Adriana Carvalho Silva Bruno Matos Vieira Felipe Lameu Santos Lana Cláudia Fonseca Lia Maria Teixeira de Oliveira Lilian Cordeiro Estolano Lúcia [&hellip;]</p>

<!-- This site is optimized with the Yoast SEO plugin v27.5 - https://yoast.com/product/yoast-seo-wordpress/ -->
<title>Organização - II SEMINÁRIO FORMAÇÃO DE PROFISSIONAIS DO MAGISTÉRIO PARA A EDUCAÇÃO BÁSICA</title>
<meta name="robots" content="index, follow, max-snippet:-1, max-image-preview:large, max-video-preview:-1" />
<link rel="canonical" href="https://eventos.ufrrj.br/sfpmeb/organizacao/" />
<meta property="og:locale" content="pt_BR" />
<meta property="og:type" content="article" />
<meta property="og:title" content="Organização - II SEMINÁRIO FORMAÇÃO DE PROFISSIONAIS DO MAGISTÉRIO PARA A EDUCAÇÃO BÁSICA" />
<meta property="og:description" content="IE/UFRRJ: Adriana Carvalho Silva Bruno Matos Vieira Felipe Lameu Santos Lana Cláudia Fonseca Lia Maria Teixeira de Oliveira Lilian Cordeiro Estolano Lúcia [&hellip;]" />
<meta property="og:url" content="https://eventos.ufrrj.br/sfpmeb/organizacao/" />
<meta property="og:site_name" content="II SEMINÁRIO FORMAÇÃO DE PROFISSIONAIS DO MAGISTÉRIO PARA A EDUCAÇÃO BÁSICA" />
<meta property="article:modified_time" content="2018-10-19T19:25:13+00:00" />
<meta name="twitter:card" content="summary_large_image" />
<meta name="twitter:label1" content="Est. tempo de leitura" />
	<meta name="twitter:data1" content="1 minuto" />
<script type="application/ld+json" class="yoast-schema-graph">{"@context":"https:\/\/schema.org","@graph":[{"@type":"WebPage","@id":"https:\/\/eventos.ufrrj.br\/sfpmeb\/organizacao\/","url":"https:\/\/eventos.ufrrj.br\/sfpmeb\/organizacao\/","name":"Organização - II SEMINÁRIO FORMAÇÃO DE PROFISSIONAIS DO MAGISTÉRIO PARA A EDUCAÇÃO BÁSICA","isPartOf":{"@id":"https:\/\/eventos.ufrrj.br\/sfpmeb\/#website"},"datePublished":"2016-09-13T16:07:19+00:00","dateModified":"2018-10-19T19:25:13+00:00","breadcrumb":{"@id":"https:\/\/eventos.ufrrj.br\/sfpmeb\/organizacao\/#breadcrumb"},"inLanguage":"pt-BR","potentialAction":[{"@type":"ReadAction","target":["https:\/\/eventos.ufrrj.br\/sfpmeb\/organizacao\/"]}]},{"@type":"BreadcrumbList","@id":"https:\/\/eventos.ufrrj.br\/sfpmeb\/organizacao\/#breadcrumb","itemListElement":[{"@type":"ListItem","position":1,"name":"Início","item":"https:\/\/eventos.ufrrj.br\/sfpmeb\/"},{"@type":"ListItem","position":2,"name":"Organização"}]},{"@type":"WebSite","@id":"https:\/\/eventos.ufrrj.br\/sfpmeb\/#website","url":"https:\/\/eventos.ufrrj.br\/sfpmeb\/","name":"II SEMINÁRIO FORMAÇÃO DE PROFISSIONAIS DO MAGISTÉRIO PARA A EDUCAÇÃO BÁSICA","description":"Só mais um site Eventos da UFRRJ ","potentialAction":[{"@type":"SearchAction","target":{"@type":"EntryPoint","urlTemplate":"https:\/\/eventos.ufrrj.br\/sfpmeb\/?s={search_term_string}"},"query-input":{"@type":"PropertyValueSpecification","valueRequired":true,"valueName":"search_term_string"}}],"inLanguage":"pt-BR"}]}</script>
<!-- / Yoast SEO plugin. -->

Organização - II SEMINÁRIO FORMAÇÃO DE PROFISSIONAIS DO MAGISTÉRIO PARA A EDUCAÇÃO BÁSICA

IE/UFRRJ: Adriana Carvalho Silva Bruno Matos Vieira Felipe Lameu Santos Lana Cláudia Fonseca Lia Maria Teixeira de Oliveira Lilian Cordeiro Estolano Lúcia [&hellip;]

II SEMINÁRIO FORMAÇÃO DE PROFISSIONAIS DO MAGISTÉRIO PARA A EDUCAÇÃO BÁSICA

Início

Só mais um site Eventos da UFRRJ
