{"id":8,"date":"2013-07-08T17:13:55","date_gmt":"2013-07-08T17:13:55","guid":{"rendered":"http:\/\/eventos.ufrrj.br\/seminariodelinguas\/?page_id=8"},"modified":"2015-08-24T12:08:20","modified_gmt":"2015-08-24T12:08:20","slug":"programacao","status":"publish","type":"page","link":"https:\/\/eventos.ufrrj.br\/seminariodelinguas\/programacao\/","title":{"rendered":"Programa\u00e7\u00e3o"},"content":{"rendered":"<h3><\/h3>\n<p>&nbsp;<\/p>\n<h3><span style=\"text-decoration: underline;\"><strong>1\u00ba.dia: \u00a0<\/strong>06\/10\/2015<\/span><\/h3>\n<p><strong>Local:\u00a0 \u00a0<\/strong>Sal\u00e3o Azul do P1 (Pavilh\u00e3o Central)<\/p>\n<p><strong>\u2013<\/strong> Abertura oficial: 18h<\/p>\n<p><strong>\u2013<\/strong> Apresenta\u00e7\u00e3o cultural: 18h15<\/p>\n<p><strong>\u2013<\/strong> Palestra de abertura: 18h30<\/p>\n<p><em>Atuais tend\u00eancias em forma\u00e7\u00e3o de palavras: descompasso entre pesquisa e ensino<\/em><\/p>\n<p>Prof. Dr. Carlos Alexandre Gon\u00e7alves \u2013 UFRJ<\/p>\n<p>&nbsp;<\/p>\n<h3><span style=\"text-decoration: underline;\"><strong>2\u00ba. dia: \u00a0<\/strong>07\/10\/2015<\/span><\/h3>\n<p><strong>\u2013<\/strong> Sess\u00e3o de Comunica\u00e7\u00f5es: 15h a 17h<\/p>\n<p><strong>\u2013<\/strong> Minicurso: 17h a 18h30<\/p>\n<p><em>Introdu\u00e7\u00e3o aos estudos da cogni\u00e7\u00e3o: par\u00e2metros te\u00f3ricos<\/em><\/p>\n<p>Prof.\u00aa Dr.\u00aa Maria do Ros\u00e1rio \u2013 UFRRJ\/DLC<\/p>\n<p><strong>\u2013<\/strong> Minicurso: 17h a 18h30<\/p>\n<p><em>Teoria e pr\u00e1tica para a produ\u00e7\u00e3o de itens did\u00e1ticos<\/em><\/p>\n<p>Prof.\u00aa Dr.\u00aa \u00c2ngela Bravin \u2013 UFRRJ\/DLC<\/p>\n<p><strong>\u2013<\/strong> Minicurso: 17h a 18h30<\/p>\n<p><em>Sem\u00e2ntica de frames e constru\u00e7\u00e3o de sentidos em com\u00e9dias stand up<\/em><\/p>\n<p>Prof. Dr. Gerson Rodrigues \u2013 UFRRJ\/DLC<\/p>\n<p><strong>\u2013<\/strong> Coffee break: 18h30<\/p>\n<p><strong>\u2013<\/strong> Mesa-redonda: 19h<\/p>\n<p>Sal\u00e3o Azul do P1<\/p>\n<p><em>Ensino de l\u00ednguas: pr\u00e1ticas e avan\u00e7os<\/em><\/p>\n<p>Prof. Dr. Gilson Freire \u2013 UFRRJ\/DLC<\/p>\n<p>Prof.\u00aa Dr.\u00aa Daniele de Almeida Menezes \u2013 UFRJ<\/p>\n<p>Prof.\u00aa Ms. Ana Carla Ziner \u2013 UFRRJ\/DLC<\/p>\n<p>&nbsp;<\/p>\n<h3><span style=\"text-decoration: underline;\"><strong>3\u00ba. dia: <\/strong>08\/10\/2015<\/span><\/h3>\n<p><strong>\u2013<\/strong> Exposi\u00e7\u00e3o de p\u00f4steres: 16h a 17h<br \/>\nP\u00e1tio do P1<\/p>\n<p><strong>\u2013<\/strong> Minicurso: 17h a 18h30<\/p>\n<p><em>Livros did\u00e1ticos de Portugu\u00eas: entre as contribui\u00e7\u00f5es acad\u00eamicas e a pr\u00e1tica<\/em><\/p>\n<p>Prof. Dr. Gilson Freire \u2013 UFRRJ\/DLC<\/p>\n<p>Prof.\u00aa Dr.\u00aa M\u00f4nica Piza \u2013 UFRRJ\/DLC<\/p>\n<p><strong>\u2013<\/strong> Minicurso: 17h a 18h30<\/p>\n<p><em>Para al\u00e9m das palavras: ensino de Sem\u00e2ntica em sala de aula<\/em><\/p>\n<p>Prof.\u00aa Dr.\u00aa Roza Palomanes \u2013 UFRRJ\/DLC<\/p>\n<p><strong>\u2013<\/strong> Minicurso: 17h a 18h30<\/p>\n<p><em>Perspectivas para a inclus\u00e3o de surdos e autistas no ensino b\u00e1sico<\/em><\/p>\n<p>Prof.\u00aa Dr.\u00aa Fernanda Dias \u2013 UFRRJ\/DLC<\/p>\n<p>Prof.\u00aa Dr.\u00aa Ana Carla Ziner \u2013 UFRRJ\/DLC<\/p>\n<p><strong>\u2013<\/strong> Palestra de encerramento: 19h<\/p>\n<p>Sal\u00e3o Azul do P1<\/p>\n<p><em>Teoria lingu\u00edstica e ensino de l\u00edngua materna: contribui\u00e7\u00f5es do estudo de sintaxe.<\/em><\/p>\n<p>Prof. Dr. Eduardo Kenedy \u2013 UFF<\/p>\n","protected":false},"excerpt":{"rendered":"<p>&nbsp; 1\u00ba.dia: \u00a006\/10\/2015 Local:\u00a0 \u00a0Sal\u00e3o Azul do P1 (Pavilh\u00e3o Central) \u2013 Abertura oficial: 18h \u2013 Apresenta\u00e7\u00e3o cultural: 18h15 \u2013 Palestra de abertura: [&hellip;]<\/p>\n","protected":false},"author":1,"featured_media":0,"parent":0,"menu_order":0,"comment_status":"closed","ping_status":"closed","template":"","meta":{"_acf_changed":false,"footnotes":""},"tags":[],"class_list":["post-8","page","type-page","status-publish","hentry"],"acf":[],"_links":{"self":[{"href":"https:\/\/eventos.ufrrj.br\/seminariodelinguas\/wp-json\/wp\/v2\/pages\/8","targetHints":{"allow":["GET"]}}],"collection":[{"href":"https:\/\/eventos.ufrrj.br\/seminariodelinguas\/wp-json\/wp\/v2\/pages"}],"about":[{"href":"https:\/\/eventos.ufrrj.br\/seminariodelinguas\/wp-json\/wp\/v2\/types\/page"}],"author":[{"embeddable":true,"href":"https:\/\/eventos.ufrrj.br\/seminariodelinguas\/wp-json\/wp\/v2\/users\/1"}],"replies":[{"embeddable":true,"href":"https:\/\/eventos.ufrrj.br\/seminariodelinguas\/wp-json\/wp\/v2\/comments?post=8"}],"version-history":[{"count":22,"href":"https:\/\/eventos.ufrrj.br\/seminariodelinguas\/wp-json\/wp\/v2\/pages\/8\/revisions"}],"predecessor-version":[{"id":151,"href":"https:\/\/eventos.ufrrj.br\/seminariodelinguas\/wp-json\/wp\/v2\/pages\/8\/revisions\/151"}],"wp:attachment":[{"href":"https:\/\/eventos.ufrrj.br\/seminariodelinguas\/wp-json\/wp\/v2\/media?parent=8"}],"wp:term":[{"taxonomy":"post_tag","embeddable":true,"href":"https:\/\/eventos.ufrrj.br\/seminariodelinguas\/wp-json\/wp\/v2\/tags?post=8"}],"curies":[{"name":"wp","href":"https:\/\/api.w.org\/{rel}","templated":true}]}}