{"id":185,"date":"2026-03-31T17:55:56","date_gmt":"2026-03-31T17:55:56","guid":{"rendered":"https:\/\/eventos.ufrrj.br\/seminariodelinguas\/?page_id=185"},"modified":"2026-03-31T17:55:56","modified_gmt":"2026-03-31T17:55:56","slug":"sobre","status":"publish","type":"page","link":"https:\/\/eventos.ufrrj.br\/seminariodelinguas\/sobre\/","title":{"rendered":"Sobre"},"content":{"rendered":"\n<p>O II SEMIN\u00c1RIO DE L\u00cdNGUAS DA UFRRJ tem como objetivo geral congregar estudantes, professores, pesquisadores e demais interessados no tema para a troca de experi\u00eancias de pesquisa, apresenta\u00e7\u00e3o e publica\u00e7\u00e3o de trabalhos, tendo em vista a constru\u00e7\u00e3o de conhecimento nas \u00e1reas de Letras, Educa\u00e7\u00e3o e afins, de forma a contribuir para a forma\u00e7\u00e3o do professor de l\u00ednguas.<\/p>\n\n\n\n<p><strong>Comiss\u00e3o organizadora<\/strong><strong>.<\/strong><\/p>\n\n\n\n<p>\u2013Prof.\u00aa Dr.\u00aa M\u00f4nica de Toledo Piza Costa Machado (UFRRJ)<\/p>\n\n\n\n<p>\u2013Prof. Dr. Gilson Costa Freire (UFRRJ)<\/p>\n\n\n\n<p>\u2013Prof.\u00aa Dr.\u00aa Angela Marina Bravin dos Santos (UFRRJ)<\/p>\n\n\n\n<p>\u2013Prof.\u00aa Dr.\u00aa Marli Hermenegilda Pereira (UFRRJ)<\/p>\n","protected":false},"excerpt":{"rendered":"<p>O II SEMIN\u00c1RIO DE L\u00cdNGUAS DA UFRRJ tem como objetivo geral congregar estudantes, professores, pesquisadores e demais interessados no tema para a [&hellip;]<\/p>\n","protected":false},"author":25,"featured_media":0,"parent":0,"menu_order":0,"comment_status":"closed","ping_status":"closed","template":"","meta":{"_acf_changed":false,"footnotes":""},"tags":[],"class_list":["post-185","page","type-page","status-publish","hentry"],"acf":[],"_links":{"self":[{"href":"https:\/\/eventos.ufrrj.br\/seminariodelinguas\/wp-json\/wp\/v2\/pages\/185","targetHints":{"allow":["GET"]}}],"collection":[{"href":"https:\/\/eventos.ufrrj.br\/seminariodelinguas\/wp-json\/wp\/v2\/pages"}],"about":[{"href":"https:\/\/eventos.ufrrj.br\/seminariodelinguas\/wp-json\/wp\/v2\/types\/page"}],"author":[{"embeddable":true,"href":"https:\/\/eventos.ufrrj.br\/seminariodelinguas\/wp-json\/wp\/v2\/users\/25"}],"replies":[{"embeddable":true,"href":"https:\/\/eventos.ufrrj.br\/seminariodelinguas\/wp-json\/wp\/v2\/comments?post=185"}],"version-history":[{"count":1,"href":"https:\/\/eventos.ufrrj.br\/seminariodelinguas\/wp-json\/wp\/v2\/pages\/185\/revisions"}],"predecessor-version":[{"id":186,"href":"https:\/\/eventos.ufrrj.br\/seminariodelinguas\/wp-json\/wp\/v2\/pages\/185\/revisions\/186"}],"wp:attachment":[{"href":"https:\/\/eventos.ufrrj.br\/seminariodelinguas\/wp-json\/wp\/v2\/media?parent=185"}],"wp:term":[{"taxonomy":"post_tag","embeddable":true,"href":"https:\/\/eventos.ufrrj.br\/seminariodelinguas\/wp-json\/wp\/v2\/tags?post=185"}],"curies":[{"name":"wp","href":"https:\/\/api.w.org\/{rel}","templated":true}]}}