{"id":431,"date":"2026-04-29T19:26:35","date_gmt":"2026-04-29T19:26:35","guid":{"rendered":"https:\/\/eventos.ufrrj.br\/sembio\/?page_id=431"},"modified":"2026-04-29T19:26:37","modified_gmt":"2026-04-29T19:26:37","slug":"sobre","status":"publish","type":"page","link":"https:\/\/eventos.ufrrj.br\/sembio\/sobre\/","title":{"rendered":"Sobre"},"content":{"rendered":"\n<p>A SEMANA ACAD\u00caMICA DE BIOLOGIA (SEMBIO) da Universidade Federal Rural do Rio de Janeiro \u00e9 um evento anual que congrega estudantes em uma programa\u00e7\u00e3o de apresenta\u00e7\u00e3o de trabalhos cient\u00edficos em pain\u00e9is, palestras, oficinas, mesas-redondas e outros eventos culturais relacionados com as Ci\u00eancias Biol\u00f3gicas e o mercado de trabalho do Bi\u00f3logo.<\/p>\n\n\n\n<p>A <strong>XXXV&nbsp;SEMBIO<\/strong> ser\u00e1 realizada no per\u00edodo de 05 a 09 de outubro de 2015, nas depend\u00eancias do Instituto de Biologia da UFRuralRJ, no Munic\u00edpio de Serop\u00e9dica (RJ). O tema principal escolhido este ano para \u00e9 \u201cBiologia Aplicada ao S\u00e9culo XXI\u201d, buscando uma melhor compreens\u00e3o da import\u00e2ncia do papel da nossa profiss\u00e3o&nbsp;no \u00e2mbito de \u00e1reas em que o bi\u00f3logo atua e em \u00e1reas pouco conhecidas. Ser\u00e3o discutidos os caminhos que a Biologia deve seguir para uma maior a\u00e7\u00e3o na sociedade e compreens\u00e3o do papel do bi\u00f3logo, promovendo o desenvolvimento sustent\u00e1vel.<\/p>\n\n\n<div class=\"wp-block-image\">\n<figure class=\"aligncenter\"><a href=\"http:\/\/eventos.ufrrj.br\/sembio\/files\/2013\/10\/Clarissa-Juliani-Vicente-renderizado-diminuido.png\" target=\"_blank\" rel=\"noreferrer noopener\"><img decoding=\"async\" src=\"http:\/\/eventos.ufrrj.br\/sembio\/files\/2013\/10\/Clarissa-Juliani-Vicente-renderizado-diminuido-729x1024.png\" alt=\"\"\/><\/a><\/figure>\n<\/div>\n\n\n<p>Imagem por: Clarissa Juliani Vicente &#8211; Rela\u00e7\u00f5es Internacionais. &#8211; Vencedora do Concurso do Logo da Sembio 2015.<\/p>\n","protected":false},"excerpt":{"rendered":"<p>A SEMANA ACAD\u00caMICA DE BIOLOGIA (SEMBIO) da Universidade Federal Rural do Rio de Janeiro \u00e9 um evento anual que congrega estudantes em [&hellip;]<\/p>\n","protected":false},"author":25,"featured_media":0,"parent":0,"menu_order":0,"comment_status":"closed","ping_status":"closed","template":"","meta":{"_acf_changed":false,"footnotes":""},"tags":[],"class_list":["post-431","page","type-page","status-publish","hentry"],"acf":[],"yoast_head":"<!-- This site is optimized with the Yoast SEO plugin v27.5 - https:\/\/yoast.com\/product\/yoast-seo-wordpress\/ -->\n<title>Sobre - XXXIII Semana Acad\u00eamica de Biologia<\/title>\n<meta name=\"robots\" content=\"index, follow, max-snippet:-1, max-image-preview:large, max-video-preview:-1\" \/>\n<link rel=\"canonical\" href=\"https:\/\/eventos.ufrrj.br\/sembio\/sobre\/\" \/>\n<meta property=\"og:locale\" content=\"pt_BR\" \/>\n<meta property=\"og:type\" content=\"article\" \/>\n<meta property=\"og:title\" content=\"Sobre - XXXIII Semana Acad\u00eamica de Biologia\" \/>\n<meta property=\"og:description\" content=\"A SEMANA ACAD\u00caMICA DE BIOLOGIA (SEMBIO) da Universidade Federal Rural do Rio de Janeiro \u00e9 um evento anual que congrega estudantes em [&hellip;]\" \/>\n<meta property=\"og:url\" content=\"https:\/\/eventos.ufrrj.br\/sembio\/sobre\/\" \/>\n<meta property=\"og:site_name\" content=\"XXXIII Semana Acad\u00eamica de Biologia\" \/>\n<meta property=\"article:modified_time\" content=\"2026-04-29T19:26:37+00:00\" \/>\n<meta property=\"og:image\" content=\"http:\/\/eventos.ufrrj.br\/sembio\/files\/2013\/10\/Clarissa-Juliani-Vicente-renderizado-diminuido-729x1024.png\" \/>\n<meta name=\"twitter:card\" content=\"summary_large_image\" \/>\n<meta name=\"twitter:label1\" content=\"Est. tempo de leitura\" \/>\n\t<meta name=\"twitter:data1\" content=\"2 minutos\" \/>\n<script type=\"application\/ld+json\" class=\"yoast-schema-graph\">{\"@context\":\"https:\\\/\\\/schema.org\",\"@graph\":[{\"@type\":\"WebPage\",\"@id\":\"https:\\\/\\\/eventos.ufrrj.br\\\/sembio\\\/sobre\\\/\",\"url\":\"https:\\\/\\\/eventos.ufrrj.br\\\/sembio\\\/sobre\\\/\",\"name\":\"Sobre - XXXIII Semana Acad\u00eamica de Biologia\",\"isPartOf\":{\"@id\":\"https:\\\/\\\/eventos.ufrrj.br\\\/sembio\\\/#website\"},\"primaryImageOfPage\":{\"@id\":\"https:\\\/\\\/eventos.ufrrj.br\\\/sembio\\\/sobre\\\/#primaryimage\"},\"image\":{\"@id\":\"https:\\\/\\\/eventos.ufrrj.br\\\/sembio\\\/sobre\\\/#primaryimage\"},\"thumbnailUrl\":\"http:\\\/\\\/eventos.ufrrj.br\\\/sembio\\\/files\\\/2013\\\/10\\\/Clarissa-Juliani-Vicente-renderizado-diminuido-729x1024.png\",\"datePublished\":\"2026-04-29T19:26:35+00:00\",\"dateModified\":\"2026-04-29T19:26:37+00:00\",\"breadcrumb\":{\"@id\":\"https:\\\/\\\/eventos.ufrrj.br\\\/sembio\\\/sobre\\\/#breadcrumb\"},\"inLanguage\":\"pt-BR\",\"potentialAction\":[{\"@type\":\"ReadAction\",\"target\":[\"https:\\\/\\\/eventos.ufrrj.br\\\/sembio\\\/sobre\\\/\"]}]},{\"@type\":\"ImageObject\",\"inLanguage\":\"pt-BR\",\"@id\":\"https:\\\/\\\/eventos.ufrrj.br\\\/sembio\\\/sobre\\\/#primaryimage\",\"url\":\"http:\\\/\\\/eventos.ufrrj.br\\\/sembio\\\/files\\\/2013\\\/10\\\/Clarissa-Juliani-Vicente-renderizado-diminuido-729x1024.png\",\"contentUrl\":\"http:\\\/\\\/eventos.ufrrj.br\\\/sembio\\\/files\\\/2013\\\/10\\\/Clarissa-Juliani-Vicente-renderizado-diminuido-729x1024.png\"},{\"@type\":\"BreadcrumbList\",\"@id\":\"https:\\\/\\\/eventos.ufrrj.br\\\/sembio\\\/sobre\\\/#breadcrumb\",\"itemListElement\":[{\"@type\":\"ListItem\",\"position\":1,\"name\":\"In\u00edcio\",\"item\":\"https:\\\/\\\/eventos.ufrrj.br\\\/sembio\\\/\"},{\"@type\":\"ListItem\",\"position\":2,\"name\":\"Sobre\"}]},{\"@type\":\"WebSite\",\"@id\":\"https:\\\/\\\/eventos.ufrrj.br\\\/sembio\\\/#website\",\"url\":\"https:\\\/\\\/eventos.ufrrj.br\\\/sembio\\\/\",\"name\":\"XXXIII Semana Acad\u00eamica de Biologia\",\"description\":\"XXXIII Semana Acad\u00eamica de Biologia\",\"potentialAction\":[{\"@type\":\"SearchAction\",\"target\":{\"@type\":\"EntryPoint\",\"urlTemplate\":\"https:\\\/\\\/eventos.ufrrj.br\\\/sembio\\\/?s={search_term_string}\"},\"query-input\":{\"@type\":\"PropertyValueSpecification\",\"valueRequired\":true,\"valueName\":\"search_term_string\"}}],\"inLanguage\":\"pt-BR\"}]}<\/script>\n<!-- \/ Yoast SEO plugin. -->","yoast_head_json":{"title":"Sobre - XXXIII Semana Acad\u00eamica de Biologia","robots":{"index":"index","follow":"follow","max-snippet":"max-snippet:-1","max-image-preview":"max-image-preview:large","max-video-preview":"max-video-preview:-1"},"canonical":"https:\/\/eventos.ufrrj.br\/sembio\/sobre\/","og_locale":"pt_BR","og_type":"article","og_title":"Sobre - XXXIII Semana Acad\u00eamica de Biologia","og_description":"A SEMANA ACAD\u00caMICA DE BIOLOGIA (SEMBIO) da Universidade Federal Rural do Rio de Janeiro \u00e9 um evento anual que congrega estudantes em [&hellip;]","og_url":"https:\/\/eventos.ufrrj.br\/sembio\/sobre\/","og_site_name":"XXXIII Semana Acad\u00eamica de Biologia","article_modified_time":"2026-04-29T19:26:37+00:00","og_image":[{"url":"http:\/\/eventos.ufrrj.br\/sembio\/files\/2013\/10\/Clarissa-Juliani-Vicente-renderizado-diminuido-729x1024.png","type":"","width":"","height":""}],"twitter_card":"summary_large_image","twitter_misc":{"Est. tempo de leitura":"2 minutos"},"schema":{"@context":"https:\/\/schema.org","@graph":[{"@type":"WebPage","@id":"https:\/\/eventos.ufrrj.br\/sembio\/sobre\/","url":"https:\/\/eventos.ufrrj.br\/sembio\/sobre\/","name":"Sobre - XXXIII Semana Acad\u00eamica de Biologia","isPartOf":{"@id":"https:\/\/eventos.ufrrj.br\/sembio\/#website"},"primaryImageOfPage":{"@id":"https:\/\/eventos.ufrrj.br\/sembio\/sobre\/#primaryimage"},"image":{"@id":"https:\/\/eventos.ufrrj.br\/sembio\/sobre\/#primaryimage"},"thumbnailUrl":"http:\/\/eventos.ufrrj.br\/sembio\/files\/2013\/10\/Clarissa-Juliani-Vicente-renderizado-diminuido-729x1024.png","datePublished":"2026-04-29T19:26:35+00:00","dateModified":"2026-04-29T19:26:37+00:00","breadcrumb":{"@id":"https:\/\/eventos.ufrrj.br\/sembio\/sobre\/#breadcrumb"},"inLanguage":"pt-BR","potentialAction":[{"@type":"ReadAction","target":["https:\/\/eventos.ufrrj.br\/sembio\/sobre\/"]}]},{"@type":"ImageObject","inLanguage":"pt-BR","@id":"https:\/\/eventos.ufrrj.br\/sembio\/sobre\/#primaryimage","url":"http:\/\/eventos.ufrrj.br\/sembio\/files\/2013\/10\/Clarissa-Juliani-Vicente-renderizado-diminuido-729x1024.png","contentUrl":"http:\/\/eventos.ufrrj.br\/sembio\/files\/2013\/10\/Clarissa-Juliani-Vicente-renderizado-diminuido-729x1024.png"},{"@type":"BreadcrumbList","@id":"https:\/\/eventos.ufrrj.br\/sembio\/sobre\/#breadcrumb","itemListElement":[{"@type":"ListItem","position":1,"name":"In\u00edcio","item":"https:\/\/eventos.ufrrj.br\/sembio\/"},{"@type":"ListItem","position":2,"name":"Sobre"}]},{"@type":"WebSite","@id":"https:\/\/eventos.ufrrj.br\/sembio\/#website","url":"https:\/\/eventos.ufrrj.br\/sembio\/","name":"XXXIII Semana Acad\u00eamica de Biologia","description":"XXXIII Semana Acad\u00eamica de Biologia","potentialAction":[{"@type":"SearchAction","target":{"@type":"EntryPoint","urlTemplate":"https:\/\/eventos.ufrrj.br\/sembio\/?s={search_term_string}"},"query-input":{"@type":"PropertyValueSpecification","valueRequired":true,"valueName":"search_term_string"}}],"inLanguage":"pt-BR"}]}},"_links":{"self":[{"href":"https:\/\/eventos.ufrrj.br\/sembio\/wp-json\/wp\/v2\/pages\/431","targetHints":{"allow":["GET"]}}],"collection":[{"href":"https:\/\/eventos.ufrrj.br\/sembio\/wp-json\/wp\/v2\/pages"}],"about":[{"href":"https:\/\/eventos.ufrrj.br\/sembio\/wp-json\/wp\/v2\/types\/page"}],"author":[{"embeddable":true,"href":"https:\/\/eventos.ufrrj.br\/sembio\/wp-json\/wp\/v2\/users\/25"}],"replies":[{"embeddable":true,"href":"https:\/\/eventos.ufrrj.br\/sembio\/wp-json\/wp\/v2\/comments?post=431"}],"version-history":[{"count":1,"href":"https:\/\/eventos.ufrrj.br\/sembio\/wp-json\/wp\/v2\/pages\/431\/revisions"}],"predecessor-version":[{"id":432,"href":"https:\/\/eventos.ufrrj.br\/sembio\/wp-json\/wp\/v2\/pages\/431\/revisions\/432"}],"wp:attachment":[{"href":"https:\/\/eventos.ufrrj.br\/sembio\/wp-json\/wp\/v2\/media?parent=431"}],"wp:term":[{"taxonomy":"post_tag","embeddable":true,"href":"https:\/\/eventos.ufrrj.br\/sembio\/wp-json\/wp\/v2\/tags?post=431"}],"curies":[{"name":"wp","href":"https:\/\/api.w.org\/{rel}","templated":true}]}}

<p>A SEMANA ACADÊMICA DE BIOLOGIA (SEMBIO) da Universidade Federal Rural do Rio de Janeiro é um evento anual que congrega estudantes em uma programação de apresentação de trabalhos científicos em painéis, palestras, oficinas, mesas-redondas e outros eventos culturais relacionados com as Ciências Biológicas e o mercado de trabalho do Biólogo.</p>



<p>A <strong>XXXV&nbsp;SEMBIO</strong> será realizada no período de 05 a 09 de outubro de 2015, nas dependências do Instituto de Biologia da UFRuralRJ, no Município de Seropédica (RJ). O tema principal escolhido este ano para é “Biologia Aplicada ao Século XXI”, buscando uma melhor compreensão da importância do papel da nossa profissão&nbsp;no âmbito de áreas em que o biólogo atua e em áreas pouco conhecidas. Serão discutidos os caminhos que a Biologia deve seguir para uma maior ação na sociedade e compreensão do papel do biólogo, promovendo o desenvolvimento sustentável.</p>


<div class="wp-block-image">
<figure class="aligncenter"><a href="http://eventos.ufrrj.br/sembio/files/2013/10/Clarissa-Juliani-Vicente-renderizado-diminuido.png" target="_blank" rel="noreferrer noopener"><img decoding="async" src="http://eventos.ufrrj.br/sembio/files/2013/10/Clarissa-Juliani-Vicente-renderizado-diminuido-729x1024.png" alt=""/></a></figure>
</div>


<p>Imagem por: Clarissa Juliani Vicente &#8211; Relações Internacionais. &#8211; Vencedora do Concurso do Logo da Sembio 2015.</p>

<p>A SEMANA ACADÊMICA DE BIOLOGIA (SEMBIO) da Universidade Federal Rural do Rio de Janeiro é um evento anual que congrega estudantes em [&hellip;]</p>

<!-- This site is optimized with the Yoast SEO plugin v27.5 - https://yoast.com/product/yoast-seo-wordpress/ -->
<title>Sobre - XXXIII Semana Acadêmica de Biologia</title>
<meta name="robots" content="index, follow, max-snippet:-1, max-image-preview:large, max-video-preview:-1" />
<link rel="canonical" href="https://eventos.ufrrj.br/sembio/sobre/" />
<meta property="og:locale" content="pt_BR" />
<meta property="og:type" content="article" />
<meta property="og:title" content="Sobre - XXXIII Semana Acadêmica de Biologia" />
<meta property="og:description" content="A SEMANA ACADÊMICA DE BIOLOGIA (SEMBIO) da Universidade Federal Rural do Rio de Janeiro é um evento anual que congrega estudantes em [&hellip;]" />
<meta property="og:url" content="https://eventos.ufrrj.br/sembio/sobre/" />
<meta property="og:site_name" content="XXXIII Semana Acadêmica de Biologia" />
<meta property="article:modified_time" content="2026-04-29T19:26:37+00:00" />
<meta property="og:image" content="http://eventos.ufrrj.br/sembio/files/2013/10/Clarissa-Juliani-Vicente-renderizado-diminuido-729x1024.png" />
<meta name="twitter:card" content="summary_large_image" />
<meta name="twitter:label1" content="Est. tempo de leitura" />
	<meta name="twitter:data1" content="2 minutos" />
<script type="application/ld+json" class="yoast-schema-graph">{"@context":"https:\/\/schema.org","@graph":[{"@type":"WebPage","@id":"https:\/\/eventos.ufrrj.br\/sembio\/sobre\/","url":"https:\/\/eventos.ufrrj.br\/sembio\/sobre\/","name":"Sobre - XXXIII Semana Acadêmica de Biologia","isPartOf":{"@id":"https:\/\/eventos.ufrrj.br\/sembio\/#website"},"primaryImageOfPage":{"@id":"https:\/\/eventos.ufrrj.br\/sembio\/sobre\/#primaryimage"},"image":{"@id":"https:\/\/eventos.ufrrj.br\/sembio\/sobre\/#primaryimage"},"thumbnailUrl":"http:\/\/eventos.ufrrj.br\/sembio\/files\/2013\/10\/Clarissa-Juliani-Vicente-renderizado-diminuido-729x1024.png","datePublished":"2026-04-29T19:26:35+00:00","dateModified":"2026-04-29T19:26:37+00:00","breadcrumb":{"@id":"https:\/\/eventos.ufrrj.br\/sembio\/sobre\/#breadcrumb"},"inLanguage":"pt-BR","potentialAction":[{"@type":"ReadAction","target":["https:\/\/eventos.ufrrj.br\/sembio\/sobre\/"]}]},{"@type":"ImageObject","inLanguage":"pt-BR","@id":"https:\/\/eventos.ufrrj.br\/sembio\/sobre\/#primaryimage","url":"http:\/\/eventos.ufrrj.br\/sembio\/files\/2013\/10\/Clarissa-Juliani-Vicente-renderizado-diminuido-729x1024.png","contentUrl":"http:\/\/eventos.ufrrj.br\/sembio\/files\/2013\/10\/Clarissa-Juliani-Vicente-renderizado-diminuido-729x1024.png"},{"@type":"BreadcrumbList","@id":"https:\/\/eventos.ufrrj.br\/sembio\/sobre\/#breadcrumb","itemListElement":[{"@type":"ListItem","position":1,"name":"Início","item":"https:\/\/eventos.ufrrj.br\/sembio\/"},{"@type":"ListItem","position":2,"name":"Sobre"}]},{"@type":"WebSite","@id":"https:\/\/eventos.ufrrj.br\/sembio\/#website","url":"https:\/\/eventos.ufrrj.br\/sembio\/","name":"XXXIII Semana Acadêmica de Biologia","description":"XXXIII Semana Acadêmica de Biologia","potentialAction":[{"@type":"SearchAction","target":{"@type":"EntryPoint","urlTemplate":"https:\/\/eventos.ufrrj.br\/sembio\/?s={search_term_string}"},"query-input":{"@type":"PropertyValueSpecification","valueRequired":true,"valueName":"search_term_string"}}],"inLanguage":"pt-BR"}]}</script>
<!-- / Yoast SEO plugin. -->

Sobre - XXXIII Semana Acadêmica de Biologia

A SEMANA ACADÊMICA DE BIOLOGIA (SEMBIO) da Universidade Federal Rural do Rio de Janeiro é um evento anual que congrega estudantes em [&hellip;]

XXXIII Semana Acadêmica de Biologia

Início
