{"id":229,"date":"2015-09-12T15:12:20","date_gmt":"2015-09-12T15:12:20","guid":{"rendered":"http:\/\/eventos.ufrrj.br\/sembio\/?page_id=229"},"modified":"2015-09-19T02:19:22","modified_gmt":"2015-09-19T02:19:22","slug":"pibid","status":"publish","type":"page","link":"https:\/\/eventos.ufrrj.br\/sembio\/pibid\/","title":{"rendered":"PIBID"},"content":{"rendered":"<p><span style=\"color: #000080\">\u00a0Como parte da programa\u00e7\u00e3o da <strong>XXXV Semana Acad\u00eamica de Biologia da UFRRJ<\/strong>, o PIBID Ci\u00eancias Biol\u00f3gicas realizar\u00e1 o <strong>II PIBID Ci\u00eancias Biol\u00f3gicas de Portas Abertas <\/strong>que visa aproximar a comunidade acad\u00eamica das atividades desenvolvidas pelo subprojeto. Assim,\u00a0haver\u00e1\u00a0a exposi\u00e7\u00e3o de uma s\u00e9rie de materiais did\u00e1ticos j\u00e1 confeccionados pelos bolsistas. O PIBID tamb\u00e9m ministrar\u00e1 4 oficinas de ensino realizadas pelos grupos que atuam nas\u00a0quatros escolas do munic\u00edpio de Serop\u00e9dica contempladas pelo subprojeto.<\/span><\/p>\n<p>&nbsp;<\/p>\n<p style=\"text-align: center\"><img loading=\"lazy\" decoding=\"async\" class=\"aligncenter wp-image-231 size-large\" src=\"http:\/\/eventos.ufrrj.br\/sembio\/files\/2015\/09\/image-0001-768x1024.jpg\" alt=\"image-0001\" width=\"768\" height=\"1024\" srcset=\"https:\/\/eventos.ufrrj.br\/sembio\/files\/2015\/09\/image-0001-768x1024.jpg 768w, https:\/\/eventos.ufrrj.br\/sembio\/files\/2015\/09\/image-0001-225x300.jpg 225w\" sizes=\"auto, (max-width: 768px) 100vw, 768px\" \/><\/p>\n<p style=\"text-align: center\"><span style=\"color: #000000\">As inscri\u00e7\u00f5es nas oficinas poder\u00e3o ser feitas a partir da ter\u00e7a-feira (06\/10)\u00a0e ser\u00e3o gratuitas! (*)<\/span><\/p>\n<p style=\"text-align: center\">\u00a0<\/p>\n<p style=\"text-align: center\"><span style=\"color: #000000\"><strong><span style=\"text-decoration: underline\">OFICINAS<\/span><\/strong><\/span><\/p>\n<p style=\"text-align: center\">\u00a0<\/p>\n<p><span style=\"color: #0000ff\"><strong>1. O mundo invis\u00edvel das bact\u00e9rias: modelos pr\u00e1ticos na constru\u00e7\u00e3o do ensino<\/strong><\/span><\/p>\n<p><span style=\"color: #000000\">Ministrada pelos bolsistas da E. E. M. Olavo Bilac<\/span><\/p>\n<p><span style=\"color: #000000\">Hor\u00e1rio: 13-15h<\/span><\/p>\n<p><span style=\"color: #000000\">(20 vagas)<\/span><\/p>\n<p>&nbsp;<\/p>\n<p><span style=\"color: #0000ff\"><strong>2. Confec\u00e7\u00e3o de Mosquit\u00e9rica<\/strong><\/span><\/p>\n<p><span style=\"color: #000000\">Ministrada pelos bolsistas da E. M. At\u00edlio Gr\u00e9gio<\/span><\/p>\n<p><span style=\"color: #000000\">Hor\u00e1rio: 13-15h<\/span><\/p>\n<p><span style=\"color: #000000\">(20 vagas)<\/span><\/p>\n<p>&nbsp;<\/p>\n<p><span style=\"color: #0000ff\"><strong>3. Qu\u00edmica e F\u00edsica no Ensino Fundamental: propostas de aulas pr\u00e1ticas<\/strong><\/span><\/p>\n<p><span style=\"color: #000000\">Ministradas pelos bolsistas da E. M. Gilson Silva<\/span><\/p>\n<p><span style=\"color: #000000\">Hor\u00e1rio: 15:30-17:30h<\/span><\/p>\n<p><span style=\"color: #000000\">(20 vagas)<\/span><\/p>\n<p>&nbsp;<\/p>\n<p><strong><span style=\"color: #0000ff\">4. Jogo da Mem\u00f3ria da Biodiversidade<\/span><\/strong><\/p>\n<p><span style=\"color: #000000\">Ministrada pelos bolsistas da E. M. Promotor de Justi\u00e7a Dr. Andr\u00e9 Luiz Mattos de Magalh\u00e3es Peres<\/span><\/p>\n<p><span style=\"color: #000000\">Hor\u00e1rio: 15:30-17:30h<\/span><\/p>\n<p><span style=\"color: #000000\">(20 vagas)<\/span><\/p>\n<p>&nbsp;<\/p>\n<p>(*) <em>haver\u00e1 emiss\u00e3o de certificados para todas as oficinas<\/em><\/p>\n","protected":false},"excerpt":{"rendered":"<p>\u00a0Como parte da programa\u00e7\u00e3o da XXXV Semana Acad\u00eamica de Biologia da UFRRJ, o PIBID Ci\u00eancias Biol\u00f3gicas realizar\u00e1 o II PIBID Ci\u00eancias Biol\u00f3gicas [&hellip;]<\/p>\n","protected":false},"author":8,"featured_media":0,"parent":0,"menu_order":0,"comment_status":"open","ping_status":"open","template":"","meta":{"_acf_changed":false,"footnotes":""},"tags":[],"class_list":["post-229","page","type-page","status-publish","hentry"],"acf":[],"yoast_head":"<!-- This site is optimized with the Yoast SEO plugin v27.5 - https:\/\/yoast.com\/product\/yoast-seo-wordpress\/ -->\n<title>PIBID - XXXIII Semana Acad\u00eamica de Biologia<\/title>\n<meta name=\"robots\" content=\"index, follow, max-snippet:-1, max-image-preview:large, max-video-preview:-1\" \/>\n<link rel=\"canonical\" href=\"https:\/\/eventos.ufrrj.br\/sembio\/pibid\/\" \/>\n<meta property=\"og:locale\" content=\"pt_BR\" \/>\n<meta property=\"og:type\" content=\"article\" \/>\n<meta property=\"og:title\" content=\"PIBID - XXXIII Semana Acad\u00eamica de Biologia\" \/>\n<meta property=\"og:description\" content=\"\u00a0Como parte da programa\u00e7\u00e3o da XXXV Semana Acad\u00eamica de Biologia da UFRRJ, o PIBID Ci\u00eancias Biol\u00f3gicas realizar\u00e1 o II PIBID Ci\u00eancias Biol\u00f3gicas [&hellip;]\" \/>\n<meta property=\"og:url\" content=\"https:\/\/eventos.ufrrj.br\/sembio\/pibid\/\" \/>\n<meta property=\"og:site_name\" content=\"XXXIII Semana Acad\u00eamica de Biologia\" \/>\n<meta property=\"article:modified_time\" content=\"2015-09-19T02:19:22+00:00\" \/>\n<meta property=\"og:image\" content=\"https:\/\/eventos.ufrrj.br\/sembio\/files\/2015\/09\/image-0001.jpg\" \/>\n\t<meta property=\"og:image:width\" content=\"3544\" \/>\n\t<meta property=\"og:image:height\" content=\"4725\" \/>\n\t<meta property=\"og:image:type\" content=\"image\/jpeg\" \/>\n<meta name=\"twitter:card\" content=\"summary_large_image\" \/>\n<meta name=\"twitter:label1\" content=\"Est. tempo de leitura\" \/>\n\t<meta name=\"twitter:data1\" content=\"1 minuto\" \/>\n<script type=\"application\/ld+json\" class=\"yoast-schema-graph\">{\"@context\":\"https:\\\/\\\/schema.org\",\"@graph\":[{\"@type\":\"WebPage\",\"@id\":\"https:\\\/\\\/eventos.ufrrj.br\\\/sembio\\\/pibid\\\/\",\"url\":\"https:\\\/\\\/eventos.ufrrj.br\\\/sembio\\\/pibid\\\/\",\"name\":\"PIBID - XXXIII Semana Acad\u00eamica de Biologia\",\"isPartOf\":{\"@id\":\"https:\\\/\\\/eventos.ufrrj.br\\\/sembio\\\/#website\"},\"primaryImageOfPage\":{\"@id\":\"https:\\\/\\\/eventos.ufrrj.br\\\/sembio\\\/pibid\\\/#primaryimage\"},\"image\":{\"@id\":\"https:\\\/\\\/eventos.ufrrj.br\\\/sembio\\\/pibid\\\/#primaryimage\"},\"thumbnailUrl\":\"http:\\\/\\\/eventos.ufrrj.br\\\/sembio\\\/files\\\/2015\\\/09\\\/image-0001-768x1024.jpg\",\"datePublished\":\"2015-09-12T15:12:20+00:00\",\"dateModified\":\"2015-09-19T02:19:22+00:00\",\"breadcrumb\":{\"@id\":\"https:\\\/\\\/eventos.ufrrj.br\\\/sembio\\\/pibid\\\/#breadcrumb\"},\"inLanguage\":\"pt-BR\",\"potentialAction\":[{\"@type\":\"ReadAction\",\"target\":[\"https:\\\/\\\/eventos.ufrrj.br\\\/sembio\\\/pibid\\\/\"]}]},{\"@type\":\"ImageObject\",\"inLanguage\":\"pt-BR\",\"@id\":\"https:\\\/\\\/eventos.ufrrj.br\\\/sembio\\\/pibid\\\/#primaryimage\",\"url\":\"https:\\\/\\\/eventos.ufrrj.br\\\/sembio\\\/files\\\/2015\\\/09\\\/image-0001.jpg\",\"contentUrl\":\"https:\\\/\\\/eventos.ufrrj.br\\\/sembio\\\/files\\\/2015\\\/09\\\/image-0001.jpg\",\"width\":3544,\"height\":4725},{\"@type\":\"BreadcrumbList\",\"@id\":\"https:\\\/\\\/eventos.ufrrj.br\\\/sembio\\\/pibid\\\/#breadcrumb\",\"itemListElement\":[{\"@type\":\"ListItem\",\"position\":1,\"name\":\"In\u00edcio\",\"item\":\"https:\\\/\\\/eventos.ufrrj.br\\\/sembio\\\/\"},{\"@type\":\"ListItem\",\"position\":2,\"name\":\"PIBID\"}]},{\"@type\":\"WebSite\",\"@id\":\"https:\\\/\\\/eventos.ufrrj.br\\\/sembio\\\/#website\",\"url\":\"https:\\\/\\\/eventos.ufrrj.br\\\/sembio\\\/\",\"name\":\"XXXIII Semana Acad\u00eamica de Biologia\",\"description\":\"XXXIII Semana Acad\u00eamica de Biologia\",\"potentialAction\":[{\"@type\":\"SearchAction\",\"target\":{\"@type\":\"EntryPoint\",\"urlTemplate\":\"https:\\\/\\\/eventos.ufrrj.br\\\/sembio\\\/?s={search_term_string}\"},\"query-input\":{\"@type\":\"PropertyValueSpecification\",\"valueRequired\":true,\"valueName\":\"search_term_string\"}}],\"inLanguage\":\"pt-BR\"}]}<\/script>\n<!-- \/ Yoast SEO plugin. -->","yoast_head_json":{"title":"PIBID - XXXIII Semana Acad\u00eamica de Biologia","robots":{"index":"index","follow":"follow","max-snippet":"max-snippet:-1","max-image-preview":"max-image-preview:large","max-video-preview":"max-video-preview:-1"},"canonical":"https:\/\/eventos.ufrrj.br\/sembio\/pibid\/","og_locale":"pt_BR","og_type":"article","og_title":"PIBID - XXXIII Semana Acad\u00eamica de Biologia","og_description":"\u00a0Como parte da programa\u00e7\u00e3o da XXXV Semana Acad\u00eamica de Biologia da UFRRJ, o PIBID Ci\u00eancias Biol\u00f3gicas realizar\u00e1 o II PIBID Ci\u00eancias Biol\u00f3gicas [&hellip;]","og_url":"https:\/\/eventos.ufrrj.br\/sembio\/pibid\/","og_site_name":"XXXIII Semana Acad\u00eamica de Biologia","article_modified_time":"2015-09-19T02:19:22+00:00","og_image":[{"width":3544,"height":4725,"url":"https:\/\/eventos.ufrrj.br\/sembio\/files\/2015\/09\/image-0001.jpg","type":"image\/jpeg"}],"twitter_card":"summary_large_image","twitter_misc":{"Est. tempo de leitura":"1 minuto"},"schema":{"@context":"https:\/\/schema.org","@graph":[{"@type":"WebPage","@id":"https:\/\/eventos.ufrrj.br\/sembio\/pibid\/","url":"https:\/\/eventos.ufrrj.br\/sembio\/pibid\/","name":"PIBID - XXXIII Semana Acad\u00eamica de Biologia","isPartOf":{"@id":"https:\/\/eventos.ufrrj.br\/sembio\/#website"},"primaryImageOfPage":{"@id":"https:\/\/eventos.ufrrj.br\/sembio\/pibid\/#primaryimage"},"image":{"@id":"https:\/\/eventos.ufrrj.br\/sembio\/pibid\/#primaryimage"},"thumbnailUrl":"http:\/\/eventos.ufrrj.br\/sembio\/files\/2015\/09\/image-0001-768x1024.jpg","datePublished":"2015-09-12T15:12:20+00:00","dateModified":"2015-09-19T02:19:22+00:00","breadcrumb":{"@id":"https:\/\/eventos.ufrrj.br\/sembio\/pibid\/#breadcrumb"},"inLanguage":"pt-BR","potentialAction":[{"@type":"ReadAction","target":["https:\/\/eventos.ufrrj.br\/sembio\/pibid\/"]}]},{"@type":"ImageObject","inLanguage":"pt-BR","@id":"https:\/\/eventos.ufrrj.br\/sembio\/pibid\/#primaryimage","url":"https:\/\/eventos.ufrrj.br\/sembio\/files\/2015\/09\/image-0001.jpg","contentUrl":"https:\/\/eventos.ufrrj.br\/sembio\/files\/2015\/09\/image-0001.jpg","width":3544,"height":4725},{"@type":"BreadcrumbList","@id":"https:\/\/eventos.ufrrj.br\/sembio\/pibid\/#breadcrumb","itemListElement":[{"@type":"ListItem","position":1,"name":"In\u00edcio","item":"https:\/\/eventos.ufrrj.br\/sembio\/"},{"@type":"ListItem","position":2,"name":"PIBID"}]},{"@type":"WebSite","@id":"https:\/\/eventos.ufrrj.br\/sembio\/#website","url":"https:\/\/eventos.ufrrj.br\/sembio\/","name":"XXXIII Semana Acad\u00eamica de Biologia","description":"XXXIII Semana Acad\u00eamica de Biologia","potentialAction":[{"@type":"SearchAction","target":{"@type":"EntryPoint","urlTemplate":"https:\/\/eventos.ufrrj.br\/sembio\/?s={search_term_string}"},"query-input":{"@type":"PropertyValueSpecification","valueRequired":true,"valueName":"search_term_string"}}],"inLanguage":"pt-BR"}]}},"_links":{"self":[{"href":"https:\/\/eventos.ufrrj.br\/sembio\/wp-json\/wp\/v2\/pages\/229","targetHints":{"allow":["GET"]}}],"collection":[{"href":"https:\/\/eventos.ufrrj.br\/sembio\/wp-json\/wp\/v2\/pages"}],"about":[{"href":"https:\/\/eventos.ufrrj.br\/sembio\/wp-json\/wp\/v2\/types\/page"}],"author":[{"embeddable":true,"href":"https:\/\/eventos.ufrrj.br\/sembio\/wp-json\/wp\/v2\/users\/8"}],"replies":[{"embeddable":true,"href":"https:\/\/eventos.ufrrj.br\/sembio\/wp-json\/wp\/v2\/comments?post=229"}],"version-history":[{"count":9,"href":"https:\/\/eventos.ufrrj.br\/sembio\/wp-json\/wp\/v2\/pages\/229\/revisions"}],"predecessor-version":[{"id":329,"href":"https:\/\/eventos.ufrrj.br\/sembio\/wp-json\/wp\/v2\/pages\/229\/revisions\/329"}],"wp:attachment":[{"href":"https:\/\/eventos.ufrrj.br\/sembio\/wp-json\/wp\/v2\/media?parent=229"}],"wp:term":[{"taxonomy":"post_tag","embeddable":true,"href":"https:\/\/eventos.ufrrj.br\/sembio\/wp-json\/wp\/v2\/tags?post=229"}],"curies":[{"name":"wp","href":"https:\/\/api.w.org\/{rel}","templated":true}]}}

<p><span style="color: #000080"> Como parte da programação da <strong>XXXV Semana Acadêmica de Biologia da UFRRJ</strong>, o PIBID Ciências Biológicas realizará o <strong>II PIBID Ciências Biológicas de Portas Abertas </strong>que visa aproximar a comunidade acadêmica das atividades desenvolvidas pelo subprojeto. Assim, haverá a exposição de uma série de materiais didáticos já confeccionados pelos bolsistas. O PIBID também ministrará 4 oficinas de ensino realizadas pelos grupos que atuam nas quatros escolas do município de Seropédica contempladas pelo subprojeto.</span></p>
<p>&nbsp;</p>
<p style="text-align: center"><img loading="lazy" decoding="async" class="aligncenter wp-image-231 size-large" src="http://eventos.ufrrj.br/sembio/files/2015/09/image-0001-768x1024.jpg" alt="image-0001" width="768" height="1024" srcset="https://eventos.ufrrj.br/sembio/files/2015/09/image-0001-768x1024.jpg 768w, https://eventos.ufrrj.br/sembio/files/2015/09/image-0001-225x300.jpg 225w" sizes="auto, (max-width: 768px) 100vw, 768px" /></p>
<p style="text-align: center"><span style="color: #000000">As inscrições nas oficinas poderão ser feitas a partir da terça-feira (06/10) e serão gratuitas! (*)</span></p>
<p style="text-align: center"> </p>
<p style="text-align: center"><span style="color: #000000"><strong><span style="text-decoration: underline">OFICINAS</span></strong></span></p>
<p style="text-align: center"> </p>
<p><span style="color: #0000ff"><strong>1. O mundo invisível das bactérias: modelos práticos na construção do ensino</strong></span></p>
<p><span style="color: #000000">Ministrada pelos bolsistas da E. E. M. Olavo Bilac</span></p>
<p><span style="color: #000000">Horário: 13-15h</span></p>
<p><span style="color: #000000">(20 vagas)</span></p>
<p>&nbsp;</p>
<p><span style="color: #0000ff"><strong>2. Confecção de Mosquitérica</strong></span></p>
<p><span style="color: #000000">Ministrada pelos bolsistas da E. M. Atílio Grégio</span></p>
<p><span style="color: #000000">Horário: 13-15h</span></p>
<p><span style="color: #000000">(20 vagas)</span></p>
<p>&nbsp;</p>
<p><span style="color: #0000ff"><strong>3. Química e Física no Ensino Fundamental: propostas de aulas práticas</strong></span></p>
<p><span style="color: #000000">Ministradas pelos bolsistas da E. M. Gilson Silva</span></p>
<p><span style="color: #000000">Horário: 15:30-17:30h</span></p>
<p><span style="color: #000000">(20 vagas)</span></p>
<p>&nbsp;</p>
<p><strong><span style="color: #0000ff">4. Jogo da Memória da Biodiversidade</span></strong></p>
<p><span style="color: #000000">Ministrada pelos bolsistas da E. M. Promotor de Justiça Dr. André Luiz Mattos de Magalhães Peres</span></p>
<p><span style="color: #000000">Horário: 15:30-17:30h</span></p>
<p><span style="color: #000000">(20 vagas)</span></p>
<p>&nbsp;</p>
<p>(*) <em>haverá emissão de certificados para todas as oficinas</em></p>

<p> Como parte da programação da XXXV Semana Acadêmica de Biologia da UFRRJ, o PIBID Ciências Biológicas realizará o II PIBID Ciências Biológicas [&hellip;]</p>

<!-- This site is optimized with the Yoast SEO plugin v27.5 - https://yoast.com/product/yoast-seo-wordpress/ -->
<title>PIBID - XXXIII Semana Acadêmica de Biologia</title>
<meta name="robots" content="index, follow, max-snippet:-1, max-image-preview:large, max-video-preview:-1" />
<link rel="canonical" href="https://eventos.ufrrj.br/sembio/pibid/" />
<meta property="og:locale" content="pt_BR" />
<meta property="og:type" content="article" />
<meta property="og:title" content="PIBID - XXXIII Semana Acadêmica de Biologia" />
<meta property="og:description" content=" Como parte da programação da XXXV Semana Acadêmica de Biologia da UFRRJ, o PIBID Ciências Biológicas realizará o II PIBID Ciências Biológicas [&hellip;]" />
<meta property="og:url" content="https://eventos.ufrrj.br/sembio/pibid/" />
<meta property="og:site_name" content="XXXIII Semana Acadêmica de Biologia" />
<meta property="article:modified_time" content="2015-09-19T02:19:22+00:00" />
<meta property="og:image" content="https://eventos.ufrrj.br/sembio/files/2015/09/image-0001.jpg" />
	<meta property="og:image:width" content="3544" />
	<meta property="og:image:height" content="4725" />
	<meta property="og:image:type" content="image/jpeg" />
<meta name="twitter:card" content="summary_large_image" />
<meta name="twitter:label1" content="Est. tempo de leitura" />
	<meta name="twitter:data1" content="1 minuto" />
<script type="application/ld+json" class="yoast-schema-graph">{"@context":"https:\/\/schema.org","@graph":[{"@type":"WebPage","@id":"https:\/\/eventos.ufrrj.br\/sembio\/pibid\/","url":"https:\/\/eventos.ufrrj.br\/sembio\/pibid\/","name":"PIBID - XXXIII Semana Acadêmica de Biologia","isPartOf":{"@id":"https:\/\/eventos.ufrrj.br\/sembio\/#website"},"primaryImageOfPage":{"@id":"https:\/\/eventos.ufrrj.br\/sembio\/pibid\/#primaryimage"},"image":{"@id":"https:\/\/eventos.ufrrj.br\/sembio\/pibid\/#primaryimage"},"thumbnailUrl":"http:\/\/eventos.ufrrj.br\/sembio\/files\/2015\/09\/image-0001-768x1024.jpg","datePublished":"2015-09-12T15:12:20+00:00","dateModified":"2015-09-19T02:19:22+00:00","breadcrumb":{"@id":"https:\/\/eventos.ufrrj.br\/sembio\/pibid\/#breadcrumb"},"inLanguage":"pt-BR","potentialAction":[{"@type":"ReadAction","target":["https:\/\/eventos.ufrrj.br\/sembio\/pibid\/"]}]},{"@type":"ImageObject","inLanguage":"pt-BR","@id":"https:\/\/eventos.ufrrj.br\/sembio\/pibid\/#primaryimage","url":"https:\/\/eventos.ufrrj.br\/sembio\/files\/2015\/09\/image-0001.jpg","contentUrl":"https:\/\/eventos.ufrrj.br\/sembio\/files\/2015\/09\/image-0001.jpg","width":3544,"height":4725},{"@type":"BreadcrumbList","@id":"https:\/\/eventos.ufrrj.br\/sembio\/pibid\/#breadcrumb","itemListElement":[{"@type":"ListItem","position":1,"name":"Início","item":"https:\/\/eventos.ufrrj.br\/sembio\/"},{"@type":"ListItem","position":2,"name":"PIBID"}]},{"@type":"WebSite","@id":"https:\/\/eventos.ufrrj.br\/sembio\/#website","url":"https:\/\/eventos.ufrrj.br\/sembio\/","name":"XXXIII Semana Acadêmica de Biologia","description":"XXXIII Semana Acadêmica de Biologia","potentialAction":[{"@type":"SearchAction","target":{"@type":"EntryPoint","urlTemplate":"https:\/\/eventos.ufrrj.br\/sembio\/?s={search_term_string}"},"query-input":{"@type":"PropertyValueSpecification","valueRequired":true,"valueName":"search_term_string"}}],"inLanguage":"pt-BR"}]}</script>
<!-- / Yoast SEO plugin. -->

PIBID - XXXIII Semana Acadêmica de Biologia

Como parte da programação da XXXV Semana Acadêmica de Biologia da UFRRJ, o PIBID Ciências Biológicas realizará o II PIBID Ciências Biológicas [&hellip;]

XXXIII Semana Acadêmica de Biologia

Início
