{"id":15,"date":"2013-10-09T18:49:30","date_gmt":"2013-10-09T18:49:30","guid":{"rendered":"http:\/\/eventos.ufrrj.br\/sembio\/?page_id=15"},"modified":"2015-09-04T03:48:24","modified_gmt":"2015-09-04T03:48:24","slug":"concursos","status":"publish","type":"page","link":"https:\/\/eventos.ufrrj.br\/sembio\/concursos\/","title":{"rendered":"Concursos"},"content":{"rendered":"<h1><span style=\"text-decoration: underline\"><strong><span style=\"color: #ff0000\">Painel:<\/span><\/strong><\/span><\/h1>\n<p><span style=\"color: #000080\"><strong><span style=\"font-size: 14px\">Para o Painel, \u00e9 necess\u00e1rio submeter o resumo no momento da inscri\u00e7\u00e3o. Todos que apresentarem receber\u00e3o o certificado comprovando a apresenta\u00e7\u00e3o do mesmo. Os crit\u00e9rios para a avalia\u00e7\u00e3o do trabalho vencedor ser\u00e3o:<\/span><\/strong><\/span><\/p>\n<p><span style=\"color: #000080\"><strong><span style=\"font-size: 14px\">Tema<\/span><\/strong><\/span><\/p>\n<p><span style=\"color: #000080\"><strong><span style=\"font-size: 14px\">Desenvolvimento<\/span><\/strong><\/span><\/p>\n<p><span style=\"color: #000080\"><strong><span style=\"font-size: 14px\">Aplicabilidade\/Import\u00e2ncia do Estudo.<\/span><\/strong><\/span><\/p>\n<p><strong>O vencedor ter\u00e1 como pr\u00eamio um vale no valor de R$120,00 para us\u00e1-lo na Technical Books.<\/strong><\/p>\n<p>&nbsp;<\/p>\n<h1><span style=\"color: #ff0000\"><strong><span style=\"text-decoration: underline\">Fotografia:<\/span><\/strong><\/span><\/h1>\n<p><span style=\"color: #0000cd\"><span style=\"font-size: 14px\"><strong>Para participar do concurso basta apresentar as fotos durante o credenciamento, no primeiro dia da semana! Cada participante pode concorrer com at\u00e9 cinco (05) fotos!<\/strong><\/span><\/span><\/p>\n<p>&nbsp;<\/p>\n<p><span style=\"color: #0000cd\"><span style=\"text-decoration: underline\"><strong>E<span style=\"font-size: 14px\">specifica\u00e7\u00f5es para a fotografia:<\/span><\/strong><\/span><\/span><\/p>\n<p><span style=\"color: #0000cd\"><strong><span style=\"font-size: 14px\">A Foto dever\u00e1 ter rela\u00e7\u00e3o com a biologia e tema livre<\/span><\/strong><\/span><\/p>\n<p><span style=\"color: #0000cd\"><strong><span style=\"font-size: 14px\">Foto dever\u00e1 ser impressa em papel fosco;<\/span><\/strong><\/span><\/p>\n<p><span style=\"color: #0000cd\"><strong><span style=\"font-size: 14px\">Tamanho 20&#215;25 cm;<\/span><\/strong><\/span><\/p>\n<p><span style=\"color: #0000cd\"><strong><span style=\"font-size: 14px\">Deve ser de autoria pr\u00f3pria e sem manipula\u00e7\u00e3o de imagem.<\/span><\/strong><\/span><\/p>\n<p><span style=\"color: #0000cd\"><strong><span style=\"font-size: 14px\">Deve conter um t\u00edtulo e n\u00e3o deve conter nenhuma identifica\u00e7\u00e3o do autor.<\/span><\/strong><\/span><\/p>\n<p>&nbsp;<\/p>\n<p><strong>O vencedor ter\u00e1 como pr\u00eamio um vale no valor de R$120,00 para us\u00e1-lo na Technical Books.<\/strong><\/p>\n","protected":false},"excerpt":{"rendered":"<p>Painel: Para o Painel, \u00e9 necess\u00e1rio submeter o resumo no momento da inscri\u00e7\u00e3o. Todos que apresentarem receber\u00e3o o certificado comprovando a apresenta\u00e7\u00e3o [&hellip;]<\/p>\n","protected":false},"author":8,"featured_media":0,"parent":0,"menu_order":0,"comment_status":"open","ping_status":"open","template":"","meta":{"_acf_changed":false,"footnotes":""},"tags":[],"class_list":["post-15","page","type-page","status-publish","hentry"],"acf":[],"yoast_head":"<!-- This site is optimized with the Yoast SEO plugin v27.5 - https:\/\/yoast.com\/product\/yoast-seo-wordpress\/ -->\n<title>Concursos - XXXIII Semana Acad\u00eamica de Biologia<\/title>\n<meta name=\"robots\" content=\"index, follow, max-snippet:-1, max-image-preview:large, max-video-preview:-1\" \/>\n<link rel=\"canonical\" href=\"https:\/\/eventos.ufrrj.br\/sembio\/concursos\/\" \/>\n<meta property=\"og:locale\" content=\"pt_BR\" \/>\n<meta property=\"og:type\" content=\"article\" \/>\n<meta property=\"og:title\" content=\"Concursos - XXXIII Semana Acad\u00eamica de Biologia\" \/>\n<meta property=\"og:description\" content=\"Painel: Para o Painel, \u00e9 necess\u00e1rio submeter o resumo no momento da inscri\u00e7\u00e3o. Todos que apresentarem receber\u00e3o o certificado comprovando a apresenta\u00e7\u00e3o [&hellip;]\" \/>\n<meta property=\"og:url\" content=\"https:\/\/eventos.ufrrj.br\/sembio\/concursos\/\" \/>\n<meta property=\"og:site_name\" content=\"XXXIII Semana Acad\u00eamica de Biologia\" \/>\n<meta property=\"article:modified_time\" content=\"2015-09-04T03:48:24+00:00\" \/>\n<meta name=\"twitter:card\" content=\"summary_large_image\" \/>\n<meta name=\"twitter:label1\" content=\"Est. tempo de leitura\" \/>\n\t<meta name=\"twitter:data1\" content=\"1 minuto\" \/>\n<script type=\"application\/ld+json\" class=\"yoast-schema-graph\">{\"@context\":\"https:\\\/\\\/schema.org\",\"@graph\":[{\"@type\":\"WebPage\",\"@id\":\"https:\\\/\\\/eventos.ufrrj.br\\\/sembio\\\/concursos\\\/\",\"url\":\"https:\\\/\\\/eventos.ufrrj.br\\\/sembio\\\/concursos\\\/\",\"name\":\"Concursos - XXXIII Semana Acad\u00eamica de Biologia\",\"isPartOf\":{\"@id\":\"https:\\\/\\\/eventos.ufrrj.br\\\/sembio\\\/#website\"},\"datePublished\":\"2013-10-09T18:49:30+00:00\",\"dateModified\":\"2015-09-04T03:48:24+00:00\",\"breadcrumb\":{\"@id\":\"https:\\\/\\\/eventos.ufrrj.br\\\/sembio\\\/concursos\\\/#breadcrumb\"},\"inLanguage\":\"pt-BR\",\"potentialAction\":[{\"@type\":\"ReadAction\",\"target\":[\"https:\\\/\\\/eventos.ufrrj.br\\\/sembio\\\/concursos\\\/\"]}]},{\"@type\":\"BreadcrumbList\",\"@id\":\"https:\\\/\\\/eventos.ufrrj.br\\\/sembio\\\/concursos\\\/#breadcrumb\",\"itemListElement\":[{\"@type\":\"ListItem\",\"position\":1,\"name\":\"In\u00edcio\",\"item\":\"https:\\\/\\\/eventos.ufrrj.br\\\/sembio\\\/\"},{\"@type\":\"ListItem\",\"position\":2,\"name\":\"Concursos\"}]},{\"@type\":\"WebSite\",\"@id\":\"https:\\\/\\\/eventos.ufrrj.br\\\/sembio\\\/#website\",\"url\":\"https:\\\/\\\/eventos.ufrrj.br\\\/sembio\\\/\",\"name\":\"XXXIII Semana Acad\u00eamica de Biologia\",\"description\":\"XXXIII Semana Acad\u00eamica de Biologia\",\"potentialAction\":[{\"@type\":\"SearchAction\",\"target\":{\"@type\":\"EntryPoint\",\"urlTemplate\":\"https:\\\/\\\/eventos.ufrrj.br\\\/sembio\\\/?s={search_term_string}\"},\"query-input\":{\"@type\":\"PropertyValueSpecification\",\"valueRequired\":true,\"valueName\":\"search_term_string\"}}],\"inLanguage\":\"pt-BR\"}]}<\/script>\n<!-- \/ Yoast SEO plugin. -->","yoast_head_json":{"title":"Concursos - XXXIII Semana Acad\u00eamica de Biologia","robots":{"index":"index","follow":"follow","max-snippet":"max-snippet:-1","max-image-preview":"max-image-preview:large","max-video-preview":"max-video-preview:-1"},"canonical":"https:\/\/eventos.ufrrj.br\/sembio\/concursos\/","og_locale":"pt_BR","og_type":"article","og_title":"Concursos - XXXIII Semana Acad\u00eamica de Biologia","og_description":"Painel: Para o Painel, \u00e9 necess\u00e1rio submeter o resumo no momento da inscri\u00e7\u00e3o. Todos que apresentarem receber\u00e3o o certificado comprovando a apresenta\u00e7\u00e3o [&hellip;]","og_url":"https:\/\/eventos.ufrrj.br\/sembio\/concursos\/","og_site_name":"XXXIII Semana Acad\u00eamica de Biologia","article_modified_time":"2015-09-04T03:48:24+00:00","twitter_card":"summary_large_image","twitter_misc":{"Est. tempo de leitura":"1 minuto"},"schema":{"@context":"https:\/\/schema.org","@graph":[{"@type":"WebPage","@id":"https:\/\/eventos.ufrrj.br\/sembio\/concursos\/","url":"https:\/\/eventos.ufrrj.br\/sembio\/concursos\/","name":"Concursos - XXXIII Semana Acad\u00eamica de Biologia","isPartOf":{"@id":"https:\/\/eventos.ufrrj.br\/sembio\/#website"},"datePublished":"2013-10-09T18:49:30+00:00","dateModified":"2015-09-04T03:48:24+00:00","breadcrumb":{"@id":"https:\/\/eventos.ufrrj.br\/sembio\/concursos\/#breadcrumb"},"inLanguage":"pt-BR","potentialAction":[{"@type":"ReadAction","target":["https:\/\/eventos.ufrrj.br\/sembio\/concursos\/"]}]},{"@type":"BreadcrumbList","@id":"https:\/\/eventos.ufrrj.br\/sembio\/concursos\/#breadcrumb","itemListElement":[{"@type":"ListItem","position":1,"name":"In\u00edcio","item":"https:\/\/eventos.ufrrj.br\/sembio\/"},{"@type":"ListItem","position":2,"name":"Concursos"}]},{"@type":"WebSite","@id":"https:\/\/eventos.ufrrj.br\/sembio\/#website","url":"https:\/\/eventos.ufrrj.br\/sembio\/","name":"XXXIII Semana Acad\u00eamica de Biologia","description":"XXXIII Semana Acad\u00eamica de Biologia","potentialAction":[{"@type":"SearchAction","target":{"@type":"EntryPoint","urlTemplate":"https:\/\/eventos.ufrrj.br\/sembio\/?s={search_term_string}"},"query-input":{"@type":"PropertyValueSpecification","valueRequired":true,"valueName":"search_term_string"}}],"inLanguage":"pt-BR"}]}},"_links":{"self":[{"href":"https:\/\/eventos.ufrrj.br\/sembio\/wp-json\/wp\/v2\/pages\/15","targetHints":{"allow":["GET"]}}],"collection":[{"href":"https:\/\/eventos.ufrrj.br\/sembio\/wp-json\/wp\/v2\/pages"}],"about":[{"href":"https:\/\/eventos.ufrrj.br\/sembio\/wp-json\/wp\/v2\/types\/page"}],"author":[{"embeddable":true,"href":"https:\/\/eventos.ufrrj.br\/sembio\/wp-json\/wp\/v2\/users\/8"}],"replies":[{"embeddable":true,"href":"https:\/\/eventos.ufrrj.br\/sembio\/wp-json\/wp\/v2\/comments?post=15"}],"version-history":[{"count":9,"href":"https:\/\/eventos.ufrrj.br\/sembio\/wp-json\/wp\/v2\/pages\/15\/revisions"}],"predecessor-version":[{"id":226,"href":"https:\/\/eventos.ufrrj.br\/sembio\/wp-json\/wp\/v2\/pages\/15\/revisions\/226"}],"wp:attachment":[{"href":"https:\/\/eventos.ufrrj.br\/sembio\/wp-json\/wp\/v2\/media?parent=15"}],"wp:term":[{"taxonomy":"post_tag","embeddable":true,"href":"https:\/\/eventos.ufrrj.br\/sembio\/wp-json\/wp\/v2\/tags?post=15"}],"curies":[{"name":"wp","href":"https:\/\/api.w.org\/{rel}","templated":true}]}}

<h1><span style="text-decoration: underline"><strong><span style="color: #ff0000">Painel:</span></strong></span></h1>
<p><span style="color: #000080"><strong><span style="font-size: 14px">Para o Painel, é necessário submeter o resumo no momento da inscrição. Todos que apresentarem receberão o certificado comprovando a apresentação do mesmo. Os critérios para a avaliação do trabalho vencedor serão:</span></strong></span></p>
<p><span style="color: #000080"><strong><span style="font-size: 14px">Tema</span></strong></span></p>
<p><span style="color: #000080"><strong><span style="font-size: 14px">Desenvolvimento</span></strong></span></p>
<p><span style="color: #000080"><strong><span style="font-size: 14px">Aplicabilidade/Importância do Estudo.</span></strong></span></p>
<p><strong>O vencedor terá como prêmio um vale no valor de R$120,00 para usá-lo na Technical Books.</strong></p>
<p>&nbsp;</p>
<h1><span style="color: #ff0000"><strong><span style="text-decoration: underline">Fotografia:</span></strong></span></h1>
<p><span style="color: #0000cd"><span style="font-size: 14px"><strong>Para participar do concurso basta apresentar as fotos durante o credenciamento, no primeiro dia da semana! Cada participante pode concorrer com até cinco (05) fotos!</strong></span></span></p>
<p>&nbsp;</p>
<p><span style="color: #0000cd"><span style="text-decoration: underline"><strong>E<span style="font-size: 14px">specificações para a fotografia:</span></strong></span></span></p>
<p><span style="color: #0000cd"><strong><span style="font-size: 14px">A Foto deverá ter relação com a biologia e tema livre</span></strong></span></p>
<p><span style="color: #0000cd"><strong><span style="font-size: 14px">Foto deverá ser impressa em papel fosco;</span></strong></span></p>
<p><span style="color: #0000cd"><strong><span style="font-size: 14px">Tamanho 20&#215;25 cm;</span></strong></span></p>
<p><span style="color: #0000cd"><strong><span style="font-size: 14px">Deve ser de autoria própria e sem manipulação de imagem.</span></strong></span></p>
<p><span style="color: #0000cd"><strong><span style="font-size: 14px">Deve conter um título e não deve conter nenhuma identificação do autor.</span></strong></span></p>
<p>&nbsp;</p>
<p><strong>O vencedor terá como prêmio um vale no valor de R$120,00 para usá-lo na Technical Books.</strong></p>

<p>Painel: Para o Painel, é necessário submeter o resumo no momento da inscrição. Todos que apresentarem receberão o certificado comprovando a apresentação [&hellip;]</p>

<!-- This site is optimized with the Yoast SEO plugin v27.5 - https://yoast.com/product/yoast-seo-wordpress/ -->
<title>Concursos - XXXIII Semana Acadêmica de Biologia</title>
<meta name="robots" content="index, follow, max-snippet:-1, max-image-preview:large, max-video-preview:-1" />
<link rel="canonical" href="https://eventos.ufrrj.br/sembio/concursos/" />
<meta property="og:locale" content="pt_BR" />
<meta property="og:type" content="article" />
<meta property="og:title" content="Concursos - XXXIII Semana Acadêmica de Biologia" />
<meta property="og:description" content="Painel: Para o Painel, é necessário submeter o resumo no momento da inscrição. Todos que apresentarem receberão o certificado comprovando a apresentação [&hellip;]" />
<meta property="og:url" content="https://eventos.ufrrj.br/sembio/concursos/" />
<meta property="og:site_name" content="XXXIII Semana Acadêmica de Biologia" />
<meta property="article:modified_time" content="2015-09-04T03:48:24+00:00" />
<meta name="twitter:card" content="summary_large_image" />
<meta name="twitter:label1" content="Est. tempo de leitura" />
	<meta name="twitter:data1" content="1 minuto" />
<script type="application/ld+json" class="yoast-schema-graph">{"@context":"https:\/\/schema.org","@graph":[{"@type":"WebPage","@id":"https:\/\/eventos.ufrrj.br\/sembio\/concursos\/","url":"https:\/\/eventos.ufrrj.br\/sembio\/concursos\/","name":"Concursos - XXXIII Semana Acadêmica de Biologia","isPartOf":{"@id":"https:\/\/eventos.ufrrj.br\/sembio\/#website"},"datePublished":"2013-10-09T18:49:30+00:00","dateModified":"2015-09-04T03:48:24+00:00","breadcrumb":{"@id":"https:\/\/eventos.ufrrj.br\/sembio\/concursos\/#breadcrumb"},"inLanguage":"pt-BR","potentialAction":[{"@type":"ReadAction","target":["https:\/\/eventos.ufrrj.br\/sembio\/concursos\/"]}]},{"@type":"BreadcrumbList","@id":"https:\/\/eventos.ufrrj.br\/sembio\/concursos\/#breadcrumb","itemListElement":[{"@type":"ListItem","position":1,"name":"Início","item":"https:\/\/eventos.ufrrj.br\/sembio\/"},{"@type":"ListItem","position":2,"name":"Concursos"}]},{"@type":"WebSite","@id":"https:\/\/eventos.ufrrj.br\/sembio\/#website","url":"https:\/\/eventos.ufrrj.br\/sembio\/","name":"XXXIII Semana Acadêmica de Biologia","description":"XXXIII Semana Acadêmica de Biologia","potentialAction":[{"@type":"SearchAction","target":{"@type":"EntryPoint","urlTemplate":"https:\/\/eventos.ufrrj.br\/sembio\/?s={search_term_string}"},"query-input":{"@type":"PropertyValueSpecification","valueRequired":true,"valueName":"search_term_string"}}],"inLanguage":"pt-BR"}]}</script>
<!-- / Yoast SEO plugin. -->

Concursos - XXXIII Semana Acadêmica de Biologia

Painel: Para o Painel, é necessário submeter o resumo no momento da inscrição. Todos que apresentarem receberão o certificado comprovando a apresentação [&hellip;]

XXXIII Semana Acadêmica de Biologia

Início
