{"id":12,"date":"2013-10-09T18:48:17","date_gmt":"2013-10-09T18:48:17","guid":{"rendered":"http:\/\/eventos.ufrrj.br\/sembio\/?page_id=12"},"modified":"2015-10-03T01:20:13","modified_gmt":"2015-10-03T01:20:13","slug":"inscricoes","status":"publish","type":"page","link":"https:\/\/eventos.ufrrj.br\/sembio\/inscricoes\/","title":{"rendered":"Inscri\u00e7\u00f5es"},"content":{"rendered":"<div style=\"margin-left: 20px\">\n<p style=\"text-align: center\"><span style=\"color: #ff0000\"><span style=\"font-size: 26px\">Inscri\u00e7\u00f5es pelo site ENCERRADAS!!<\/span><\/span><\/p>\n<p style=\"text-align: justify\"><span style=\"color: #000000\">\u00a0<\/span><\/p>\n<p style=\"text-align: justify\"><span style=\"color: #000000\">As inscri\u00e7\u00f5es na semana agora s\u00f3 poder\u00e3o ser feitas diretamente na Secretaria do evento, que no primeiro dia estar\u00e1 funcionando na Sala 1 do Instituto de Ci\u00eancias Biol\u00f3gicas e da Sa\u00fade, da UFRRJ.<\/span><\/p>\n<p><span style=\"color: #000000\">O valor da Semana ser\u00e1 de R$35,00 e ter\u00e1 direito a 1 (uma) oficina, a todas as palestras e mesas redondas e a todos os coffee breaks. Todos os minicursos ter\u00e3o o valor de R$10,00 cada um, podendo o participante fazer mais de um minicurso, desde que o mesmo n\u00e3o d\u00ea choque de hor\u00e1rio com outro de sua escolha.<\/span><\/p>\n<p><span style=\"color: #000000\">Para submeter um resumo na nossa semana, dever\u00e1 enviar o mesmo para o e-mail sembio.inscricoes@gmail.com estando de acordo com o que for pedido, sendo este especificado na aba <strong><span style=\"color: #ff0000\"><a style=\"color: #ff0000\" href=\"http:\/\/eventos.ufrrj.br\/sembio\/concursos\/\">&#8220;Concursos&#8221;<\/a><\/span><\/strong>. O modelo para o envio do resumo pode ser acessado\u00a0<strong><span style=\"color: #ff0000\"><a style=\"color: #ff0000\" href=\"http:\/\/eventos.ufrrj.br\/sembio\/files\/2013\/10\/Modelo-de-Resumo.docx\">&#8220;AQUI&#8221;<\/a><\/span><\/strong>. O prazo para envio \u00e9 at\u00e9 o dia 01\u00b0 de Outubro. <span style=\"color: #ff0000\"><strong>(PRAZO ENCERRADO)<\/strong><\/span><\/span><\/p>\n<p><span style=\"color: #000000\">Qualquer d\u00favida sobre inscri\u00e7\u00f5es da semana, minicursos, oficinas e resumos, pode ser enviado a sua d\u00favida para sembio.inscricao@gmail.com<\/span><\/p>\n<p><span style=\"color: #000000\">A Comiss\u00e3o Organizadora agradece e estaremos esperando todos na nossa SemBio.<\/span><\/p>\n<\/div>\n","protected":false},"excerpt":{"rendered":"<p>Inscri\u00e7\u00f5es pelo site ENCERRADAS!! \u00a0 As inscri\u00e7\u00f5es na semana agora s\u00f3 poder\u00e3o ser feitas diretamente na Secretaria do evento, que no primeiro [&hellip;]<\/p>\n","protected":false},"author":8,"featured_media":0,"parent":0,"menu_order":0,"comment_status":"open","ping_status":"open","template":"","meta":{"_acf_changed":false,"footnotes":""},"tags":[],"class_list":["post-12","page","type-page","status-publish","hentry"],"acf":[],"yoast_head":"<!-- This site is optimized with the Yoast SEO plugin v27.5 - https:\/\/yoast.com\/product\/yoast-seo-wordpress\/ -->\n<title>Inscri\u00e7\u00f5es  - XXXIII Semana Acad\u00eamica de Biologia<\/title>\n<meta name=\"robots\" content=\"index, follow, max-snippet:-1, max-image-preview:large, max-video-preview:-1\" \/>\n<link rel=\"canonical\" href=\"https:\/\/eventos.ufrrj.br\/sembio\/inscricoes\/\" \/>\n<meta property=\"og:locale\" content=\"pt_BR\" \/>\n<meta property=\"og:type\" content=\"article\" \/>\n<meta property=\"og:title\" content=\"Inscri\u00e7\u00f5es  - XXXIII Semana Acad\u00eamica de Biologia\" \/>\n<meta property=\"og:description\" content=\"Inscri\u00e7\u00f5es pelo site ENCERRADAS!! \u00a0 As inscri\u00e7\u00f5es na semana agora s\u00f3 poder\u00e3o ser feitas diretamente na Secretaria do evento, que no primeiro [&hellip;]\" \/>\n<meta property=\"og:url\" content=\"https:\/\/eventos.ufrrj.br\/sembio\/inscricoes\/\" \/>\n<meta property=\"og:site_name\" content=\"XXXIII Semana Acad\u00eamica de Biologia\" \/>\n<meta property=\"article:modified_time\" content=\"2015-10-03T01:20:13+00:00\" \/>\n<meta name=\"twitter:card\" content=\"summary_large_image\" \/>\n<meta name=\"twitter:label1\" content=\"Est. tempo de leitura\" \/>\n\t<meta name=\"twitter:data1\" content=\"1 minuto\" \/>\n<script type=\"application\/ld+json\" class=\"yoast-schema-graph\">{\"@context\":\"https:\\\/\\\/schema.org\",\"@graph\":[{\"@type\":\"WebPage\",\"@id\":\"https:\\\/\\\/eventos.ufrrj.br\\\/sembio\\\/inscricoes\\\/\",\"url\":\"https:\\\/\\\/eventos.ufrrj.br\\\/sembio\\\/inscricoes\\\/\",\"name\":\"Inscri\u00e7\u00f5es - XXXIII Semana Acad\u00eamica de Biologia\",\"isPartOf\":{\"@id\":\"https:\\\/\\\/eventos.ufrrj.br\\\/sembio\\\/#website\"},\"datePublished\":\"2013-10-09T18:48:17+00:00\",\"dateModified\":\"2015-10-03T01:20:13+00:00\",\"breadcrumb\":{\"@id\":\"https:\\\/\\\/eventos.ufrrj.br\\\/sembio\\\/inscricoes\\\/#breadcrumb\"},\"inLanguage\":\"pt-BR\",\"potentialAction\":[{\"@type\":\"ReadAction\",\"target\":[\"https:\\\/\\\/eventos.ufrrj.br\\\/sembio\\\/inscricoes\\\/\"]}]},{\"@type\":\"BreadcrumbList\",\"@id\":\"https:\\\/\\\/eventos.ufrrj.br\\\/sembio\\\/inscricoes\\\/#breadcrumb\",\"itemListElement\":[{\"@type\":\"ListItem\",\"position\":1,\"name\":\"In\u00edcio\",\"item\":\"https:\\\/\\\/eventos.ufrrj.br\\\/sembio\\\/\"},{\"@type\":\"ListItem\",\"position\":2,\"name\":\"Inscri\u00e7\u00f5es\"}]},{\"@type\":\"WebSite\",\"@id\":\"https:\\\/\\\/eventos.ufrrj.br\\\/sembio\\\/#website\",\"url\":\"https:\\\/\\\/eventos.ufrrj.br\\\/sembio\\\/\",\"name\":\"XXXIII Semana Acad\u00eamica de Biologia\",\"description\":\"XXXIII Semana Acad\u00eamica de Biologia\",\"potentialAction\":[{\"@type\":\"SearchAction\",\"target\":{\"@type\":\"EntryPoint\",\"urlTemplate\":\"https:\\\/\\\/eventos.ufrrj.br\\\/sembio\\\/?s={search_term_string}\"},\"query-input\":{\"@type\":\"PropertyValueSpecification\",\"valueRequired\":true,\"valueName\":\"search_term_string\"}}],\"inLanguage\":\"pt-BR\"}]}<\/script>\n<!-- \/ Yoast SEO plugin. -->","yoast_head_json":{"title":"Inscri\u00e7\u00f5es  - XXXIII Semana Acad\u00eamica de Biologia","robots":{"index":"index","follow":"follow","max-snippet":"max-snippet:-1","max-image-preview":"max-image-preview:large","max-video-preview":"max-video-preview:-1"},"canonical":"https:\/\/eventos.ufrrj.br\/sembio\/inscricoes\/","og_locale":"pt_BR","og_type":"article","og_title":"Inscri\u00e7\u00f5es  - XXXIII Semana Acad\u00eamica de Biologia","og_description":"Inscri\u00e7\u00f5es pelo site ENCERRADAS!! \u00a0 As inscri\u00e7\u00f5es na semana agora s\u00f3 poder\u00e3o ser feitas diretamente na Secretaria do evento, que no primeiro [&hellip;]","og_url":"https:\/\/eventos.ufrrj.br\/sembio\/inscricoes\/","og_site_name":"XXXIII Semana Acad\u00eamica de Biologia","article_modified_time":"2015-10-03T01:20:13+00:00","twitter_card":"summary_large_image","twitter_misc":{"Est. tempo de leitura":"1 minuto"},"schema":{"@context":"https:\/\/schema.org","@graph":[{"@type":"WebPage","@id":"https:\/\/eventos.ufrrj.br\/sembio\/inscricoes\/","url":"https:\/\/eventos.ufrrj.br\/sembio\/inscricoes\/","name":"Inscri\u00e7\u00f5es - XXXIII Semana Acad\u00eamica de Biologia","isPartOf":{"@id":"https:\/\/eventos.ufrrj.br\/sembio\/#website"},"datePublished":"2013-10-09T18:48:17+00:00","dateModified":"2015-10-03T01:20:13+00:00","breadcrumb":{"@id":"https:\/\/eventos.ufrrj.br\/sembio\/inscricoes\/#breadcrumb"},"inLanguage":"pt-BR","potentialAction":[{"@type":"ReadAction","target":["https:\/\/eventos.ufrrj.br\/sembio\/inscricoes\/"]}]},{"@type":"BreadcrumbList","@id":"https:\/\/eventos.ufrrj.br\/sembio\/inscricoes\/#breadcrumb","itemListElement":[{"@type":"ListItem","position":1,"name":"In\u00edcio","item":"https:\/\/eventos.ufrrj.br\/sembio\/"},{"@type":"ListItem","position":2,"name":"Inscri\u00e7\u00f5es"}]},{"@type":"WebSite","@id":"https:\/\/eventos.ufrrj.br\/sembio\/#website","url":"https:\/\/eventos.ufrrj.br\/sembio\/","name":"XXXIII Semana Acad\u00eamica de Biologia","description":"XXXIII Semana Acad\u00eamica de Biologia","potentialAction":[{"@type":"SearchAction","target":{"@type":"EntryPoint","urlTemplate":"https:\/\/eventos.ufrrj.br\/sembio\/?s={search_term_string}"},"query-input":{"@type":"PropertyValueSpecification","valueRequired":true,"valueName":"search_term_string"}}],"inLanguage":"pt-BR"}]}},"_links":{"self":[{"href":"https:\/\/eventos.ufrrj.br\/sembio\/wp-json\/wp\/v2\/pages\/12","targetHints":{"allow":["GET"]}}],"collection":[{"href":"https:\/\/eventos.ufrrj.br\/sembio\/wp-json\/wp\/v2\/pages"}],"about":[{"href":"https:\/\/eventos.ufrrj.br\/sembio\/wp-json\/wp\/v2\/types\/page"}],"author":[{"embeddable":true,"href":"https:\/\/eventos.ufrrj.br\/sembio\/wp-json\/wp\/v2\/users\/8"}],"replies":[{"embeddable":true,"href":"https:\/\/eventos.ufrrj.br\/sembio\/wp-json\/wp\/v2\/comments?post=12"}],"version-history":[{"count":50,"href":"https:\/\/eventos.ufrrj.br\/sembio\/wp-json\/wp\/v2\/pages\/12\/revisions"}],"predecessor-version":[{"id":403,"href":"https:\/\/eventos.ufrrj.br\/sembio\/wp-json\/wp\/v2\/pages\/12\/revisions\/403"}],"wp:attachment":[{"href":"https:\/\/eventos.ufrrj.br\/sembio\/wp-json\/wp\/v2\/media?parent=12"}],"wp:term":[{"taxonomy":"post_tag","embeddable":true,"href":"https:\/\/eventos.ufrrj.br\/sembio\/wp-json\/wp\/v2\/tags?post=12"}],"curies":[{"name":"wp","href":"https:\/\/api.w.org\/{rel}","templated":true}]}}

Inscrições

<div style="margin-left: 20px">
<p style="text-align: center"><span style="color: #ff0000"><span style="font-size: 26px">Inscrições pelo site ENCERRADAS!!</span></span></p>
<p style="text-align: justify"><span style="color: #000000"> </span></p>
<p style="text-align: justify"><span style="color: #000000">As inscrições na semana agora só poderão ser feitas diretamente na Secretaria do evento, que no primeiro dia estará funcionando na Sala 1 do Instituto de Ciências Biológicas e da Saúde, da UFRRJ.</span></p>
<p><span style="color: #000000">O valor da Semana será de R$35,00 e terá direito a 1 (uma) oficina, a todas as palestras e mesas redondas e a todos os coffee breaks. Todos os minicursos terão o valor de R$10,00 cada um, podendo o participante fazer mais de um minicurso, desde que o mesmo não dê choque de horário com outro de sua escolha.</span></p>
<p><span style="color: #000000">Para submeter um resumo na nossa semana, deverá enviar o mesmo para o e-mail sembio.inscricoes@gmail.com estando de acordo com o que for pedido, sendo este especificado na aba <strong><span style="color: #ff0000"><a style="color: #ff0000" href="http://eventos.ufrrj.br/sembio/concursos/">&#8220;Concursos&#8221;</a></span></strong>. O modelo para o envio do resumo pode ser acessado <strong><span style="color: #ff0000"><a style="color: #ff0000" href="http://eventos.ufrrj.br/sembio/files/2013/10/Modelo-de-Resumo.docx">&#8220;AQUI&#8221;</a></span></strong>. O prazo para envio é até o dia 01° de Outubro. <span style="color: #ff0000"><strong>(PRAZO ENCERRADO)</strong></span></span></p>
<p><span style="color: #000000">Qualquer dúvida sobre inscrições da semana, minicursos, oficinas e resumos, pode ser enviado a sua dúvida para sembio.inscricao@gmail.com</span></p>
<p><span style="color: #000000">A Comissão Organizadora agradece e estaremos esperando todos na nossa SemBio.</span></p>
</div>

<p>Inscrições pelo site ENCERRADAS!!   As inscrições na semana agora só poderão ser feitas diretamente na Secretaria do evento, que no primeiro [&hellip;]</p>

<!-- This site is optimized with the Yoast SEO plugin v27.5 - https://yoast.com/product/yoast-seo-wordpress/ -->
<title>Inscrições  - XXXIII Semana Acadêmica de Biologia</title>
<meta name="robots" content="index, follow, max-snippet:-1, max-image-preview:large, max-video-preview:-1" />
<link rel="canonical" href="https://eventos.ufrrj.br/sembio/inscricoes/" />
<meta property="og:locale" content="pt_BR" />
<meta property="og:type" content="article" />
<meta property="og:title" content="Inscrições  - XXXIII Semana Acadêmica de Biologia" />
<meta property="og:description" content="Inscrições pelo site ENCERRADAS!!   As inscrições na semana agora só poderão ser feitas diretamente na Secretaria do evento, que no primeiro [&hellip;]" />
<meta property="og:url" content="https://eventos.ufrrj.br/sembio/inscricoes/" />
<meta property="og:site_name" content="XXXIII Semana Acadêmica de Biologia" />
<meta property="article:modified_time" content="2015-10-03T01:20:13+00:00" />
<meta name="twitter:card" content="summary_large_image" />
<meta name="twitter:label1" content="Est. tempo de leitura" />
	<meta name="twitter:data1" content="1 minuto" />
<script type="application/ld+json" class="yoast-schema-graph">{"@context":"https:\/\/schema.org","@graph":[{"@type":"WebPage","@id":"https:\/\/eventos.ufrrj.br\/sembio\/inscricoes\/","url":"https:\/\/eventos.ufrrj.br\/sembio\/inscricoes\/","name":"Inscrições - XXXIII Semana Acadêmica de Biologia","isPartOf":{"@id":"https:\/\/eventos.ufrrj.br\/sembio\/#website"},"datePublished":"2013-10-09T18:48:17+00:00","dateModified":"2015-10-03T01:20:13+00:00","breadcrumb":{"@id":"https:\/\/eventos.ufrrj.br\/sembio\/inscricoes\/#breadcrumb"},"inLanguage":"pt-BR","potentialAction":[{"@type":"ReadAction","target":["https:\/\/eventos.ufrrj.br\/sembio\/inscricoes\/"]}]},{"@type":"BreadcrumbList","@id":"https:\/\/eventos.ufrrj.br\/sembio\/inscricoes\/#breadcrumb","itemListElement":[{"@type":"ListItem","position":1,"name":"Início","item":"https:\/\/eventos.ufrrj.br\/sembio\/"},{"@type":"ListItem","position":2,"name":"Inscrições"}]},{"@type":"WebSite","@id":"https:\/\/eventos.ufrrj.br\/sembio\/#website","url":"https:\/\/eventos.ufrrj.br\/sembio\/","name":"XXXIII Semana Acadêmica de Biologia","description":"XXXIII Semana Acadêmica de Biologia","potentialAction":[{"@type":"SearchAction","target":{"@type":"EntryPoint","urlTemplate":"https:\/\/eventos.ufrrj.br\/sembio\/?s={search_term_string}"},"query-input":{"@type":"PropertyValueSpecification","valueRequired":true,"valueName":"search_term_string"}}],"inLanguage":"pt-BR"}]}</script>
<!-- / Yoast SEO plugin. -->

Inscrições  - XXXIII Semana Acadêmica de Biologia

Inscrições pelo site ENCERRADAS!!   As inscrições na semana agora só poderão ser feitas diretamente na Secretaria do evento, que no primeiro [&hellip;]

XXXIII Semana Acadêmica de Biologia

Inscrições - XXXIII Semana Acadêmica de Biologia

Início
