{"id":197,"date":"2026-02-28T19:42:50","date_gmt":"2026-02-28T19:42:50","guid":{"rendered":"https:\/\/eventos.ufrrj.br\/semana-de-letras\/?page_id=197"},"modified":"2026-02-28T19:42:50","modified_gmt":"2026-02-28T19:42:50","slug":"sobre","status":"publish","type":"page","link":"https:\/\/eventos.ufrrj.br\/semana-de-letras\/sobre\/","title":{"rendered":"Sobre"},"content":{"rendered":"\n<p><strong>Letras em Di\u00e1logos<\/strong><\/p>\n\n\n\n<p>O objetivo principal do espa\u00e7o universit\u00e1rio \u00e9 a troca de conhecimentos, expans\u00e3o das ideias e discuss\u00e3o das quest\u00f5es te\u00f3ricas e pr\u00e1ticas de cada \u00e1rea acad\u00eamica. A V Semana de Letras da UFRRJ \u00e9 um evento que tem como foco promover um di\u00e1logo prof\u00edcuo entre l\u00edngua, lingu\u00edstica, literatura e ensino, forma\u00e7\u00e3o e pesquisa, ampliando as rela\u00e7\u00f5es que associam essas \u00e1reas do saber acad\u00eamico. Dessa forma, ao propor um espa\u00e7o onde se preveem discuss\u00f5es te\u00f3ricas, pr\u00e1ticas e metodol\u00f3gicas, almejamos que os di\u00e1logos realizados beneficiem a troca de conhecimento entre os alunos, graduandos e p\u00f3s-graduandos, incentivando a busca pelas inter-rela\u00e7\u00f5es cient\u00edficas. Por um lado, constatamos a proximidade entre as \u00e1reas; por outro, percebemos que elas ainda se mant\u00eam pensadas, de forma isolada, em seus nichos. Nossa proposta com o t\u00edtulo Letras em Di\u00e1logos \u00e9 fomentar a articula\u00e7\u00e3o entre as pesquisas e as pr\u00e1ticas, caminhos e apontamentos, percursos e tend\u00eancias, intencionando ser um marco no interc\u00e2mbio dos saberes lingu\u00edsticos, liter\u00e1rios e metodol\u00f3gicos na forma\u00e7\u00e3o dos alunos.<\/p>\n\n\n\n<p>A Comiss\u00e3o Organizadora<\/p>\n\n\n\n<p>Eduardo da Cruz<br>F\u00e1bio Andr\u00e9 Coelho<br>Mikaela Roberto<\/p>\n","protected":false},"excerpt":{"rendered":"<p>Letras em Di\u00e1logos O objetivo principal do espa\u00e7o universit\u00e1rio \u00e9 a troca de conhecimentos, expans\u00e3o das ideias e discuss\u00e3o das quest\u00f5es te\u00f3ricas [&hellip;]<\/p>\n","protected":false},"author":25,"featured_media":0,"parent":0,"menu_order":0,"comment_status":"closed","ping_status":"closed","template":"","meta":{"_acf_changed":false,"ngg_post_thumbnail":0,"footnotes":""},"tags":[],"class_list":["post-197","page","type-page","status-publish","hentry"],"acf":[],"yoast_head":"<!-- This site is optimized with the Yoast SEO plugin v27.5 - https:\/\/yoast.com\/product\/yoast-seo-wordpress\/ -->\n<title>Sobre - V Semana de Letras - UFRRJ<\/title>\n<meta name=\"robots\" content=\"index, follow, max-snippet:-1, max-image-preview:large, max-video-preview:-1\" \/>\n<link rel=\"canonical\" href=\"https:\/\/eventos.ufrrj.br\/semana-de-letras\/sobre\/\" \/>\n<meta property=\"og:locale\" content=\"pt_BR\" \/>\n<meta property=\"og:type\" content=\"article\" \/>\n<meta property=\"og:title\" content=\"Sobre - V Semana de Letras - UFRRJ\" \/>\n<meta property=\"og:description\" content=\"Letras em Di\u00e1logos O objetivo principal do espa\u00e7o universit\u00e1rio \u00e9 a troca de conhecimentos, expans\u00e3o das ideias e discuss\u00e3o das quest\u00f5es te\u00f3ricas [&hellip;]\" \/>\n<meta property=\"og:url\" content=\"https:\/\/eventos.ufrrj.br\/semana-de-letras\/sobre\/\" \/>\n<meta property=\"og:site_name\" content=\"V Semana de Letras - UFRRJ\" \/>\n<meta name=\"twitter:card\" content=\"summary_large_image\" \/>\n<meta name=\"twitter:label1\" content=\"Est. tempo de leitura\" \/>\n\t<meta name=\"twitter:data1\" content=\"1 minuto\" \/>\n<script type=\"application\/ld+json\" class=\"yoast-schema-graph\">{\"@context\":\"https:\\\/\\\/schema.org\",\"@graph\":[{\"@type\":\"WebPage\",\"@id\":\"https:\\\/\\\/eventos.ufrrj.br\\\/semana-de-letras\\\/sobre\\\/\",\"url\":\"https:\\\/\\\/eventos.ufrrj.br\\\/semana-de-letras\\\/sobre\\\/\",\"name\":\"Sobre - V Semana de Letras - UFRRJ\",\"isPartOf\":{\"@id\":\"https:\\\/\\\/eventos.ufrrj.br\\\/semana-de-letras\\\/#website\"},\"datePublished\":\"2026-02-28T19:42:50+00:00\",\"breadcrumb\":{\"@id\":\"https:\\\/\\\/eventos.ufrrj.br\\\/semana-de-letras\\\/sobre\\\/#breadcrumb\"},\"inLanguage\":\"pt-BR\",\"potentialAction\":[{\"@type\":\"ReadAction\",\"target\":[\"https:\\\/\\\/eventos.ufrrj.br\\\/semana-de-letras\\\/sobre\\\/\"]}]},{\"@type\":\"BreadcrumbList\",\"@id\":\"https:\\\/\\\/eventos.ufrrj.br\\\/semana-de-letras\\\/sobre\\\/#breadcrumb\",\"itemListElement\":[{\"@type\":\"ListItem\",\"position\":1,\"name\":\"In\u00edcio\",\"item\":\"https:\\\/\\\/eventos.ufrrj.br\\\/semana-de-letras\\\/\"},{\"@type\":\"ListItem\",\"position\":2,\"name\":\"Sobre\"}]},{\"@type\":\"WebSite\",\"@id\":\"https:\\\/\\\/eventos.ufrrj.br\\\/semana-de-letras\\\/#website\",\"url\":\"https:\\\/\\\/eventos.ufrrj.br\\\/semana-de-letras\\\/\",\"name\":\"V Semana de Letras - UFRRJ\",\"description\":\"V Semana de Letras - UFRRJ\",\"potentialAction\":[{\"@type\":\"SearchAction\",\"target\":{\"@type\":\"EntryPoint\",\"urlTemplate\":\"https:\\\/\\\/eventos.ufrrj.br\\\/semana-de-letras\\\/?s={search_term_string}\"},\"query-input\":{\"@type\":\"PropertyValueSpecification\",\"valueRequired\":true,\"valueName\":\"search_term_string\"}}],\"inLanguage\":\"pt-BR\"}]}<\/script>\n<!-- \/ Yoast SEO plugin. -->","yoast_head_json":{"title":"Sobre - V Semana de Letras - UFRRJ","robots":{"index":"index","follow":"follow","max-snippet":"max-snippet:-1","max-image-preview":"max-image-preview:large","max-video-preview":"max-video-preview:-1"},"canonical":"https:\/\/eventos.ufrrj.br\/semana-de-letras\/sobre\/","og_locale":"pt_BR","og_type":"article","og_title":"Sobre - V Semana de Letras - UFRRJ","og_description":"Letras em Di\u00e1logos O objetivo principal do espa\u00e7o universit\u00e1rio \u00e9 a troca de conhecimentos, expans\u00e3o das ideias e discuss\u00e3o das quest\u00f5es te\u00f3ricas [&hellip;]","og_url":"https:\/\/eventos.ufrrj.br\/semana-de-letras\/sobre\/","og_site_name":"V Semana de Letras - UFRRJ","twitter_card":"summary_large_image","twitter_misc":{"Est. tempo de leitura":"1 minuto"},"schema":{"@context":"https:\/\/schema.org","@graph":[{"@type":"WebPage","@id":"https:\/\/eventos.ufrrj.br\/semana-de-letras\/sobre\/","url":"https:\/\/eventos.ufrrj.br\/semana-de-letras\/sobre\/","name":"Sobre - V Semana de Letras - UFRRJ","isPartOf":{"@id":"https:\/\/eventos.ufrrj.br\/semana-de-letras\/#website"},"datePublished":"2026-02-28T19:42:50+00:00","breadcrumb":{"@id":"https:\/\/eventos.ufrrj.br\/semana-de-letras\/sobre\/#breadcrumb"},"inLanguage":"pt-BR","potentialAction":[{"@type":"ReadAction","target":["https:\/\/eventos.ufrrj.br\/semana-de-letras\/sobre\/"]}]},{"@type":"BreadcrumbList","@id":"https:\/\/eventos.ufrrj.br\/semana-de-letras\/sobre\/#breadcrumb","itemListElement":[{"@type":"ListItem","position":1,"name":"In\u00edcio","item":"https:\/\/eventos.ufrrj.br\/semana-de-letras\/"},{"@type":"ListItem","position":2,"name":"Sobre"}]},{"@type":"WebSite","@id":"https:\/\/eventos.ufrrj.br\/semana-de-letras\/#website","url":"https:\/\/eventos.ufrrj.br\/semana-de-letras\/","name":"V Semana de Letras - UFRRJ","description":"V Semana de Letras - UFRRJ","potentialAction":[{"@type":"SearchAction","target":{"@type":"EntryPoint","urlTemplate":"https:\/\/eventos.ufrrj.br\/semana-de-letras\/?s={search_term_string}"},"query-input":{"@type":"PropertyValueSpecification","valueRequired":true,"valueName":"search_term_string"}}],"inLanguage":"pt-BR"}]}},"_links":{"self":[{"href":"https:\/\/eventos.ufrrj.br\/semana-de-letras\/wp-json\/wp\/v2\/pages\/197","targetHints":{"allow":["GET"]}}],"collection":[{"href":"https:\/\/eventos.ufrrj.br\/semana-de-letras\/wp-json\/wp\/v2\/pages"}],"about":[{"href":"https:\/\/eventos.ufrrj.br\/semana-de-letras\/wp-json\/wp\/v2\/types\/page"}],"author":[{"embeddable":true,"href":"https:\/\/eventos.ufrrj.br\/semana-de-letras\/wp-json\/wp\/v2\/users\/25"}],"replies":[{"embeddable":true,"href":"https:\/\/eventos.ufrrj.br\/semana-de-letras\/wp-json\/wp\/v2\/comments?post=197"}],"version-history":[{"count":1,"href":"https:\/\/eventos.ufrrj.br\/semana-de-letras\/wp-json\/wp\/v2\/pages\/197\/revisions"}],"predecessor-version":[{"id":198,"href":"https:\/\/eventos.ufrrj.br\/semana-de-letras\/wp-json\/wp\/v2\/pages\/197\/revisions\/198"}],"wp:attachment":[{"href":"https:\/\/eventos.ufrrj.br\/semana-de-letras\/wp-json\/wp\/v2\/media?parent=197"}],"wp:term":[{"taxonomy":"post_tag","embeddable":true,"href":"https:\/\/eventos.ufrrj.br\/semana-de-letras\/wp-json\/wp\/v2\/tags?post=197"}],"curies":[{"name":"wp","href":"https:\/\/api.w.org\/{rel}","templated":true}]}}

<p><strong>Letras em Diálogos</strong></p>



<p>O objetivo principal do espaço universitário é a troca de conhecimentos, expansão das ideias e discussão das questões teóricas e práticas de cada área acadêmica. A V Semana de Letras da UFRRJ é um evento que tem como foco promover um diálogo profícuo entre língua, linguística, literatura e ensino, formação e pesquisa, ampliando as relações que associam essas áreas do saber acadêmico. Dessa forma, ao propor um espaço onde se preveem discussões teóricas, práticas e metodológicas, almejamos que os diálogos realizados beneficiem a troca de conhecimento entre os alunos, graduandos e pós-graduandos, incentivando a busca pelas inter-relações científicas. Por um lado, constatamos a proximidade entre as áreas; por outro, percebemos que elas ainda se mantêm pensadas, de forma isolada, em seus nichos. Nossa proposta com o título Letras em Diálogos é fomentar a articulação entre as pesquisas e as práticas, caminhos e apontamentos, percursos e tendências, intencionando ser um marco no intercâmbio dos saberes linguísticos, literários e metodológicos na formação dos alunos.</p>



<p>A Comissão Organizadora</p>



<p>Eduardo da Cruz<br>Fábio André Coelho<br>Mikaela Roberto</p>

<p>Letras em Diálogos O objetivo principal do espaço universitário é a troca de conhecimentos, expansão das ideias e discussão das questões teóricas [&hellip;]</p>

<!-- This site is optimized with the Yoast SEO plugin v27.5 - https://yoast.com/product/yoast-seo-wordpress/ -->
<title>Sobre - V Semana de Letras - UFRRJ</title>
<meta name="robots" content="index, follow, max-snippet:-1, max-image-preview:large, max-video-preview:-1" />
<link rel="canonical" href="https://eventos.ufrrj.br/semana-de-letras/sobre/" />
<meta property="og:locale" content="pt_BR" />
<meta property="og:type" content="article" />
<meta property="og:title" content="Sobre - V Semana de Letras - UFRRJ" />
<meta property="og:description" content="Letras em Diálogos O objetivo principal do espaço universitário é a troca de conhecimentos, expansão das ideias e discussão das questões teóricas [&hellip;]" />
<meta property="og:url" content="https://eventos.ufrrj.br/semana-de-letras/sobre/" />
<meta property="og:site_name" content="V Semana de Letras - UFRRJ" />
<meta name="twitter:card" content="summary_large_image" />
<meta name="twitter:label1" content="Est. tempo de leitura" />
	<meta name="twitter:data1" content="1 minuto" />
<script type="application/ld+json" class="yoast-schema-graph">{"@context":"https:\/\/schema.org","@graph":[{"@type":"WebPage","@id":"https:\/\/eventos.ufrrj.br\/semana-de-letras\/sobre\/","url":"https:\/\/eventos.ufrrj.br\/semana-de-letras\/sobre\/","name":"Sobre - V Semana de Letras - UFRRJ","isPartOf":{"@id":"https:\/\/eventos.ufrrj.br\/semana-de-letras\/#website"},"datePublished":"2026-02-28T19:42:50+00:00","breadcrumb":{"@id":"https:\/\/eventos.ufrrj.br\/semana-de-letras\/sobre\/#breadcrumb"},"inLanguage":"pt-BR","potentialAction":[{"@type":"ReadAction","target":["https:\/\/eventos.ufrrj.br\/semana-de-letras\/sobre\/"]}]},{"@type":"BreadcrumbList","@id":"https:\/\/eventos.ufrrj.br\/semana-de-letras\/sobre\/#breadcrumb","itemListElement":[{"@type":"ListItem","position":1,"name":"Início","item":"https:\/\/eventos.ufrrj.br\/semana-de-letras\/"},{"@type":"ListItem","position":2,"name":"Sobre"}]},{"@type":"WebSite","@id":"https:\/\/eventos.ufrrj.br\/semana-de-letras\/#website","url":"https:\/\/eventos.ufrrj.br\/semana-de-letras\/","name":"V Semana de Letras - UFRRJ","description":"V Semana de Letras - UFRRJ","potentialAction":[{"@type":"SearchAction","target":{"@type":"EntryPoint","urlTemplate":"https:\/\/eventos.ufrrj.br\/semana-de-letras\/?s={search_term_string}"},"query-input":{"@type":"PropertyValueSpecification","valueRequired":true,"valueName":"search_term_string"}}],"inLanguage":"pt-BR"}]}</script>
<!-- / Yoast SEO plugin. -->

Letras em Diálogos O objetivo principal do espaço universitário é a troca de conhecimentos, expansão das ideias e discussão das questões teóricas [&hellip;]

Início
