{"id":418,"date":"2024-07-16T09:51:25","date_gmt":"2024-07-16T12:51:25","guid":{"rendered":"https:\/\/eventos.ufrrj.br\/sef\/?page_id=418"},"modified":"2024-11-19T16:33:01","modified_gmt":"2024-11-19T19:33:01","slug":"relacoes-etnico-raciais-e-de-genero","status":"publish","type":"page","link":"https:\/\/eventos.ufrrj.br\/sef\/relacoes-etnico-raciais-e-de-genero\/","title":{"rendered":"Rela\u00e7\u00f5es \u00c9tnico-Raciais e de G\u00eanero"},"content":{"rendered":"\n<p>O objetivo desta sess\u00e3o tem\u00e1tica consiste em desenvolver estudos e pesquisas sobre as rela\u00e7\u00f5es \u00e9tnico-raciais e de g\u00eanero, em perspectiva interseccional, no \u00e2mbito do Estado do Rio de Janeiro e de suas regi\u00f5es, localidades, comunidades, povos tradicionais e grupos sociais. Ser\u00e3o bem vindas as diversas perspectivas te\u00f3rico-metodol\u00f3gicas, bases emp\u00edricas e recortes espa\u00e7o-temporais, para a constitui\u00e7\u00e3o de um campo de discuss\u00f5es amplo e prof\u00edcuo em torno das possibilidades de combater as diferentes formas de discrimina\u00e7\u00f5es e desigualdades de direitos.<br><\/p>\n\n\n\n<p class=\"has-text-align-center\"><br><strong>25\/11\/2024 | Segunda-feira<\/strong><br>14:30 \u00e0s 16:30 \u2192 Sala E-518<br>Coordena\u00e7\u00e3o: <strong>Maria Helena Versiani e Wania Am\u00e9lia Belchior Mesquita<\/strong><\/p>\n\n\n\n<p><a rel=\"noreferrer noopener\" href=\"https:\/\/docs.google.com\/document\/d\/1SUiwXAUgwo2lD_YplH8o1YvjmDNPW4uX\/edit#heading=h.gjdgxs\" target=\"_blank\"><strong>\u201cCOTAS PARA NEGRO(A)S NAS UNIVERSIDADES FEDERAIS SEGUNDO JU\u00cdZO DO IBGE: HIP\u00d3TESE DE DESENVOLVIMENTO COM JUSTI\u00c7A SOCIAL?\u201d <\/strong><\/a><br>F\u00e1bio Feliciano Barbosa<br><br><a rel=\"noreferrer noopener\" href=\"https:\/\/drive.google.com\/file\/d\/1-AZmBH1aUtrZpg4IhjCTJDtqHW74IK1T\/view\" target=\"_blank\"><strong>\u201cDEMANDAS SOCIORRACIAIS E DESAFIOS PARA A UNIVERSALIZA\u00c7\u00c3O DO ACESSO \u00c0 \u00c1GUA TRATADA NO LESTE METROPOLITANO FLUMINENSE\u201d <\/strong><\/a><br>Andreza Garcia de Gouveia, Ana Lucia Nogueira de Paiva Britto e Rosa Maria Formiga-Johnsson<br><br><a rel=\"noreferrer noopener\" href=\"https:\/\/drive.google.com\/file\/d\/1en6A3BbT6gAAFoTRdWJPzR7f0JJiAXdu\/view\" target=\"_blank\"><strong>\u201cA DISTRIBUI\u00c7\u00c3O DE AMBULAT\u00d3RIOS LGBT+ NO ESTADO DO RIO DE JANEIRO E ALGUMAS CONSIDERA\u00c7\u00d5ES\u201d <\/strong><\/a><br>Bernardo Bronzi Rocha<br><br><a rel=\"noreferrer noopener\" href=\"https:\/\/drive.google.com\/file\/d\/1StLXZsbAmQP34Ap81txUuJGip2_Q10wQ\/view\" target=\"_blank\"><strong>\u201cMENDIGAS E FAVELADAS: O PROJETO DE EXTERM\u00cdNIO DAS INF\u00c2NCIAS COMO POL\u00cdTICA DE ESTADO NO RIO DE JANEIRO\u201d <\/strong><\/a><br>Fabiana Pedreira Gelard e Caroline Trapp de Queiroz<br><a rel=\"noreferrer noopener\" href=\"https:\/\/docs.google.com\/document\/d\/1ijS98jVnnWPDmlmawq3P7edS8ICzlnI3\/edit\" target=\"_blank\"><br><strong>\u201cTECENDO MEM\u00d3RIAS DECOLONIAIS SOBRE NOVA FRIBURGO: DISPUTA HIST\u00d3RICA \u00c0 LUZ DO DIREITO \u00c0 CIDADE\u201d<\/strong><\/a><br>V\u00edvian Alves de Assis e Ros\u00e2ngela Lunardelli Cavallazzi<br><\/p>\n\n\n\n<p class=\"has-text-align-center\"><br><strong>25\/11\/2024 | Segunda-feira<\/strong><br>16:30 \u00e0s 18:30 \u2192 Sala E-518<br>Coordena\u00e7\u00e3o: <strong>Maria Helena Versiani e Wania Am\u00e9lia Belchior Mesquita<\/strong><\/p>\n\n\n\n<p><a rel=\"noreferrer noopener\" href=\"https:\/\/docs.google.com\/document\/d\/1ed2awXOtMYoMXGA0cgsO_v1P-l1axmGv\/edit\" target=\"_blank\"><strong>\u201cMERCADO DE TRABALHO EM CAMPOS DOS GOYTACAZES\/RJ NA PERSPECTIVA DA RA\u00c7A E G\u00caNERO: O CASO DAS TRABALHADORAS DO MERCADO MUNICIPAL\u201d <\/strong><\/a><br>Eli\u00e3 Lopes Pimenta Machado<br><br><a rel=\"noreferrer noopener\" href=\"https:\/\/docs.google.com\/document\/d\/1tbvbwi-fAPZB92WsqN0BTfgWWkjTPvei\/edit#heading=h.gjdgxs\" target=\"_blank\"><strong>\u201cA POL\u00cdTICA DO CUIDADO E O DESAFIO PARA AS MULHERES: CONCILIAR A CARREIRA E FAM\u00cdLIA\u201d <\/strong><\/a><br>Renata Bastos da Silva, Ricardo Jos\u00e9 de Azevedo Marinho, Sandra Maria Becker Tavares, Dhana Bhawan Otto e Yasmin De Oliveira Luiz De Barros<br><br><a rel=\"noreferrer noopener\" href=\"https:\/\/drive.google.com\/file\/d\/1nLgX8ZNKdC5xgLykc6Wj43VPb3x5xnf9\/view\" target=\"_blank\"><strong>\u201cA DESIGUALDADE DO MERCADO DE TRABALHO FLUMINENSE: UMA AN\u00c1LISE DOS RENDIMENTOS DE 2015 ATRAV\u00c9S DA REGRESS\u00c3O QUANT\u00cdLICA\u201d<\/strong><\/a><br>Alex dos Santos Valle<br><\/p>\n\n\n\n<p><a rel=\"noreferrer noopener\" href=\"https:\/\/drive.google.com\/file\/d\/11rcGBmNj7c3oRaKWUdBFeDT40XfyJuYL\/view\" target=\"_blank\"><strong>\u201cAS CAMPANHAS P\u00daBLICAS DE PREVEN\u00c7\u00c3O A VIOL\u00caNCIA DE G\u00caNERO NO ESTADO DO RIO DE JANEIRO\u201d<\/strong><\/a><br>Isadora Vianna Sento-S\u00e9, Clara Maria de Oliveira Ara\u00fajo, Maira Covre-Sussai, Eduardo Ramos Junior e Ana Beatriz Dutra<br><br><a rel=\"noreferrer noopener\" href=\"https:\/\/drive.google.com\/file\/d\/118S-kRBF3vR6tu1DeEEtI2aaXqZk9yBs\/view\" target=\"_blank\"><strong>\u201cPOL\u00cdTICAS P\u00daBLICAS DE ESPORTE E LAZER NO RIO DE JANEIRO: DEMANDAS \u00c0 EXTENS\u00c3O UNIVERSIT\u00c1RIA\u201d<\/strong><\/a><br>Ana Paula Tatagiba Barbosa<br><br><\/p>\n","protected":false},"excerpt":{"rendered":"<p>O objetivo desta sess\u00e3o tem\u00e1tica consiste em desenvolver estudos e pesquisas sobre as rela\u00e7\u00f5es \u00e9tnico-raciais e de g\u00eanero, em perspectiva <a class=\"read-more\" href=\"https:\/\/eventos.ufrrj.br\/sef\/relacoes-etnico-raciais-e-de-genero\/ \">&#8230; <i class=\"fa fa-long-arrow-right\"><\/i><\/a><\/p>\n","protected":false},"author":54,"featured_media":0,"parent":0,"menu_order":0,"comment_status":"closed","ping_status":"closed","template":"","meta":{"footnotes":""},"class_list":["post-418","page","type-page","status-publish","hentry"],"_links":{"self":[{"href":"https:\/\/eventos.ufrrj.br\/sef\/wp-json\/wp\/v2\/pages\/418","targetHints":{"allow":["GET"]}}],"collection":[{"href":"https:\/\/eventos.ufrrj.br\/sef\/wp-json\/wp\/v2\/pages"}],"about":[{"href":"https:\/\/eventos.ufrrj.br\/sef\/wp-json\/wp\/v2\/types\/page"}],"author":[{"embeddable":true,"href":"https:\/\/eventos.ufrrj.br\/sef\/wp-json\/wp\/v2\/users\/54"}],"replies":[{"embeddable":true,"href":"https:\/\/eventos.ufrrj.br\/sef\/wp-json\/wp\/v2\/comments?post=418"}],"version-history":[{"count":5,"href":"https:\/\/eventos.ufrrj.br\/sef\/wp-json\/wp\/v2\/pages\/418\/revisions"}],"predecessor-version":[{"id":804,"href":"https:\/\/eventos.ufrrj.br\/sef\/wp-json\/wp\/v2\/pages\/418\/revisions\/804"}],"wp:attachment":[{"href":"https:\/\/eventos.ufrrj.br\/sef\/wp-json\/wp\/v2\/media?parent=418"}],"curies":[{"name":"wp","href":"https:\/\/api.w.org\/{rel}","templated":true}]}}