{"id":416,"date":"2024-07-16T09:50:39","date_gmt":"2024-07-16T12:50:39","guid":{"rendered":"https:\/\/eventos.ufrrj.br\/sef\/?page_id=416"},"modified":"2024-11-21T08:32:03","modified_gmt":"2024-11-21T11:32:03","slug":"crise-institucional-fluminense","status":"publish","type":"page","link":"https:\/\/eventos.ufrrj.br\/sef\/crise-institucional-fluminense\/","title":{"rendered":"Crise Institucional Fluminense"},"content":{"rendered":"\n<p>O Estado do Rio de Janeiro, entre 1970 e 2021, foi a unidade federativa que mais perdeu participa\u00e7\u00e3o no PIB nacional, de acordo com dados do IBGE. Os dados da Pnad\/IBGE mostram que o estado apresentava, no primeiro trimestre de 2014, uma taxa de desemprego de 10,3%, contra uma taxa no pa\u00eds de 7,9%. Para jovens entre 18 e 24 anos de idade, essa taxa era de 16,8% no pa\u00eds e de 24,7% no estado, taxa inclusive superior \u00e0 encontrada nas regi\u00f5es Norte e Nordeste do Brasil. Os indicadores relacionados \u00e0 Educa\u00e7\u00e3o e \u00e0 Sa\u00fade tamb\u00e9m s\u00e3o bastante ruins no estado fluminense, principalmente quando comparados com os demais estados das regi\u00f5es Sul e Sudeste do Brasil. Temos tamb\u00e9m uma crise fiscal. E temos uma grave situa\u00e7\u00e3o do ponto de vista do controle territorial por tr\u00e1fico ou mil\u00edcia, principalmente na Regi\u00e3o Metropolitana do Rio. Quais as raz\u00f5es dessa crise e como sair dela?<\/p>\n\n\n\n<p class=\"has-text-align-center\"><br><br><strong>26\/11\/2024 | Ter\u00e7a-feira<\/strong><br>14:30 \u00e0s 16:30 \u2192 Sala E-520<br>Coordena\u00e7\u00e3o: <strong>Mauro Osorio e Juliana Ben\u00edcio<\/strong><\/p>\n\n\n\n<p><strong><a rel=\"noreferrer noopener\" href=\"https:\/\/drive.google.com\/file\/d\/1EvnTgD0N89QMh1xQIM3V60eTihDZAvxV\/view\" target=\"_blank\">\u201cMETODOLOGIA DA RETROPOLA\u00c7\u00c3O DA TAXA DE DESEMPREGO DO RIO (2002-2023)\u201d <\/a><\/strong><br>Marcel Grillo Balassiano, Marcus Gerardus Lavagnole Nascimento, Ma\u00edra Albuquerque Penna Franca e Leonardo Vianna Moog Barreto<br><a rel=\"noreferrer noopener\" href=\"https:\/\/drive.google.com\/file\/d\/13jJMNkafz3mEi6bgBe6ud4_vb_YfOQ78\/view\" target=\"_blank\"><strong><br>\u201cO PIB DA CIDADE DO RIO DE JANEIRO: TRAJET\u00d3RIA ABSOLUTA E RELATIVA AO BRASIL, 1960-2020\u201d<\/strong><\/a><br>Andr\u00e9 Arruda Villela<br><br><a rel=\"noreferrer noopener\" href=\"https:\/\/drive.google.com\/file\/d\/1xuzWQRH7LHfL0iAffDjd1y5hVM48UsLR\/view\" target=\"_blank\"><strong>\u201cAN\u00c1LISE DO IMPACTO DOS FUNDOS SOBERANOS DE RIQUEZA NO DESENVOLVIMENTO SOCIOECON\u00d4MICO DOS MUNIC\u00cdPIOS DO RIO DE JANEIRO\u201d<\/strong><\/a><br>Everlam Elias Montibeler, Rachel Alves da Silva, Joyce Assis de Oliveira e Eduardo Bassin<\/p>\n\n\n\n<p class=\"has-text-align-center\"><br><strong>26\/11\/2024 | Ter\u00e7a-feira<\/strong><br>16:30 \u00e0s 18:30 \u2192 Sala E-520<br>Coordena\u00e7\u00e3o: <strong>Mauro Osorio e Juliana Ben\u00edcio<\/strong><\/p>\n\n\n\n<p><strong><a rel=\"noreferrer noopener\" href=\"https:\/\/drive.google.com\/file\/d\/1ttSXgXKLKq6Bfv0Q8dmtd_EQI5l5zIgI\/view\" target=\"_blank\">\u201cREFORMA TRABALHISTA E AS NOVAS FORMAS DE TRABALHO NA REGI\u00c3O METROPOLITANA DO RIO DE JANEIRO\u201d<\/a> <\/strong><br>Ma\u00edra Penna Franca<br><br><a rel=\"noreferrer noopener\" href=\"https:\/\/drive.google.com\/file\/d\/12OBDUFaieksziI2DFLmalkA_mD_wZ91R\/view\" target=\"_blank\"><strong>\u201cAS FOR\u00c7AS CONSERVADORAS PARA A RESTAURA\u00c7\u00c3O FLUMINENSE: HIST\u00d3RIA, POL\u00cdTICA, ATIVIDADES ECON\u00d4MICAS E SOCIEDADE NA ERA AMARAL PEIXOTO (1937-1945 \/ 1951-1955)\u201d<\/strong><\/a><br>Jos\u00e9 Lu\u00eds Honorato Lessa<br><br><a rel=\"noreferrer noopener\" href=\"https:\/\/drive.google.com\/file\/d\/1iKfR_2znmDnr8KvmbqpMsUXMAY8yPzCr\/view\" target=\"_blank\"><strong>\u201cPROPOSTAS GOVERNAMENTAIS EM \u00c2MBITO MUNICIPAL: UMA AN\u00c1LISE DOS MANIFESTOS DE PREFEITOS DA BAIXADA FLUMINENSE (RJ)\u201d<\/strong><\/a><br>Isabel Uch\u00f4a Cavalcanti de Souza<br><br><a rel=\"noreferrer noopener\" href=\"https:\/\/drive.google.com\/file\/d\/1o8tvMAjod11fdbN81TyIXnQvRkFuwz_t\/view\" target=\"_blank\"><strong>\u201cTRAJET\u00d3RIA INSTITUCIONAL DO ESTADO DO RIO DE JANEIRO\u201d<\/strong><\/a><br>Leandro Galheigo Damaceno<\/p>\n\n\n\n<p class=\"has-text-align-center\"><br><strong>27\/11\/2024 | Quarta-feira<\/strong><br>14:30 \u00e0s 16:30 \u2192 Sala E-522<br>Coordena\u00e7\u00e3o: <strong>Mauro Osorio e Juliana Ben\u00edcio<\/strong><\/p>\n\n\n\n<p><strong><a rel=\"noreferrer noopener\" href=\"https:\/\/drive.google.com\/file\/d\/1kETj_eZqKMl3dwuUzU44yO02Dlu5eKp1\/view\" target=\"_blank\">\u201cCONSTRUINDO A DEMOCRACIA FLUMINENSE: ELEI\u00c7\u00d5ES, PARTIDOS, POL\u00cdTICOS E ELEITORES NO RIO DE JANEIRO DURANTE A EXPERI\u00caNCIA DEMOCR\u00c1TICA (1945-1964)\u201d<\/a> <\/strong><br>Felipe da Silva Barbosa<br><br><a rel=\"noreferrer noopener\" href=\"https:\/\/drive.google.com\/file\/d\/1F-3iIIsHdu4iQN7sJjhQrufYST5ed8WU\/view\" target=\"_blank\"><strong>\u201cRIO DE JANEIRO: CRISE INSTITUCIONAL E ALTERNATIVAS\u201d <\/strong><\/a><br>Henrique Rabelo, Maria Helena Versiani e Mauro Osorio<\/p>\n\n\n\n<p class=\"has-text-align-center\"><br><strong>27\/11\/2024 | Quarta-feira<\/strong><br>16:30 \u00e0s 18:30 \u2192 Sala E-522<br>Coordena\u00e7\u00e3o: <strong>Mauro Osorio e Juliana Ben\u00edcio<\/strong><\/p>\n\n\n\n<p><strong>\u201c<a href=\"https:\/\/drive.google.com\/file\/d\/1YkROlpEfrx7lyfRZTyu9Vq5XttOEbOW8\/view\" target=\"_blank\" rel=\"noreferrer noopener\">CRISE FINANCEIRA E FISCAL DO ESTADO DO RIO DE JANEIRO E CONTRIBUI\u00c7\u00d5ES A SUA SOLU\u00c7\u00c3O&#8221;<\/a><\/strong><br>Jos\u00e9 Alves de Azevedo Neto<br><br><strong><a href=\"https:\/\/drive.google.com\/file\/d\/1KcpYO4qQP9Kbk4CnCS69nHvRbdHxABRq\/view\" target=\"_blank\" rel=\"noreferrer noopener\">\u201cRA\u00cdZES DA CRISE FISCAL NO ESTADO DO RIO DE JANEIRO\u201d<\/a><\/strong><br>Fabio Souza Pontes e Karine Vargas Pontes<br><br><a href=\"https:\/\/drive.google.com\/file\/d\/1HaMGUssJlxd9-scylUT8xIB_UC27PszL\/view\" target=\"_blank\" rel=\"noreferrer noopener\">\u201c<strong>DOIS FATORES DAS G\u00caNESES DAS CRISES ESTRUTURAIS DO ATUAL ESTADO DO RIO DE JANEIRO E O IMPERATIVO DA AGENDA OR\u00c7AMENT\u00c1RIA: UMA NOTA DE PESQUISA\u201d<\/strong><\/a><br>Marcelo Costa Ferreira<br><br><a href=\"https:\/\/drive.google.com\/file\/d\/1A7pkGXNyzt8XfwPHeY7BbUm40z_LJA0G\/view\" target=\"_blank\" rel=\"noreferrer noopener\"><strong>\u201cO QUE EXPLICA A D\u00cdVIDA P\u00daBLICA DO ESTADO DO RIO DE JANEIRO? UMA AN\u00c1LISE DE 1975 A 2022\u201d<\/strong><\/a><br>Andr\u00e9 Aranha e Carlos Pinkusfeld Bastos<\/p>\n","protected":false},"excerpt":{"rendered":"<p>O Estado do Rio de Janeiro, entre 1970 e 2021, foi a unidade federativa que mais perdeu participa\u00e7\u00e3o no PIB <a class=\"read-more\" href=\"https:\/\/eventos.ufrrj.br\/sef\/crise-institucional-fluminense\/ \">&#8230; <i class=\"fa fa-long-arrow-right\"><\/i><\/a><\/p>\n","protected":false},"author":54,"featured_media":0,"parent":0,"menu_order":0,"comment_status":"closed","ping_status":"closed","template":"","meta":{"footnotes":""},"class_list":["post-416","page","type-page","status-publish","hentry"],"_links":{"self":[{"href":"https:\/\/eventos.ufrrj.br\/sef\/wp-json\/wp\/v2\/pages\/416","targetHints":{"allow":["GET"]}}],"collection":[{"href":"https:\/\/eventos.ufrrj.br\/sef\/wp-json\/wp\/v2\/pages"}],"about":[{"href":"https:\/\/eventos.ufrrj.br\/sef\/wp-json\/wp\/v2\/types\/page"}],"author":[{"embeddable":true,"href":"https:\/\/eventos.ufrrj.br\/sef\/wp-json\/wp\/v2\/users\/54"}],"replies":[{"embeddable":true,"href":"https:\/\/eventos.ufrrj.br\/sef\/wp-json\/wp\/v2\/comments?post=416"}],"version-history":[{"count":14,"href":"https:\/\/eventos.ufrrj.br\/sef\/wp-json\/wp\/v2\/pages\/416\/revisions"}],"predecessor-version":[{"id":822,"href":"https:\/\/eventos.ufrrj.br\/sef\/wp-json\/wp\/v2\/pages\/416\/revisions\/822"}],"wp:attachment":[{"href":"https:\/\/eventos.ufrrj.br\/sef\/wp-json\/wp\/v2\/media?parent=416"}],"curies":[{"name":"wp","href":"https:\/\/api.w.org\/{rel}","templated":true}]}}