{"id":412,"date":"2024-07-16T09:48:42","date_gmt":"2024-07-16T12:48:42","guid":{"rendered":"https:\/\/eventos.ufrrj.br\/sef\/?page_id=412"},"modified":"2024-11-19T16:19:44","modified_gmt":"2024-11-19T19:19:44","slug":"infraestrutura-e-logistica","status":"publish","type":"page","link":"https:\/\/eventos.ufrrj.br\/sef\/infraestrutura-e-logistica\/","title":{"rendered":"Infraestrutura e Log\u00edstica"},"content":{"rendered":"\n<p>Para o desenvolvimento econ\u00f4mico e social nesse in\u00edcio do s\u00e9culo XXI, a circula\u00e7\u00e3o do capital e as implica\u00e7\u00f5es territoriais da\u00ed decorrentes dependem de uma complexa reestrutura\u00e7\u00e3o e amplia\u00e7\u00e3o das redes t\u00e9cnicas e bases log\u00edsticas. Em todo o mundo, ferrovias, rodovias, portos, aeroportos, redes el\u00e9tricas e de comunica\u00e7\u00e3o, gasodutos, oleodutos, mineriodutos etc, se renovam ou s\u00e3o ampliados para permitir maior velocidade na circula\u00e7\u00e3o de insumos, pessoas e mercadorias. No Rio de Janeiro, diversos planos sobre as infra estruturas e propostas de moderniza\u00e7\u00e3o das redes foram elaborados, com pouca ou nenhuma efic\u00e1cia, como o PELC 40 (sobre transportes de diferentes modais); Plano Estrat\u00e9gico Ferrovi\u00e1rio, de 2021; PDUI (Plano de Desenvolvimento Urbano Integrado), de 2016. Retomar o debate e promover discuss\u00f5es sobre a necessidade de potencializar o uso das infraestruturas j\u00e1 existentes, e identificar novas possibilidades de integra\u00e7\u00e3o e amplia\u00e7\u00e3o das redes t\u00e9cnicas no estado, \u00e9 um desafio que se prop\u00f5e nessa sess\u00e3o tem\u00e1tica do semin\u00e1rio.<br><br><\/p>\n\n\n\n<p class=\"has-text-align-center\"><strong>25\/11\/2024 | Segunda-feira<\/strong><br>16:30 \u00e0s 18:30 \u2192 Sala E-522<br>Coordena\u00e7\u00e3o: <strong>Floriano Oliveira e Eduardo Duprat<\/strong><\/p>\n\n\n\n<p><a href=\"https:\/\/drive.google.com\/file\/d\/1eJxBzoeCuvDEq5nqvAEzj806EAJ4sYm_\/view\" target=\"_blank\" rel=\"noreferrer noopener\"><strong>\u201cPORTO DO A\u00c7U EM SUA PRIMEIRA D\u00c9CADA DE OPERA\u00c7\u00c3O, DESENVOLVIMENTO ECON\u00d4MICO E TRANSFORMA\u00c7\u00d5ES EM S\u00c3O JO\u00c3O DA BARRA-RJ\u201d <\/strong><\/a><br>Guilherme Vasconcelos Pereira e Ricardo Andr\u00e9 Avelar da N\u00f3brega<br><br><a href=\"https:\/\/drive.google.com\/file\/d\/1rXx0JrXfXSV3K5-EDsYwkAprf9z0LWCm\/view\" target=\"_blank\" rel=\"noreferrer noopener\"><strong>\u201cNOVAS OPORTUNIDADES DE CONEX\u00d5ES LOG\u00cdSTICAS PARA O ERJ\u201d <\/strong><\/a><br>Eduardo Duprat Ferreira de Mello, Erick Buonocore Nunes Penedo e Desir\u00e9e Rosalino Marques<br><br><a href=\"https:\/\/drive.google.com\/file\/d\/1Gj4qldj5JlUuBhuM1L4EGdQAZu8PZsAD\/view\" target=\"_blank\" rel=\"noreferrer noopener\"><strong>\u201cFERROVIAS NO ESTADO DO RIO DE JANEIRO: POSS\u00cdVEL REARRANJO E O PAPEL DOS INTERESSES PRIVADOS\u201d <\/strong><\/a><br>Andr\u00e9 Luiz do Nascimento Germano<br><br><a href=\"https:\/\/drive.google.com\/file\/d\/1-vxapwHRnKG6KuzWGD9dDB26RAlJ4ndB\/view\" target=\"_blank\" rel=\"noreferrer noopener\"><strong>\u201cPORTO DE ITAGUA\u00cd COMO \u201cHUB\u201d DA REGI\u00c3O SUDESTE\u201d <\/strong><\/a><br>Eduardo Gon\u00e7alves David<br><br><a href=\"https:\/\/drive.google.com\/file\/d\/16NtKZ65hyRX2fE566UsrJSJsuXzlxjr3\/view\" target=\"_blank\" rel=\"noreferrer noopener\"><strong>\u201cINTEGRA\u00c7\u00c3O REGIONAL ENTRE O NORTE FLUMINENSE E A REGI\u00c3O METROPOLITANA DO RIO DE JANEIRO: A IMPORT\u00c2NCIA DAS REDES T\u00c9CNICAS NA CIRCULA\u00c7\u00c3O PRODUTIVA.\u201d <\/strong><\/a><br>D&#8217;Jeanine Candido e Souza Carvalho<br><br><\/p>\n","protected":false},"excerpt":{"rendered":"<p>Para o desenvolvimento econ\u00f4mico e social nesse in\u00edcio do s\u00e9culo XXI, a circula\u00e7\u00e3o do capital e as implica\u00e7\u00f5es territoriais da\u00ed <a class=\"read-more\" href=\"https:\/\/eventos.ufrrj.br\/sef\/infraestrutura-e-logistica\/ \">&#8230; <i class=\"fa fa-long-arrow-right\"><\/i><\/a><\/p>\n","protected":false},"author":54,"featured_media":0,"parent":0,"menu_order":0,"comment_status":"closed","ping_status":"closed","template":"","meta":{"footnotes":""},"class_list":["post-412","page","type-page","status-publish","hentry"],"_links":{"self":[{"href":"https:\/\/eventos.ufrrj.br\/sef\/wp-json\/wp\/v2\/pages\/412","targetHints":{"allow":["GET"]}}],"collection":[{"href":"https:\/\/eventos.ufrrj.br\/sef\/wp-json\/wp\/v2\/pages"}],"about":[{"href":"https:\/\/eventos.ufrrj.br\/sef\/wp-json\/wp\/v2\/types\/page"}],"author":[{"embeddable":true,"href":"https:\/\/eventos.ufrrj.br\/sef\/wp-json\/wp\/v2\/users\/54"}],"replies":[{"embeddable":true,"href":"https:\/\/eventos.ufrrj.br\/sef\/wp-json\/wp\/v2\/comments?post=412"}],"version-history":[{"count":6,"href":"https:\/\/eventos.ufrrj.br\/sef\/wp-json\/wp\/v2\/pages\/412\/revisions"}],"predecessor-version":[{"id":793,"href":"https:\/\/eventos.ufrrj.br\/sef\/wp-json\/wp\/v2\/pages\/412\/revisions\/793"}],"wp:attachment":[{"href":"https:\/\/eventos.ufrrj.br\/sef\/wp-json\/wp\/v2\/media?parent=412"}],"curies":[{"name":"wp","href":"https:\/\/api.w.org\/{rel}","templated":true}]}}