{"id":19,"date":"2024-10-15T22:55:11","date_gmt":"2024-10-16T01:55:11","guid":{"rendered":"http:\/\/eventos.ufrrj.br\/sef\/?page_id=19"},"modified":"2024-10-21T10:26:06","modified_gmt":"2024-10-21T13:26:06","slug":"submissao","status":"publish","type":"page","link":"https:\/\/eventos.ufrrj.br\/sef\/submissao\/","title":{"rendered":"Submiss\u00e3o"},"content":{"rendered":"\n<p>Cartas de aceite dispon\u00edveis para consulta &gt;<a href=\"http:\/\/eventos.ufrrj.br\/sef\/files\/2024\/10\/CARTA-DE-ACEITE-Todos.pdf\" target=\"_blank\" rel=\"noreferrer noopener\">neste link<\/a>&lt;!<\/p>\n\n\n\n<p class=\"has-text-align-center\"><strong>Parabenizamos os autores e aguardamos a presen\u00e7a de todos<\/strong>!<br>COMIT\u00ca ORGANIZADOR do I SEERJ e III SEF.<\/p>\n\n\n\n<div class=\"wp-block-image\"><figure class=\"aligncenter size-full\"><a href=\"http:\/\/eventos.ufrrj.br\/sef\/files\/2024\/10\/CARTA-DE-ACEITE-Todos.pdf\" target=\"_blank\" rel=\"noopener\"><img loading=\"lazy\" decoding=\"async\" width=\"560\" height=\"700\" src=\"http:\/\/eventos.ufrrj.br\/sef\/files\/2024\/10\/Carta-de-Aceite-Seminarios.png\" alt=\"\" class=\"wp-image-656\" srcset=\"https:\/\/eventos.ufrrj.br\/sef\/files\/2024\/10\/Carta-de-Aceite-Seminarios.png 560w, https:\/\/eventos.ufrrj.br\/sef\/files\/2024\/10\/Carta-de-Aceite-Seminarios-240x300.png 240w\" sizes=\"auto, (max-width: 560px) 100vw, 560px\" \/><\/a><\/figure><\/div>\n\n\n<p><\/p>\n<p><strong>SUBMISS\u00d5ES entre 18\/07 e 30\/09\/2024<\/strong><\/p>\n<p><span style=\"font-weight: 400\">O evento recebe submiss\u00f5es de trabalhos, em formato de <\/span><b>\u201cResumo Expandido\u201d<\/b><span style=\"font-weight: 400\">, que devem ser feitas exclusivamente por meio do Formul\u00e1rio de Submiss\u00e3o <\/span><span style=\"font-weight: 400\">no per\u00edodo de 18\/07 a 30\/09\/2024.<\/span><\/p>\n<p><span style=\"font-weight: 400\">Os trabalhos em coautoria devem ter somente 5 (cinco) coautores e 1 (um\/uma) apresentador(a), obrigatoriamente um dos autores. Os proponentes poder\u00e3o submeter at\u00e9 dois resumos expandidos, em duas sess\u00f5es tem\u00e1ticas distintas.<\/span><\/p>\n<p><span style=\"font-weight: 400\">Os <\/span><b>\u201cResumos Expandidos\u201d <\/b><span style=\"font-weight: 400\">devem ter entre 4 (quatro) e<\/span> <span style=\"font-weight: 400\">5 (cinco) p\u00e1ginas, incluindo as ilustra\u00e7\u00f5es, tabelas, f\u00f3rmulas e refer\u00eancias, e devem ser anexados ao formul\u00e1rio de submiss\u00e3o, em PDF.<\/span><\/p>\n<p><span style=\"font-weight: 400\">A formata\u00e7\u00e3o do trabalho dever\u00e1 seguir as normas contidas no Modelo Word disponibilizado <br><\/span><a href=\"https:\/\/docs.google.com\/document\/d\/12CXGXa-uPkvEnr3-rCKlRlzxXvLq-wKl4KF7Uty2baY\/edit?usp=sharing\"><span style=\"font-weight: 400\">&gt;<strong>neste link&lt;<\/strong><\/span><\/a><strong>.&nbsp;<\/strong><span style=\"font-weight: 400\">Os trabalhos que n\u00e3o atenderem \u00e0s normas acima mencionadas ser\u00e3o rejeitados.&nbsp;<\/span><\/p>\n<p><span style=\"font-weight: 400\">Os trabalhos submetidos ser\u00e3o analisados por um Comit\u00ea T\u00e9cnico-Cient\u00edfico independente e multidisciplinar, composto por especialistas das \u00e1reas de conhecimento.<\/span><\/p>\n<p><span style=\"font-weight: 400\">Alguns crit\u00e9rios relevantes ser\u00e3o considerados para a aceita\u00e7\u00e3o dos trabalhos:<\/span><\/p>\n<ul>\n<li style=\"font-weight: 400\"><span style=\"font-weight: 400\">Ader\u00eancia e correla\u00e7\u00e3o com os temas do evento;<\/span><\/li>\n<li style=\"font-weight: 400\"><span style=\"font-weight: 400\">Relev\u00e2ncia e originalidade do tema\/abordagem;<\/span><\/li>\n<li style=\"font-weight: 400\"><span style=\"font-weight: 400\">Rigor t\u00e9cnico-cient\u00edfico e qualidade dos dados;<\/span><\/li>\n<li style=\"font-weight: 400\"><span style=\"font-weight: 400\">Clareza do texto, qualidade na argumenta\u00e7\u00e3o e adequa\u00e7\u00e3o \u00e0s regras da ABNT.<\/span><\/li>\n<\/ul>\n<p><span style=\"font-weight: 400\">Os dias, hor\u00e1rios e locais das apresenta\u00e7\u00f5es ser\u00e3o estabelecidos pela Comiss\u00e3o Organizadora, conforme o cronograma do evento.<\/span><\/p>\n<p><span style=\"font-weight: 400\">Cada comunica\u00e7\u00e3o, nas sess\u00f5es tem\u00e1ticas, dever\u00e1 ser realizada em at\u00e9 20 minutos. Recursos multim\u00eddias poder\u00e3o ser usados.<\/span><\/p>\n<p>Os resumos expandidos aprovados pelo Comit\u00ea Cient\u00edfico ser\u00e3o publicados em Anais do evento, com ISBN, ainda em 2024. Os autores dos trabalhos selecionados ser\u00e3o convidados a submeter os artigos completos para publica\u00e7\u00e3o em dossi\u00eas tem\u00e1ticos dos peri\u00f3dicos Cadernos do Desenvolvimento Fluminense (<a href=\"https:\/\/www.e-publicacoes.uerj.br\/cdf\">https:\/\/www.e-publicacoes.uerj.br\/cdf<\/a>) e Boletim do Observat\u00f3rio Ambiental (<a href=\"https:\/\/editoraessentia.iff.edu.br\/index.php\/boletim\">https:\/\/editoraessentia.iff.edu.br\/index.php\/boletim<\/a>).<\/p>\n<p><span style=\"font-weight: 400\">A responsabilidade referente \u00e0 propriedade intelectual dos trabalhos submetidos \u00e9 de seus respectivos autores e coautores, que devem observar a \u00c9tica em Pesquisa, em conformidade com a legisla\u00e7\u00e3o vigente.<\/span><\/p>\n\n\n<p class=\"has-text-align-center has-medium-font-size\" style=\"font-style:normal;font-weight:800\"><a rel=\"noreferrer noopener\" href=\"https:\/\/forms.gle\/E7i83FbXukwJQLkG8\" data-type=\"URL\" data-id=\"https:\/\/forms.gle\/E7i83FbXukwJQLkG8\" target=\"_blank\"><mark style=\"background-color:#ffffff\" class=\"has-inline-color has-vivid-cyan-blue-color\">&gt;<span style=\"text-decoration: underline\">CLIQUE AQUI PARA A SUBMISS\u00c3O<\/span>&lt;<\/mark><\/a><\/p>\n","protected":false},"excerpt":{"rendered":"<p>Cartas de aceite dispon\u00edveis para consulta &gt;neste link&lt;! Parabenizamos os autores e aguardamos a presen\u00e7a de todos!COMIT\u00ca ORGANIZADOR do I <a class=\"read-more\" href=\"https:\/\/eventos.ufrrj.br\/sef\/submissao\/ \">&#8230; <i class=\"fa fa-long-arrow-right\"><\/i><\/a><\/p>\n","protected":false},"author":25,"featured_media":0,"parent":0,"menu_order":0,"comment_status":"closed","ping_status":"closed","template":"","meta":{"footnotes":""},"class_list":["post-19","page","type-page","status-publish","hentry"],"_links":{"self":[{"href":"https:\/\/eventos.ufrrj.br\/sef\/wp-json\/wp\/v2\/pages\/19","targetHints":{"allow":["GET"]}}],"collection":[{"href":"https:\/\/eventos.ufrrj.br\/sef\/wp-json\/wp\/v2\/pages"}],"about":[{"href":"https:\/\/eventos.ufrrj.br\/sef\/wp-json\/wp\/v2\/types\/page"}],"author":[{"embeddable":true,"href":"https:\/\/eventos.ufrrj.br\/sef\/wp-json\/wp\/v2\/users\/25"}],"replies":[{"embeddable":true,"href":"https:\/\/eventos.ufrrj.br\/sef\/wp-json\/wp\/v2\/comments?post=19"}],"version-history":[{"count":48,"href":"https:\/\/eventos.ufrrj.br\/sef\/wp-json\/wp\/v2\/pages\/19\/revisions"}],"predecessor-version":[{"id":668,"href":"https:\/\/eventos.ufrrj.br\/sef\/wp-json\/wp\/v2\/pages\/19\/revisions\/668"}],"wp:attachment":[{"href":"https:\/\/eventos.ufrrj.br\/sef\/wp-json\/wp\/v2\/media?parent=19"}],"curies":[{"name":"wp","href":"https:\/\/api.w.org\/{rel}","templated":true}]}}

Submissão

<p>Cartas de aceite disponíveis para consulta &gt;<a href="http://eventos.ufrrj.br/sef/files/2024/10/CARTA-DE-ACEITE-Todos.pdf" target="_blank" rel="noreferrer noopener">neste link</a>&lt;!</p>



<p class="has-text-align-center"><strong>Parabenizamos os autores e aguardamos a presença de todos</strong>!<br>COMITÊ ORGANIZADOR do I SEERJ e III SEF.</p>



<div class="wp-block-image"><figure class="aligncenter size-full"><a href="http://eventos.ufrrj.br/sef/files/2024/10/CARTA-DE-ACEITE-Todos.pdf" target="_blank" rel="noopener"><img loading="lazy" decoding="async" width="560" height="700" src="http://eventos.ufrrj.br/sef/files/2024/10/Carta-de-Aceite-Seminarios.png" alt="" class="wp-image-656" srcset="https://eventos.ufrrj.br/sef/files/2024/10/Carta-de-Aceite-Seminarios.png 560w, https://eventos.ufrrj.br/sef/files/2024/10/Carta-de-Aceite-Seminarios-240x300.png 240w" sizes="auto, (max-width: 560px) 100vw, 560px" /></a></figure></div>


<p></p>
<p><strong>SUBMISSÕES entre 18/07 e 30/09/2024</strong></p>
<p><span style="font-weight: 400">O evento recebe submissões de trabalhos, em formato de </span><b>“Resumo Expandido”</b><span style="font-weight: 400">, que devem ser feitas exclusivamente por meio do Formulário de Submissão </span><span style="font-weight: 400">no período de 18/07 a 30/09/2024.</span></p>
<p><span style="font-weight: 400">Os trabalhos em coautoria devem ter somente 5 (cinco) coautores e 1 (um/uma) apresentador(a), obrigatoriamente um dos autores. Os proponentes poderão submeter até dois resumos expandidos, em duas sessões temáticas distintas.</span></p>
<p><span style="font-weight: 400">Os </span><b>“Resumos Expandidos” </b><span style="font-weight: 400">devem ter entre 4 (quatro) e</span> <span style="font-weight: 400">5 (cinco) páginas, incluindo as ilustrações, tabelas, fórmulas e referências, e devem ser anexados ao formulário de submissão, em PDF.</span></p>
<p><span style="font-weight: 400">A formatação do trabalho deverá seguir as normas contidas no Modelo Word disponibilizado <br></span><a href="https://docs.google.com/document/d/12CXGXa-uPkvEnr3-rCKlRlzxXvLq-wKl4KF7Uty2baY/edit?usp=sharing"><span style="font-weight: 400">&gt;<strong>neste link&lt;</strong></span></a><strong>.&nbsp;</strong><span style="font-weight: 400">Os trabalhos que não atenderem às normas acima mencionadas serão rejeitados.&nbsp;</span></p>
<p><span style="font-weight: 400">Os trabalhos submetidos serão analisados por um Comitê Técnico-Científico independente e multidisciplinar, composto por especialistas das áreas de conhecimento.</span></p>
<p><span style="font-weight: 400">Alguns critérios relevantes serão considerados para a aceitação dos trabalhos:</span></p>
<ul>
<li style="font-weight: 400"><span style="font-weight: 400">Aderência e correlação com os temas do evento;</span></li>
<li style="font-weight: 400"><span style="font-weight: 400">Relevância e originalidade do tema/abordagem;</span></li>
<li style="font-weight: 400"><span style="font-weight: 400">Rigor técnico-científico e qualidade dos dados;</span></li>
<li style="font-weight: 400"><span style="font-weight: 400">Clareza do texto, qualidade na argumentação e adequação às regras da ABNT.</span></li>
</ul>
<p><span style="font-weight: 400">Os dias, horários e locais das apresentações serão estabelecidos pela Comissão Organizadora, conforme o cronograma do evento.</span></p>
<p><span style="font-weight: 400">Cada comunicação, nas sessões temáticas, deverá ser realizada em até 20 minutos. Recursos multimídias poderão ser usados.</span></p>
<p>Os resumos expandidos aprovados pelo Comitê Científico serão publicados em Anais do evento, com ISBN, ainda em 2024. Os autores dos trabalhos selecionados serão convidados a submeter os artigos completos para publicação em dossiês temáticos dos periódicos Cadernos do Desenvolvimento Fluminense (<a href="https://www.e-publicacoes.uerj.br/cdf">https://www.e-publicacoes.uerj.br/cdf</a>) e Boletim do Observatório Ambiental (<a href="https://editoraessentia.iff.edu.br/index.php/boletim">https://editoraessentia.iff.edu.br/index.php/boletim</a>).</p>
<p><span style="font-weight: 400">A responsabilidade referente à propriedade intelectual dos trabalhos submetidos é de seus respectivos autores e coautores, que devem observar a Ética em Pesquisa, em conformidade com a legislação vigente.</span></p>


<p class="has-text-align-center has-medium-font-size" style="font-style:normal;font-weight:800"><a rel="noreferrer noopener" href="https://forms.gle/E7i83FbXukwJQLkG8" data-type="URL" data-id="https://forms.gle/E7i83FbXukwJQLkG8" target="_blank"><mark style="background-color:#ffffff" class="has-inline-color has-vivid-cyan-blue-color">&gt;<span style="text-decoration: underline">CLIQUE AQUI PARA A SUBMISSÃO</span>&lt;</mark></a></p>

<p>Cartas de aceite disponíveis para consulta &gt;neste link&lt;! Parabenizamos os autores e aguardamos a presença de todos!COMITÊ ORGANIZADOR do I <a class="read-more" href="https://eventos.ufrrj.br/sef/submissao/ ">&#8230; <i class="fa fa-long-arrow-right"></i></a></p>
