{"id":20,"date":"2017-04-04T14:24:50","date_gmt":"2017-04-04T17:24:50","guid":{"rendered":"http:\/\/eventos.ufrrj.br\/sapsi\/?page_id=20"},"modified":"2017-04-22T21:53:54","modified_gmt":"2017-04-23T00:53:54","slug":"organizacao","status":"publish","type":"page","link":"https:\/\/eventos.ufrrj.br\/sapsi\/organizacao\/","title":{"rendered":"ORGANIZA\u00c7\u00c3O"},"content":{"rendered":"<p>Alex Henrique Lima Silva<\/p>\n<p>Ana Ramires de Assis da Silva<\/p>\n<p>Ana Carolina Marendaz da Silva<\/p>\n<p>Gabriella Santos Ramalho<\/p>\n<p>Ge\u00f3rgia Ferreira de Carvalho Rezende<\/p>\n<p>Grazielly Ribas de Oliveira<\/p>\n<p>Laize Verde Marinho<\/p>\n<p>Let\u00edcia Alves Veloso<\/p>\n<p>Liliane Ramos Ferreira da Silva<\/p>\n<p>Matheus Sv\u00f3boda Caruzo<\/p>\n<p>Monique Soares da Rosa<\/p>\n<p>P\u00e2mela de Almeida Motta<\/p>\n<p>Rosiany da C. Vieira Caldas<\/p>\n","protected":false},"excerpt":{"rendered":"<p>Alex Henrique Lima Silva Ana Ramires de Assis da Silva Ana Carolina Marendaz da Silva Gabriella Santos Ramalho Ge\u00f3rgia Ferreira de Carvalho [&hellip;]<\/p>\n","protected":false},"author":25,"featured_media":0,"parent":0,"menu_order":0,"comment_status":"closed","ping_status":"closed","template":"","meta":{"_acf_changed":false,"footnotes":""},"tags":[],"class_list":["post-20","page","type-page","status-publish","hentry"],"acf":[],"yoast_head":"<!-- This site is optimized with the Yoast SEO plugin v27.5 - https:\/\/yoast.com\/product\/yoast-seo-wordpress\/ -->\n<title>ORGANIZA\u00c7\u00c3O - Semana Acad\u00eamica de Psicologia<\/title>\n<meta name=\"robots\" content=\"index, follow, max-snippet:-1, max-image-preview:large, max-video-preview:-1\" \/>\n<link rel=\"canonical\" href=\"https:\/\/eventos.ufrrj.br\/sapsi\/organizacao\/\" \/>\n<meta property=\"og:locale\" content=\"pt_BR\" \/>\n<meta property=\"og:type\" content=\"article\" \/>\n<meta property=\"og:title\" content=\"ORGANIZA\u00c7\u00c3O - Semana Acad\u00eamica de Psicologia\" \/>\n<meta property=\"og:description\" content=\"Alex Henrique Lima Silva Ana Ramires de Assis da Silva Ana Carolina Marendaz da Silva Gabriella Santos Ramalho Ge\u00f3rgia Ferreira de Carvalho [&hellip;]\" \/>\n<meta property=\"og:url\" content=\"https:\/\/eventos.ufrrj.br\/sapsi\/organizacao\/\" \/>\n<meta property=\"og:site_name\" content=\"Semana Acad\u00eamica de Psicologia\" \/>\n<meta property=\"article:modified_time\" content=\"2017-04-23T00:53:54+00:00\" \/>\n<meta name=\"twitter:card\" content=\"summary_large_image\" \/>\n<script type=\"application\/ld+json\" class=\"yoast-schema-graph\">{\"@context\":\"https:\\\/\\\/schema.org\",\"@graph\":[{\"@type\":\"WebPage\",\"@id\":\"https:\\\/\\\/eventos.ufrrj.br\\\/sapsi\\\/organizacao\\\/\",\"url\":\"https:\\\/\\\/eventos.ufrrj.br\\\/sapsi\\\/organizacao\\\/\",\"name\":\"ORGANIZA\u00c7\u00c3O - Semana Acad\u00eamica de Psicologia\",\"isPartOf\":{\"@id\":\"https:\\\/\\\/eventos.ufrrj.br\\\/sapsi\\\/#website\"},\"datePublished\":\"2017-04-04T17:24:50+00:00\",\"dateModified\":\"2017-04-23T00:53:54+00:00\",\"breadcrumb\":{\"@id\":\"https:\\\/\\\/eventos.ufrrj.br\\\/sapsi\\\/organizacao\\\/#breadcrumb\"},\"inLanguage\":\"pt-BR\",\"potentialAction\":[{\"@type\":\"ReadAction\",\"target\":[\"https:\\\/\\\/eventos.ufrrj.br\\\/sapsi\\\/organizacao\\\/\"]}]},{\"@type\":\"BreadcrumbList\",\"@id\":\"https:\\\/\\\/eventos.ufrrj.br\\\/sapsi\\\/organizacao\\\/#breadcrumb\",\"itemListElement\":[{\"@type\":\"ListItem\",\"position\":1,\"name\":\"In\u00edcio\",\"item\":\"https:\\\/\\\/eventos.ufrrj.br\\\/sapsi\\\/\"},{\"@type\":\"ListItem\",\"position\":2,\"name\":\"ORGANIZA\u00c7\u00c3O\"}]},{\"@type\":\"WebSite\",\"@id\":\"https:\\\/\\\/eventos.ufrrj.br\\\/sapsi\\\/#website\",\"url\":\"https:\\\/\\\/eventos.ufrrj.br\\\/sapsi\\\/\",\"name\":\"Semana Acad\u00eamica de Psicologia\",\"description\":\"S\u00f3 mais um site Eventos da UFRRJ \",\"potentialAction\":[{\"@type\":\"SearchAction\",\"target\":{\"@type\":\"EntryPoint\",\"urlTemplate\":\"https:\\\/\\\/eventos.ufrrj.br\\\/sapsi\\\/?s={search_term_string}\"},\"query-input\":{\"@type\":\"PropertyValueSpecification\",\"valueRequired\":true,\"valueName\":\"search_term_string\"}}],\"inLanguage\":\"pt-BR\"}]}<\/script>\n<!-- \/ Yoast SEO plugin. -->","yoast_head_json":{"title":"ORGANIZA\u00c7\u00c3O - Semana Acad\u00eamica de Psicologia","robots":{"index":"index","follow":"follow","max-snippet":"max-snippet:-1","max-image-preview":"max-image-preview:large","max-video-preview":"max-video-preview:-1"},"canonical":"https:\/\/eventos.ufrrj.br\/sapsi\/organizacao\/","og_locale":"pt_BR","og_type":"article","og_title":"ORGANIZA\u00c7\u00c3O - Semana Acad\u00eamica de Psicologia","og_description":"Alex Henrique Lima Silva Ana Ramires de Assis da Silva Ana Carolina Marendaz da Silva Gabriella Santos Ramalho Ge\u00f3rgia Ferreira de Carvalho [&hellip;]","og_url":"https:\/\/eventos.ufrrj.br\/sapsi\/organizacao\/","og_site_name":"Semana Acad\u00eamica de Psicologia","article_modified_time":"2017-04-23T00:53:54+00:00","twitter_card":"summary_large_image","schema":{"@context":"https:\/\/schema.org","@graph":[{"@type":"WebPage","@id":"https:\/\/eventos.ufrrj.br\/sapsi\/organizacao\/","url":"https:\/\/eventos.ufrrj.br\/sapsi\/organizacao\/","name":"ORGANIZA\u00c7\u00c3O - Semana Acad\u00eamica de Psicologia","isPartOf":{"@id":"https:\/\/eventos.ufrrj.br\/sapsi\/#website"},"datePublished":"2017-04-04T17:24:50+00:00","dateModified":"2017-04-23T00:53:54+00:00","breadcrumb":{"@id":"https:\/\/eventos.ufrrj.br\/sapsi\/organizacao\/#breadcrumb"},"inLanguage":"pt-BR","potentialAction":[{"@type":"ReadAction","target":["https:\/\/eventos.ufrrj.br\/sapsi\/organizacao\/"]}]},{"@type":"BreadcrumbList","@id":"https:\/\/eventos.ufrrj.br\/sapsi\/organizacao\/#breadcrumb","itemListElement":[{"@type":"ListItem","position":1,"name":"In\u00edcio","item":"https:\/\/eventos.ufrrj.br\/sapsi\/"},{"@type":"ListItem","position":2,"name":"ORGANIZA\u00c7\u00c3O"}]},{"@type":"WebSite","@id":"https:\/\/eventos.ufrrj.br\/sapsi\/#website","url":"https:\/\/eventos.ufrrj.br\/sapsi\/","name":"Semana Acad\u00eamica de Psicologia","description":"S\u00f3 mais um site Eventos da UFRRJ ","potentialAction":[{"@type":"SearchAction","target":{"@type":"EntryPoint","urlTemplate":"https:\/\/eventos.ufrrj.br\/sapsi\/?s={search_term_string}"},"query-input":{"@type":"PropertyValueSpecification","valueRequired":true,"valueName":"search_term_string"}}],"inLanguage":"pt-BR"}]}},"_links":{"self":[{"href":"https:\/\/eventos.ufrrj.br\/sapsi\/wp-json\/wp\/v2\/pages\/20","targetHints":{"allow":["GET"]}}],"collection":[{"href":"https:\/\/eventos.ufrrj.br\/sapsi\/wp-json\/wp\/v2\/pages"}],"about":[{"href":"https:\/\/eventos.ufrrj.br\/sapsi\/wp-json\/wp\/v2\/types\/page"}],"author":[{"embeddable":true,"href":"https:\/\/eventos.ufrrj.br\/sapsi\/wp-json\/wp\/v2\/users\/25"}],"replies":[{"embeddable":true,"href":"https:\/\/eventos.ufrrj.br\/sapsi\/wp-json\/wp\/v2\/comments?post=20"}],"version-history":[{"count":4,"href":"https:\/\/eventos.ufrrj.br\/sapsi\/wp-json\/wp\/v2\/pages\/20\/revisions"}],"predecessor-version":[{"id":88,"href":"https:\/\/eventos.ufrrj.br\/sapsi\/wp-json\/wp\/v2\/pages\/20\/revisions\/88"}],"wp:attachment":[{"href":"https:\/\/eventos.ufrrj.br\/sapsi\/wp-json\/wp\/v2\/media?parent=20"}],"wp:term":[{"taxonomy":"post_tag","embeddable":true,"href":"https:\/\/eventos.ufrrj.br\/sapsi\/wp-json\/wp\/v2\/tags?post=20"}],"curies":[{"name":"wp","href":"https:\/\/api.w.org\/{rel}","templated":true}]}}

ORGANIZAÇÃO

<p>Alex Henrique Lima Silva</p>
<p>Ana Ramires de Assis da Silva</p>
<p>Ana Carolina Marendaz da Silva</p>
<p>Gabriella Santos Ramalho</p>
<p>Geórgia Ferreira de Carvalho Rezende</p>
<p>Grazielly Ribas de Oliveira</p>
<p>Laize Verde Marinho</p>
<p>Letícia Alves Veloso</p>
<p>Liliane Ramos Ferreira da Silva</p>
<p>Matheus Svóboda Caruzo</p>
<p>Monique Soares da Rosa</p>
<p>Pâmela de Almeida Motta</p>
<p>Rosiany da C. Vieira Caldas</p>

<p>Alex Henrique Lima Silva Ana Ramires de Assis da Silva Ana Carolina Marendaz da Silva Gabriella Santos Ramalho Geórgia Ferreira de Carvalho [&hellip;]</p>

<!-- This site is optimized with the Yoast SEO plugin v27.5 - https://yoast.com/product/yoast-seo-wordpress/ -->
<title>ORGANIZAÇÃO - Semana Acadêmica de Psicologia</title>
<meta name="robots" content="index, follow, max-snippet:-1, max-image-preview:large, max-video-preview:-1" />
<link rel="canonical" href="https://eventos.ufrrj.br/sapsi/organizacao/" />
<meta property="og:locale" content="pt_BR" />
<meta property="og:type" content="article" />
<meta property="og:title" content="ORGANIZAÇÃO - Semana Acadêmica de Psicologia" />
<meta property="og:description" content="Alex Henrique Lima Silva Ana Ramires de Assis da Silva Ana Carolina Marendaz da Silva Gabriella Santos Ramalho Geórgia Ferreira de Carvalho [&hellip;]" />
<meta property="og:url" content="https://eventos.ufrrj.br/sapsi/organizacao/" />
<meta property="og:site_name" content="Semana Acadêmica de Psicologia" />
<meta property="article:modified_time" content="2017-04-23T00:53:54+00:00" />
<meta name="twitter:card" content="summary_large_image" />
<script type="application/ld+json" class="yoast-schema-graph">{"@context":"https:\/\/schema.org","@graph":[{"@type":"WebPage","@id":"https:\/\/eventos.ufrrj.br\/sapsi\/organizacao\/","url":"https:\/\/eventos.ufrrj.br\/sapsi\/organizacao\/","name":"ORGANIZAÇÃO - Semana Acadêmica de Psicologia","isPartOf":{"@id":"https:\/\/eventos.ufrrj.br\/sapsi\/#website"},"datePublished":"2017-04-04T17:24:50+00:00","dateModified":"2017-04-23T00:53:54+00:00","breadcrumb":{"@id":"https:\/\/eventos.ufrrj.br\/sapsi\/organizacao\/#breadcrumb"},"inLanguage":"pt-BR","potentialAction":[{"@type":"ReadAction","target":["https:\/\/eventos.ufrrj.br\/sapsi\/organizacao\/"]}]},{"@type":"BreadcrumbList","@id":"https:\/\/eventos.ufrrj.br\/sapsi\/organizacao\/#breadcrumb","itemListElement":[{"@type":"ListItem","position":1,"name":"Início","item":"https:\/\/eventos.ufrrj.br\/sapsi\/"},{"@type":"ListItem","position":2,"name":"ORGANIZAÇÃO"}]},{"@type":"WebSite","@id":"https:\/\/eventos.ufrrj.br\/sapsi\/#website","url":"https:\/\/eventos.ufrrj.br\/sapsi\/","name":"Semana Acadêmica de Psicologia","description":"Só mais um site Eventos da UFRRJ ","potentialAction":[{"@type":"SearchAction","target":{"@type":"EntryPoint","urlTemplate":"https:\/\/eventos.ufrrj.br\/sapsi\/?s={search_term_string}"},"query-input":{"@type":"PropertyValueSpecification","valueRequired":true,"valueName":"search_term_string"}}],"inLanguage":"pt-BR"}]}</script>
<!-- / Yoast SEO plugin. -->

ORGANIZAÇÃO - Semana Acadêmica de Psicologia

Alex Henrique Lima Silva Ana Ramires de Assis da Silva Ana Carolina Marendaz da Silva Gabriella Santos Ramalho Geórgia Ferreira de Carvalho [&hellip;]

Semana Acadêmica de Psicologia

Início

Só mais um site Eventos da UFRRJ
