{"id":18,"date":"2017-04-04T14:23:43","date_gmt":"2017-04-04T17:23:43","guid":{"rendered":"http:\/\/eventos.ufrrj.br\/sapsi\/?page_id=18"},"modified":"2017-04-29T14:55:30","modified_gmt":"2017-04-29T17:55:30","slug":"inscricoes","status":"publish","type":"page","link":"https:\/\/eventos.ufrrj.br\/sapsi\/inscricoes\/","title":{"rendered":"INSCRI\u00c7\u00d5ES"},"content":{"rendered":"<p>[encerradas]<\/p>\n\n","protected":false},"excerpt":{"rendered":"<p>[encerradas]<\/p>\n","protected":false},"author":25,"featured_media":0,"parent":0,"menu_order":0,"comment_status":"closed","ping_status":"closed","template":"","meta":{"_acf_changed":false,"footnotes":""},"tags":[],"class_list":["post-18","page","type-page","status-publish","hentry"],"acf":[],"yoast_head":"<!-- This site is optimized with the Yoast SEO plugin v27.5 - https:\/\/yoast.com\/product\/yoast-seo-wordpress\/ -->\n<title>INSCRI\u00c7\u00d5ES - Semana Acad\u00eamica de Psicologia<\/title>\n<meta name=\"robots\" content=\"index, follow, max-snippet:-1, max-image-preview:large, max-video-preview:-1\" \/>\n<link rel=\"canonical\" href=\"https:\/\/eventos.ufrrj.br\/sapsi\/inscricoes\/\" \/>\n<meta property=\"og:locale\" content=\"pt_BR\" \/>\n<meta property=\"og:type\" content=\"article\" \/>\n<meta property=\"og:title\" content=\"INSCRI\u00c7\u00d5ES - Semana Acad\u00eamica de Psicologia\" \/>\n<meta property=\"og:description\" content=\"[encerradas]\" \/>\n<meta property=\"og:url\" content=\"https:\/\/eventos.ufrrj.br\/sapsi\/inscricoes\/\" \/>\n<meta property=\"og:site_name\" content=\"Semana Acad\u00eamica de Psicologia\" \/>\n<meta property=\"article:modified_time\" content=\"2017-04-29T17:55:30+00:00\" \/>\n<meta name=\"twitter:card\" content=\"summary_large_image\" \/>\n<script type=\"application\/ld+json\" class=\"yoast-schema-graph\">{\"@context\":\"https:\\\/\\\/schema.org\",\"@graph\":[{\"@type\":\"WebPage\",\"@id\":\"https:\\\/\\\/eventos.ufrrj.br\\\/sapsi\\\/inscricoes\\\/\",\"url\":\"https:\\\/\\\/eventos.ufrrj.br\\\/sapsi\\\/inscricoes\\\/\",\"name\":\"INSCRI\u00c7\u00d5ES - Semana Acad\u00eamica de Psicologia\",\"isPartOf\":{\"@id\":\"https:\\\/\\\/eventos.ufrrj.br\\\/sapsi\\\/#website\"},\"datePublished\":\"2017-04-04T17:23:43+00:00\",\"dateModified\":\"2017-04-29T17:55:30+00:00\",\"breadcrumb\":{\"@id\":\"https:\\\/\\\/eventos.ufrrj.br\\\/sapsi\\\/inscricoes\\\/#breadcrumb\"},\"inLanguage\":\"pt-BR\",\"potentialAction\":[{\"@type\":\"ReadAction\",\"target\":[\"https:\\\/\\\/eventos.ufrrj.br\\\/sapsi\\\/inscricoes\\\/\"]}]},{\"@type\":\"BreadcrumbList\",\"@id\":\"https:\\\/\\\/eventos.ufrrj.br\\\/sapsi\\\/inscricoes\\\/#breadcrumb\",\"itemListElement\":[{\"@type\":\"ListItem\",\"position\":1,\"name\":\"In\u00edcio\",\"item\":\"https:\\\/\\\/eventos.ufrrj.br\\\/sapsi\\\/\"},{\"@type\":\"ListItem\",\"position\":2,\"name\":\"INSCRI\u00c7\u00d5ES\"}]},{\"@type\":\"WebSite\",\"@id\":\"https:\\\/\\\/eventos.ufrrj.br\\\/sapsi\\\/#website\",\"url\":\"https:\\\/\\\/eventos.ufrrj.br\\\/sapsi\\\/\",\"name\":\"Semana Acad\u00eamica de Psicologia\",\"description\":\"S\u00f3 mais um site Eventos da UFRRJ \",\"potentialAction\":[{\"@type\":\"SearchAction\",\"target\":{\"@type\":\"EntryPoint\",\"urlTemplate\":\"https:\\\/\\\/eventos.ufrrj.br\\\/sapsi\\\/?s={search_term_string}\"},\"query-input\":{\"@type\":\"PropertyValueSpecification\",\"valueRequired\":true,\"valueName\":\"search_term_string\"}}],\"inLanguage\":\"pt-BR\"}]}<\/script>\n<!-- \/ Yoast SEO plugin. -->","yoast_head_json":{"title":"INSCRI\u00c7\u00d5ES - Semana Acad\u00eamica de Psicologia","robots":{"index":"index","follow":"follow","max-snippet":"max-snippet:-1","max-image-preview":"max-image-preview:large","max-video-preview":"max-video-preview:-1"},"canonical":"https:\/\/eventos.ufrrj.br\/sapsi\/inscricoes\/","og_locale":"pt_BR","og_type":"article","og_title":"INSCRI\u00c7\u00d5ES - Semana Acad\u00eamica de Psicologia","og_description":"[encerradas]","og_url":"https:\/\/eventos.ufrrj.br\/sapsi\/inscricoes\/","og_site_name":"Semana Acad\u00eamica de Psicologia","article_modified_time":"2017-04-29T17:55:30+00:00","twitter_card":"summary_large_image","schema":{"@context":"https:\/\/schema.org","@graph":[{"@type":"WebPage","@id":"https:\/\/eventos.ufrrj.br\/sapsi\/inscricoes\/","url":"https:\/\/eventos.ufrrj.br\/sapsi\/inscricoes\/","name":"INSCRI\u00c7\u00d5ES - Semana Acad\u00eamica de Psicologia","isPartOf":{"@id":"https:\/\/eventos.ufrrj.br\/sapsi\/#website"},"datePublished":"2017-04-04T17:23:43+00:00","dateModified":"2017-04-29T17:55:30+00:00","breadcrumb":{"@id":"https:\/\/eventos.ufrrj.br\/sapsi\/inscricoes\/#breadcrumb"},"inLanguage":"pt-BR","potentialAction":[{"@type":"ReadAction","target":["https:\/\/eventos.ufrrj.br\/sapsi\/inscricoes\/"]}]},{"@type":"BreadcrumbList","@id":"https:\/\/eventos.ufrrj.br\/sapsi\/inscricoes\/#breadcrumb","itemListElement":[{"@type":"ListItem","position":1,"name":"In\u00edcio","item":"https:\/\/eventos.ufrrj.br\/sapsi\/"},{"@type":"ListItem","position":2,"name":"INSCRI\u00c7\u00d5ES"}]},{"@type":"WebSite","@id":"https:\/\/eventos.ufrrj.br\/sapsi\/#website","url":"https:\/\/eventos.ufrrj.br\/sapsi\/","name":"Semana Acad\u00eamica de Psicologia","description":"S\u00f3 mais um site Eventos da UFRRJ ","potentialAction":[{"@type":"SearchAction","target":{"@type":"EntryPoint","urlTemplate":"https:\/\/eventos.ufrrj.br\/sapsi\/?s={search_term_string}"},"query-input":{"@type":"PropertyValueSpecification","valueRequired":true,"valueName":"search_term_string"}}],"inLanguage":"pt-BR"}]}},"_links":{"self":[{"href":"https:\/\/eventos.ufrrj.br\/sapsi\/wp-json\/wp\/v2\/pages\/18","targetHints":{"allow":["GET"]}}],"collection":[{"href":"https:\/\/eventos.ufrrj.br\/sapsi\/wp-json\/wp\/v2\/pages"}],"about":[{"href":"https:\/\/eventos.ufrrj.br\/sapsi\/wp-json\/wp\/v2\/types\/page"}],"author":[{"embeddable":true,"href":"https:\/\/eventos.ufrrj.br\/sapsi\/wp-json\/wp\/v2\/users\/25"}],"replies":[{"embeddable":true,"href":"https:\/\/eventos.ufrrj.br\/sapsi\/wp-json\/wp\/v2\/comments?post=18"}],"version-history":[{"count":5,"href":"https:\/\/eventos.ufrrj.br\/sapsi\/wp-json\/wp\/v2\/pages\/18\/revisions"}],"predecessor-version":[{"id":96,"href":"https:\/\/eventos.ufrrj.br\/sapsi\/wp-json\/wp\/v2\/pages\/18\/revisions\/96"}],"wp:attachment":[{"href":"https:\/\/eventos.ufrrj.br\/sapsi\/wp-json\/wp\/v2\/media?parent=18"}],"wp:term":[{"taxonomy":"post_tag","embeddable":true,"href":"https:\/\/eventos.ufrrj.br\/sapsi\/wp-json\/wp\/v2\/tags?post=18"}],"curies":[{"name":"wp","href":"https:\/\/api.w.org\/{rel}","templated":true}]}}

INSCRIÇÕES

<!-- This site is optimized with the Yoast SEO plugin v27.5 - https://yoast.com/product/yoast-seo-wordpress/ -->
<title>INSCRIÇÕES - Semana Acadêmica de Psicologia</title>
<meta name="robots" content="index, follow, max-snippet:-1, max-image-preview:large, max-video-preview:-1" />
<link rel="canonical" href="https://eventos.ufrrj.br/sapsi/inscricoes/" />
<meta property="og:locale" content="pt_BR" />
<meta property="og:type" content="article" />
<meta property="og:title" content="INSCRIÇÕES - Semana Acadêmica de Psicologia" />
<meta property="og:description" content="[encerradas]" />
<meta property="og:url" content="https://eventos.ufrrj.br/sapsi/inscricoes/" />
<meta property="og:site_name" content="Semana Acadêmica de Psicologia" />
<meta property="article:modified_time" content="2017-04-29T17:55:30+00:00" />
<meta name="twitter:card" content="summary_large_image" />
<script type="application/ld+json" class="yoast-schema-graph">{"@context":"https:\/\/schema.org","@graph":[{"@type":"WebPage","@id":"https:\/\/eventos.ufrrj.br\/sapsi\/inscricoes\/","url":"https:\/\/eventos.ufrrj.br\/sapsi\/inscricoes\/","name":"INSCRIÇÕES - Semana Acadêmica de Psicologia","isPartOf":{"@id":"https:\/\/eventos.ufrrj.br\/sapsi\/#website"},"datePublished":"2017-04-04T17:23:43+00:00","dateModified":"2017-04-29T17:55:30+00:00","breadcrumb":{"@id":"https:\/\/eventos.ufrrj.br\/sapsi\/inscricoes\/#breadcrumb"},"inLanguage":"pt-BR","potentialAction":[{"@type":"ReadAction","target":["https:\/\/eventos.ufrrj.br\/sapsi\/inscricoes\/"]}]},{"@type":"BreadcrumbList","@id":"https:\/\/eventos.ufrrj.br\/sapsi\/inscricoes\/#breadcrumb","itemListElement":[{"@type":"ListItem","position":1,"name":"Início","item":"https:\/\/eventos.ufrrj.br\/sapsi\/"},{"@type":"ListItem","position":2,"name":"INSCRIÇÕES"}]},{"@type":"WebSite","@id":"https:\/\/eventos.ufrrj.br\/sapsi\/#website","url":"https:\/\/eventos.ufrrj.br\/sapsi\/","name":"Semana Acadêmica de Psicologia","description":"Só mais um site Eventos da UFRRJ ","potentialAction":[{"@type":"SearchAction","target":{"@type":"EntryPoint","urlTemplate":"https:\/\/eventos.ufrrj.br\/sapsi\/?s={search_term_string}"},"query-input":{"@type":"PropertyValueSpecification","valueRequired":true,"valueName":"search_term_string"}}],"inLanguage":"pt-BR"}]}</script>
<!-- / Yoast SEO plugin. -->

INSCRIÇÕES - Semana Acadêmica de Psicologia

Semana Acadêmica de Psicologia

Início

Só mais um site Eventos da UFRRJ
