{"id":16,"date":"2017-04-04T14:23:15","date_gmt":"2017-04-04T17:23:15","guid":{"rendered":"http:\/\/eventos.ufrrj.br\/sapsi\/?page_id=16"},"modified":"2017-04-29T14:56:08","modified_gmt":"2017-04-29T17:56:08","slug":"oficinas-e-minicursos","status":"publish","type":"page","link":"https:\/\/eventos.ufrrj.br\/sapsi\/oficinas-e-minicursos\/","title":{"rendered":"OFICINAS E MINICURSOS"},"content":{"rendered":"<h2>TER\u00c7A-FEIRA 09\/05<\/h2>\n<h3><strong>8h30 &#8211; Oficina:<\/strong>\u00a0 Avalia\u00e7\u00e3o Psicol\u00f3gica para Orienta\u00e7\u00e3o Vocacional<\/h3>\n<p><strong>Instrutora:<\/strong>\u00a0Ma\u00edra A. Andrade Madeira<\/p>\n<h6>*P\u00fablico-alvo: Estudantes de Psicologia a partir do 5\u00ba per\u00edodo.<\/h6>\n<p><strong>\u00a0<\/strong><\/p>\n<p>&#8212;&#8212;&#8212;&#8212;&#8212;&#8212;&#8212;&#8212;&#8212;&#8212;&#8212;&#8212;&#8212;&#8212;&#8212;&#8212;&#8212;&#8212;&#8212;&#8212;&#8212;&#8212;&#8212;&#8212;&#8212;&#8212;&#8212;&#8212;&#8212;&#8212;&#8212;&#8212;&#8212;&#8212;&#8212;&#8212;&#8212;&#8212;&#8212;&#8211;<\/p>\n<h3>8h30 &#8211; Oficina: Roda de Conversa sobre psicod\u00e9licos e outras drogas na perspectiva da redu\u00e7\u00e3o de danos<\/h3>\n<p><strong>Instrutores:\u00a0<\/strong>Rog\u00e9rio Alves, Fernando Beserra e Gisele Mota (Associa\u00e7\u00e3o Psicod\u00e9lica do Brasil)<\/p>\n<p>&nbsp;<\/p>\n<h2>QUARTA-FEIRA 10\/05<\/h2>\n<h3>8h30 &#8211; Oficina:\u00a0Manejo da raiva e interven\u00e7\u00f5es baseadas em Mindfulness<\/h3>\n<p><strong>Instrutoras:\u00a0<\/strong>Patr\u00edcia Sena e Gabriela Bandeira<\/p>\n<p>&nbsp;<\/p>\n<p>&#8212;&#8212;&#8212;&#8212;&#8212;&#8212;&#8212;&#8212;&#8212;&#8212;&#8212;&#8212;&#8212;&#8212;&#8212;&#8212;&#8212;&#8212;&#8212;&#8212;&#8212;&#8212;&#8212;&#8212;&#8212;&#8212;&#8212;&#8212;&#8212;&#8212;&#8212;&#8212;&#8212;&#8212;&#8212;&#8212;&#8212;&#8212;&#8212;&#8212;-<\/p>\n<h3>8h30 &#8211; Oficina:\u00a0\u00a0Ansiedade de apresenta\u00e7\u00e3o<\/h3>\n<p><strong>Instrutor:<\/strong> Wanderson Souza<\/p>\n<h6>*20 vagas<\/h6>\n<h2>QUINTA-FEIRA 11\/05<\/h2>\n<h3>8h30 &#8211; Oficina:\u00a0Estilos parentais e reparentaliza\u00e7\u00e3o<\/h3>\n<p><strong>Instrutora:<\/strong>\u00a0Ana Cl\u00e1udia Peixoto<\/p>\n<h6>*30 vagas<\/h6>\n<p>&#8212;&#8212;&#8212;&#8212;&#8212;&#8212;&#8212;&#8212;&#8212;&#8212;&#8212;&#8212;&#8212;&#8212;&#8212;&#8212;&#8212;&#8212;&#8212;&#8212;&#8212;&#8212;&#8212;&#8212;&#8212;&#8212;&#8212;&#8212;&#8212;&#8212;&#8212;&#8212;&#8212;&#8212;&#8212;&#8212;&#8212;&#8212;&#8212;&#8212;&#8211;<\/p>\n<h3>8h30 &#8211; Oficina:\u00a0Jung, complexos culturais e Brasil atual<\/h3>\n<p><strong>Instrutor:<\/strong>\u00a0Adriano Lima<\/p>\n<p>[inscri\u00e7\u00f5es encerradas]<\/p>\n","protected":false},"excerpt":{"rendered":"<p>TER\u00c7A-FEIRA 09\/05 8h30 &#8211; Oficina:\u00a0 Avalia\u00e7\u00e3o Psicol\u00f3gica para Orienta\u00e7\u00e3o Vocacional Instrutora:\u00a0Ma\u00edra A. Andrade Madeira *P\u00fablico-alvo: Estudantes de Psicologia a partir do 5\u00ba [&hellip;]<\/p>\n","protected":false},"author":25,"featured_media":0,"parent":0,"menu_order":0,"comment_status":"closed","ping_status":"closed","template":"","meta":{"_acf_changed":false,"footnotes":""},"tags":[],"class_list":["post-16","page","type-page","status-publish","hentry"],"acf":[],"yoast_head":"<!-- This site is optimized with the Yoast SEO plugin v27.5 - https:\/\/yoast.com\/product\/yoast-seo-wordpress\/ -->\n<title>OFICINAS E MINICURSOS - Semana Acad\u00eamica de Psicologia<\/title>\n<meta name=\"robots\" content=\"index, follow, max-snippet:-1, max-image-preview:large, max-video-preview:-1\" \/>\n<link rel=\"canonical\" href=\"https:\/\/eventos.ufrrj.br\/sapsi\/oficinas-e-minicursos\/\" \/>\n<meta property=\"og:locale\" content=\"pt_BR\" \/>\n<meta property=\"og:type\" content=\"article\" \/>\n<meta property=\"og:title\" content=\"OFICINAS E MINICURSOS - Semana Acad\u00eamica de Psicologia\" \/>\n<meta property=\"og:description\" content=\"TER\u00c7A-FEIRA 09\/05 8h30 &#8211; Oficina:\u00a0 Avalia\u00e7\u00e3o Psicol\u00f3gica para Orienta\u00e7\u00e3o Vocacional Instrutora:\u00a0Ma\u00edra A. Andrade Madeira *P\u00fablico-alvo: Estudantes de Psicologia a partir do 5\u00ba [&hellip;]\" \/>\n<meta property=\"og:url\" content=\"https:\/\/eventos.ufrrj.br\/sapsi\/oficinas-e-minicursos\/\" \/>\n<meta property=\"og:site_name\" content=\"Semana Acad\u00eamica de Psicologia\" \/>\n<meta property=\"article:modified_time\" content=\"2017-04-29T17:56:08+00:00\" \/>\n<meta name=\"twitter:card\" content=\"summary_large_image\" \/>\n<meta name=\"twitter:label1\" content=\"Est. tempo de leitura\" \/>\n\t<meta name=\"twitter:data1\" content=\"1 minuto\" \/>\n<script type=\"application\/ld+json\" class=\"yoast-schema-graph\">{\"@context\":\"https:\\\/\\\/schema.org\",\"@graph\":[{\"@type\":\"WebPage\",\"@id\":\"https:\\\/\\\/eventos.ufrrj.br\\\/sapsi\\\/oficinas-e-minicursos\\\/\",\"url\":\"https:\\\/\\\/eventos.ufrrj.br\\\/sapsi\\\/oficinas-e-minicursos\\\/\",\"name\":\"OFICINAS E MINICURSOS - Semana Acad\u00eamica de Psicologia\",\"isPartOf\":{\"@id\":\"https:\\\/\\\/eventos.ufrrj.br\\\/sapsi\\\/#website\"},\"datePublished\":\"2017-04-04T17:23:15+00:00\",\"dateModified\":\"2017-04-29T17:56:08+00:00\",\"breadcrumb\":{\"@id\":\"https:\\\/\\\/eventos.ufrrj.br\\\/sapsi\\\/oficinas-e-minicursos\\\/#breadcrumb\"},\"inLanguage\":\"pt-BR\",\"potentialAction\":[{\"@type\":\"ReadAction\",\"target\":[\"https:\\\/\\\/eventos.ufrrj.br\\\/sapsi\\\/oficinas-e-minicursos\\\/\"]}]},{\"@type\":\"BreadcrumbList\",\"@id\":\"https:\\\/\\\/eventos.ufrrj.br\\\/sapsi\\\/oficinas-e-minicursos\\\/#breadcrumb\",\"itemListElement\":[{\"@type\":\"ListItem\",\"position\":1,\"name\":\"In\u00edcio\",\"item\":\"https:\\\/\\\/eventos.ufrrj.br\\\/sapsi\\\/\"},{\"@type\":\"ListItem\",\"position\":2,\"name\":\"OFICINAS E MINICURSOS\"}]},{\"@type\":\"WebSite\",\"@id\":\"https:\\\/\\\/eventos.ufrrj.br\\\/sapsi\\\/#website\",\"url\":\"https:\\\/\\\/eventos.ufrrj.br\\\/sapsi\\\/\",\"name\":\"Semana Acad\u00eamica de Psicologia\",\"description\":\"S\u00f3 mais um site Eventos da UFRRJ \",\"potentialAction\":[{\"@type\":\"SearchAction\",\"target\":{\"@type\":\"EntryPoint\",\"urlTemplate\":\"https:\\\/\\\/eventos.ufrrj.br\\\/sapsi\\\/?s={search_term_string}\"},\"query-input\":{\"@type\":\"PropertyValueSpecification\",\"valueRequired\":true,\"valueName\":\"search_term_string\"}}],\"inLanguage\":\"pt-BR\"}]}<\/script>\n<!-- \/ Yoast SEO plugin. -->","yoast_head_json":{"title":"OFICINAS E MINICURSOS - Semana Acad\u00eamica de Psicologia","robots":{"index":"index","follow":"follow","max-snippet":"max-snippet:-1","max-image-preview":"max-image-preview:large","max-video-preview":"max-video-preview:-1"},"canonical":"https:\/\/eventos.ufrrj.br\/sapsi\/oficinas-e-minicursos\/","og_locale":"pt_BR","og_type":"article","og_title":"OFICINAS E MINICURSOS - Semana Acad\u00eamica de Psicologia","og_description":"TER\u00c7A-FEIRA 09\/05 8h30 &#8211; Oficina:\u00a0 Avalia\u00e7\u00e3o Psicol\u00f3gica para Orienta\u00e7\u00e3o Vocacional Instrutora:\u00a0Ma\u00edra A. Andrade Madeira *P\u00fablico-alvo: Estudantes de Psicologia a partir do 5\u00ba [&hellip;]","og_url":"https:\/\/eventos.ufrrj.br\/sapsi\/oficinas-e-minicursos\/","og_site_name":"Semana Acad\u00eamica de Psicologia","article_modified_time":"2017-04-29T17:56:08+00:00","twitter_card":"summary_large_image","twitter_misc":{"Est. tempo de leitura":"1 minuto"},"schema":{"@context":"https:\/\/schema.org","@graph":[{"@type":"WebPage","@id":"https:\/\/eventos.ufrrj.br\/sapsi\/oficinas-e-minicursos\/","url":"https:\/\/eventos.ufrrj.br\/sapsi\/oficinas-e-minicursos\/","name":"OFICINAS E MINICURSOS - Semana Acad\u00eamica de Psicologia","isPartOf":{"@id":"https:\/\/eventos.ufrrj.br\/sapsi\/#website"},"datePublished":"2017-04-04T17:23:15+00:00","dateModified":"2017-04-29T17:56:08+00:00","breadcrumb":{"@id":"https:\/\/eventos.ufrrj.br\/sapsi\/oficinas-e-minicursos\/#breadcrumb"},"inLanguage":"pt-BR","potentialAction":[{"@type":"ReadAction","target":["https:\/\/eventos.ufrrj.br\/sapsi\/oficinas-e-minicursos\/"]}]},{"@type":"BreadcrumbList","@id":"https:\/\/eventos.ufrrj.br\/sapsi\/oficinas-e-minicursos\/#breadcrumb","itemListElement":[{"@type":"ListItem","position":1,"name":"In\u00edcio","item":"https:\/\/eventos.ufrrj.br\/sapsi\/"},{"@type":"ListItem","position":2,"name":"OFICINAS E MINICURSOS"}]},{"@type":"WebSite","@id":"https:\/\/eventos.ufrrj.br\/sapsi\/#website","url":"https:\/\/eventos.ufrrj.br\/sapsi\/","name":"Semana Acad\u00eamica de Psicologia","description":"S\u00f3 mais um site Eventos da UFRRJ ","potentialAction":[{"@type":"SearchAction","target":{"@type":"EntryPoint","urlTemplate":"https:\/\/eventos.ufrrj.br\/sapsi\/?s={search_term_string}"},"query-input":{"@type":"PropertyValueSpecification","valueRequired":true,"valueName":"search_term_string"}}],"inLanguage":"pt-BR"}]}},"_links":{"self":[{"href":"https:\/\/eventos.ufrrj.br\/sapsi\/wp-json\/wp\/v2\/pages\/16","targetHints":{"allow":["GET"]}}],"collection":[{"href":"https:\/\/eventos.ufrrj.br\/sapsi\/wp-json\/wp\/v2\/pages"}],"about":[{"href":"https:\/\/eventos.ufrrj.br\/sapsi\/wp-json\/wp\/v2\/types\/page"}],"author":[{"embeddable":true,"href":"https:\/\/eventos.ufrrj.br\/sapsi\/wp-json\/wp\/v2\/users\/25"}],"replies":[{"embeddable":true,"href":"https:\/\/eventos.ufrrj.br\/sapsi\/wp-json\/wp\/v2\/comments?post=16"}],"version-history":[{"count":12,"href":"https:\/\/eventos.ufrrj.br\/sapsi\/wp-json\/wp\/v2\/pages\/16\/revisions"}],"predecessor-version":[{"id":97,"href":"https:\/\/eventos.ufrrj.br\/sapsi\/wp-json\/wp\/v2\/pages\/16\/revisions\/97"}],"wp:attachment":[{"href":"https:\/\/eventos.ufrrj.br\/sapsi\/wp-json\/wp\/v2\/media?parent=16"}],"wp:term":[{"taxonomy":"post_tag","embeddable":true,"href":"https:\/\/eventos.ufrrj.br\/sapsi\/wp-json\/wp\/v2\/tags?post=16"}],"curies":[{"name":"wp","href":"https:\/\/api.w.org\/{rel}","templated":true}]}}

<h2>TERÇA-FEIRA 09/05</h2>
<h3><strong>8h30 &#8211; Oficina:</strong>  Avaliação Psicológica para Orientação Vocacional</h3>
<p><strong>Instrutora:</strong> Maíra A. Andrade Madeira</p>
<h6>*Público-alvo: Estudantes de Psicologia a partir do 5º período.</h6>
<p><strong> </strong></p>
<p>&#8212;&#8212;&#8212;&#8212;&#8212;&#8212;&#8212;&#8212;&#8212;&#8212;&#8212;&#8212;&#8212;&#8212;&#8212;&#8212;&#8212;&#8212;&#8212;&#8212;&#8212;&#8212;&#8212;&#8212;&#8212;&#8212;&#8212;&#8212;&#8212;&#8212;&#8212;&#8212;&#8212;&#8212;&#8212;&#8212;&#8212;&#8212;&#8212;&#8211;</p>
<h3>8h30 &#8211; Oficina: Roda de Conversa sobre psicodélicos e outras drogas na perspectiva da redução de danos</h3>
<p><strong>Instrutores: </strong>Rogério Alves, Fernando Beserra e Gisele Mota (Associação Psicodélica do Brasil)</p>
<p>&nbsp;</p>
<h2>QUARTA-FEIRA 10/05</h2>
<h3>8h30 &#8211; Oficina: Manejo da raiva e intervenções baseadas em Mindfulness</h3>
<p><strong>Instrutoras: </strong>Patrícia Sena e Gabriela Bandeira</p>
<p>&nbsp;</p>
<p>&#8212;&#8212;&#8212;&#8212;&#8212;&#8212;&#8212;&#8212;&#8212;&#8212;&#8212;&#8212;&#8212;&#8212;&#8212;&#8212;&#8212;&#8212;&#8212;&#8212;&#8212;&#8212;&#8212;&#8212;&#8212;&#8212;&#8212;&#8212;&#8212;&#8212;&#8212;&#8212;&#8212;&#8212;&#8212;&#8212;&#8212;&#8212;&#8212;&#8212;-</p>
<h3>8h30 &#8211; Oficina:  Ansiedade de apresentação</h3>
<p><strong>Instrutor:</strong> Wanderson Souza</p>
<h6>*20 vagas</h6>
<h2>QUINTA-FEIRA 11/05</h2>
<h3>8h30 &#8211; Oficina: Estilos parentais e reparentalização</h3>
<p><strong>Instrutora:</strong> Ana Cláudia Peixoto</p>
<h6>*30 vagas</h6>
<p>&#8212;&#8212;&#8212;&#8212;&#8212;&#8212;&#8212;&#8212;&#8212;&#8212;&#8212;&#8212;&#8212;&#8212;&#8212;&#8212;&#8212;&#8212;&#8212;&#8212;&#8212;&#8212;&#8212;&#8212;&#8212;&#8212;&#8212;&#8212;&#8212;&#8212;&#8212;&#8212;&#8212;&#8212;&#8212;&#8212;&#8212;&#8212;&#8212;&#8212;&#8211;</p>
<h3>8h30 &#8211; Oficina: Jung, complexos culturais e Brasil atual</h3>
<p><strong>Instrutor:</strong> Adriano Lima</p>
<p>[inscrições encerradas]</p>

<p>TERÇA-FEIRA 09/05 8h30 &#8211; Oficina:  Avaliação Psicológica para Orientação Vocacional Instrutora: Maíra A. Andrade Madeira *Público-alvo: Estudantes de Psicologia a partir do 5º [&hellip;]</p>

<!-- This site is optimized with the Yoast SEO plugin v27.5 - https://yoast.com/product/yoast-seo-wordpress/ -->
<title>OFICINAS E MINICURSOS - Semana Acadêmica de Psicologia</title>
<meta name="robots" content="index, follow, max-snippet:-1, max-image-preview:large, max-video-preview:-1" />
<link rel="canonical" href="https://eventos.ufrrj.br/sapsi/oficinas-e-minicursos/" />
<meta property="og:locale" content="pt_BR" />
<meta property="og:type" content="article" />
<meta property="og:title" content="OFICINAS E MINICURSOS - Semana Acadêmica de Psicologia" />
<meta property="og:description" content="TERÇA-FEIRA 09/05 8h30 &#8211; Oficina:  Avaliação Psicológica para Orientação Vocacional Instrutora: Maíra A. Andrade Madeira *Público-alvo: Estudantes de Psicologia a partir do 5º [&hellip;]" />
<meta property="og:url" content="https://eventos.ufrrj.br/sapsi/oficinas-e-minicursos/" />
<meta property="og:site_name" content="Semana Acadêmica de Psicologia" />
<meta property="article:modified_time" content="2017-04-29T17:56:08+00:00" />
<meta name="twitter:card" content="summary_large_image" />
<meta name="twitter:label1" content="Est. tempo de leitura" />
	<meta name="twitter:data1" content="1 minuto" />
<script type="application/ld+json" class="yoast-schema-graph">{"@context":"https:\/\/schema.org","@graph":[{"@type":"WebPage","@id":"https:\/\/eventos.ufrrj.br\/sapsi\/oficinas-e-minicursos\/","url":"https:\/\/eventos.ufrrj.br\/sapsi\/oficinas-e-minicursos\/","name":"OFICINAS E MINICURSOS - Semana Acadêmica de Psicologia","isPartOf":{"@id":"https:\/\/eventos.ufrrj.br\/sapsi\/#website"},"datePublished":"2017-04-04T17:23:15+00:00","dateModified":"2017-04-29T17:56:08+00:00","breadcrumb":{"@id":"https:\/\/eventos.ufrrj.br\/sapsi\/oficinas-e-minicursos\/#breadcrumb"},"inLanguage":"pt-BR","potentialAction":[{"@type":"ReadAction","target":["https:\/\/eventos.ufrrj.br\/sapsi\/oficinas-e-minicursos\/"]}]},{"@type":"BreadcrumbList","@id":"https:\/\/eventos.ufrrj.br\/sapsi\/oficinas-e-minicursos\/#breadcrumb","itemListElement":[{"@type":"ListItem","position":1,"name":"Início","item":"https:\/\/eventos.ufrrj.br\/sapsi\/"},{"@type":"ListItem","position":2,"name":"OFICINAS E MINICURSOS"}]},{"@type":"WebSite","@id":"https:\/\/eventos.ufrrj.br\/sapsi\/#website","url":"https:\/\/eventos.ufrrj.br\/sapsi\/","name":"Semana Acadêmica de Psicologia","description":"Só mais um site Eventos da UFRRJ ","potentialAction":[{"@type":"SearchAction","target":{"@type":"EntryPoint","urlTemplate":"https:\/\/eventos.ufrrj.br\/sapsi\/?s={search_term_string}"},"query-input":{"@type":"PropertyValueSpecification","valueRequired":true,"valueName":"search_term_string"}}],"inLanguage":"pt-BR"}]}</script>
<!-- / Yoast SEO plugin. -->

OFICINAS E MINICURSOS - Semana Acadêmica de Psicologia

TERÇA-FEIRA 09/05 8h30 &#8211; Oficina:  Avaliação Psicológica para Orientação Vocacional Instrutora: Maíra A. Andrade Madeira *Público-alvo: Estudantes de Psicologia a partir do 5º [&hellip;]

Semana Acadêmica de Psicologia

Início

Só mais um site Eventos da UFRRJ
