{"id":14,"date":"2017-04-04T14:22:21","date_gmt":"2017-04-04T17:22:21","guid":{"rendered":"http:\/\/eventos.ufrrj.br\/sapsi\/?page_id=14"},"modified":"2017-04-19T21:42:01","modified_gmt":"2017-04-20T00:42:01","slug":"programacao","status":"publish","type":"page","link":"https:\/\/eventos.ufrrj.br\/sapsi\/programacao\/","title":{"rendered":"PROGRAMA\u00c7\u00c3O"},"content":{"rendered":"<h2>SEGUNDA-FEIRA 08\/05<\/h2>\n<p>8h Abertura<\/p>\n<p>9h Demanda, desejo e o SUS!<\/p>\n<p>10h30 O corpo em a\u00e7\u00e3o: performance, cidade e pol\u00edtica.<\/p>\n<p>11h30 Almo\u00e7o<\/p>\n<p>13h O fen\u00f4meno da viol\u00eancia na modernidade e o papel da Psicologia<\/p>\n<p>15h Suic\u00eddio: mitos e verdades que voc\u00ea precisa saber!<\/p>\n<p>&nbsp;<\/p>\n<h2>TER\u00c7A-FEIRA 09\/05<\/h2>\n<p>8h30 Oficinas<\/p>\n<p>10h30 Apresenta\u00e7\u00e3o de trabalhos<\/p>\n<p>11h30 Almo\u00e7o<\/p>\n<p>13h30 Mulheres, m\u00e3es e as grades: um encontro entre a psicologia e a pris\u00e3o<\/p>\n<h2>QUARTA-FEIRA 10\/05<\/h2>\n<p>8H30 Oficinas<\/p>\n<p>10h30 Apresenta\u00e7\u00e3o de trabalhos<\/p>\n<p>11h30 Almo\u00e7o<\/p>\n<p>13h Psicologia frente aos processos de subjetiva\u00e7\u00e3o da popula\u00e7\u00e3o negra no Brasil<\/p>\n<p>15h Corpo doente e alma mortal: Lucr\u00e9cio e a psicologia atual<\/p>\n<h2>QUINTA-FEIRA 11\/05<\/h2>\n<p>8H30 Oficinas<\/p>\n<p>10h30 Apresenta\u00e7\u00e3o de trabalhos<\/p>\n<p>11h30 Almo\u00e7o<\/p>\n<p>13h Sa\u00fade Mental no contexto de desmonte do SUS<\/p>\n<h2>SEXTA-FEIRA 12\/05<\/h2>\n<p>9h Espet\u00e1culo Em Algum Lugar<\/p>\n<p>11h30 Almo\u00e7o<\/p>\n<p>13h Psicocine<\/p>\n","protected":false},"excerpt":{"rendered":"<p>SEGUNDA-FEIRA 08\/05 8h Abertura 9h Demanda, desejo e o SUS! 10h30 O corpo em a\u00e7\u00e3o: performance, cidade e pol\u00edtica. 11h30 Almo\u00e7o 13h [&hellip;]<\/p>\n","protected":false},"author":25,"featured_media":0,"parent":0,"menu_order":0,"comment_status":"closed","ping_status":"closed","template":"","meta":{"_acf_changed":false,"footnotes":""},"tags":[],"class_list":["post-14","page","type-page","status-publish","hentry"],"acf":[],"yoast_head":"<!-- This site is optimized with the Yoast SEO plugin v27.5 - https:\/\/yoast.com\/product\/yoast-seo-wordpress\/ -->\n<title>PROGRAMA\u00c7\u00c3O - Semana Acad\u00eamica de Psicologia<\/title>\n<meta name=\"robots\" content=\"index, follow, max-snippet:-1, max-image-preview:large, max-video-preview:-1\" \/>\n<link rel=\"canonical\" href=\"https:\/\/eventos.ufrrj.br\/sapsi\/programacao\/\" \/>\n<meta property=\"og:locale\" content=\"pt_BR\" \/>\n<meta property=\"og:type\" content=\"article\" \/>\n<meta property=\"og:title\" content=\"PROGRAMA\u00c7\u00c3O - Semana Acad\u00eamica de Psicologia\" \/>\n<meta property=\"og:description\" content=\"SEGUNDA-FEIRA 08\/05 8h Abertura 9h Demanda, desejo e o SUS! 10h30 O corpo em a\u00e7\u00e3o: performance, cidade e pol\u00edtica. 11h30 Almo\u00e7o 13h [&hellip;]\" \/>\n<meta property=\"og:url\" content=\"https:\/\/eventos.ufrrj.br\/sapsi\/programacao\/\" \/>\n<meta property=\"og:site_name\" content=\"Semana Acad\u00eamica de Psicologia\" \/>\n<meta property=\"article:modified_time\" content=\"2017-04-20T00:42:01+00:00\" \/>\n<meta name=\"twitter:card\" content=\"summary_large_image\" \/>\n<meta name=\"twitter:label1\" content=\"Est. tempo de leitura\" \/>\n\t<meta name=\"twitter:data1\" content=\"1 minuto\" \/>\n<script type=\"application\/ld+json\" class=\"yoast-schema-graph\">{\"@context\":\"https:\\\/\\\/schema.org\",\"@graph\":[{\"@type\":\"WebPage\",\"@id\":\"https:\\\/\\\/eventos.ufrrj.br\\\/sapsi\\\/programacao\\\/\",\"url\":\"https:\\\/\\\/eventos.ufrrj.br\\\/sapsi\\\/programacao\\\/\",\"name\":\"PROGRAMA\u00c7\u00c3O - Semana Acad\u00eamica de Psicologia\",\"isPartOf\":{\"@id\":\"https:\\\/\\\/eventos.ufrrj.br\\\/sapsi\\\/#website\"},\"datePublished\":\"2017-04-04T17:22:21+00:00\",\"dateModified\":\"2017-04-20T00:42:01+00:00\",\"breadcrumb\":{\"@id\":\"https:\\\/\\\/eventos.ufrrj.br\\\/sapsi\\\/programacao\\\/#breadcrumb\"},\"inLanguage\":\"pt-BR\",\"potentialAction\":[{\"@type\":\"ReadAction\",\"target\":[\"https:\\\/\\\/eventos.ufrrj.br\\\/sapsi\\\/programacao\\\/\"]}]},{\"@type\":\"BreadcrumbList\",\"@id\":\"https:\\\/\\\/eventos.ufrrj.br\\\/sapsi\\\/programacao\\\/#breadcrumb\",\"itemListElement\":[{\"@type\":\"ListItem\",\"position\":1,\"name\":\"In\u00edcio\",\"item\":\"https:\\\/\\\/eventos.ufrrj.br\\\/sapsi\\\/\"},{\"@type\":\"ListItem\",\"position\":2,\"name\":\"PROGRAMA\u00c7\u00c3O\"}]},{\"@type\":\"WebSite\",\"@id\":\"https:\\\/\\\/eventos.ufrrj.br\\\/sapsi\\\/#website\",\"url\":\"https:\\\/\\\/eventos.ufrrj.br\\\/sapsi\\\/\",\"name\":\"Semana Acad\u00eamica de Psicologia\",\"description\":\"S\u00f3 mais um site Eventos da UFRRJ \",\"potentialAction\":[{\"@type\":\"SearchAction\",\"target\":{\"@type\":\"EntryPoint\",\"urlTemplate\":\"https:\\\/\\\/eventos.ufrrj.br\\\/sapsi\\\/?s={search_term_string}\"},\"query-input\":{\"@type\":\"PropertyValueSpecification\",\"valueRequired\":true,\"valueName\":\"search_term_string\"}}],\"inLanguage\":\"pt-BR\"}]}<\/script>\n<!-- \/ Yoast SEO plugin. -->","yoast_head_json":{"title":"PROGRAMA\u00c7\u00c3O - Semana Acad\u00eamica de Psicologia","robots":{"index":"index","follow":"follow","max-snippet":"max-snippet:-1","max-image-preview":"max-image-preview:large","max-video-preview":"max-video-preview:-1"},"canonical":"https:\/\/eventos.ufrrj.br\/sapsi\/programacao\/","og_locale":"pt_BR","og_type":"article","og_title":"PROGRAMA\u00c7\u00c3O - Semana Acad\u00eamica de Psicologia","og_description":"SEGUNDA-FEIRA 08\/05 8h Abertura 9h Demanda, desejo e o SUS! 10h30 O corpo em a\u00e7\u00e3o: performance, cidade e pol\u00edtica. 11h30 Almo\u00e7o 13h [&hellip;]","og_url":"https:\/\/eventos.ufrrj.br\/sapsi\/programacao\/","og_site_name":"Semana Acad\u00eamica de Psicologia","article_modified_time":"2017-04-20T00:42:01+00:00","twitter_card":"summary_large_image","twitter_misc":{"Est. tempo de leitura":"1 minuto"},"schema":{"@context":"https:\/\/schema.org","@graph":[{"@type":"WebPage","@id":"https:\/\/eventos.ufrrj.br\/sapsi\/programacao\/","url":"https:\/\/eventos.ufrrj.br\/sapsi\/programacao\/","name":"PROGRAMA\u00c7\u00c3O - Semana Acad\u00eamica de Psicologia","isPartOf":{"@id":"https:\/\/eventos.ufrrj.br\/sapsi\/#website"},"datePublished":"2017-04-04T17:22:21+00:00","dateModified":"2017-04-20T00:42:01+00:00","breadcrumb":{"@id":"https:\/\/eventos.ufrrj.br\/sapsi\/programacao\/#breadcrumb"},"inLanguage":"pt-BR","potentialAction":[{"@type":"ReadAction","target":["https:\/\/eventos.ufrrj.br\/sapsi\/programacao\/"]}]},{"@type":"BreadcrumbList","@id":"https:\/\/eventos.ufrrj.br\/sapsi\/programacao\/#breadcrumb","itemListElement":[{"@type":"ListItem","position":1,"name":"In\u00edcio","item":"https:\/\/eventos.ufrrj.br\/sapsi\/"},{"@type":"ListItem","position":2,"name":"PROGRAMA\u00c7\u00c3O"}]},{"@type":"WebSite","@id":"https:\/\/eventos.ufrrj.br\/sapsi\/#website","url":"https:\/\/eventos.ufrrj.br\/sapsi\/","name":"Semana Acad\u00eamica de Psicologia","description":"S\u00f3 mais um site Eventos da UFRRJ ","potentialAction":[{"@type":"SearchAction","target":{"@type":"EntryPoint","urlTemplate":"https:\/\/eventos.ufrrj.br\/sapsi\/?s={search_term_string}"},"query-input":{"@type":"PropertyValueSpecification","valueRequired":true,"valueName":"search_term_string"}}],"inLanguage":"pt-BR"}]}},"_links":{"self":[{"href":"https:\/\/eventos.ufrrj.br\/sapsi\/wp-json\/wp\/v2\/pages\/14","targetHints":{"allow":["GET"]}}],"collection":[{"href":"https:\/\/eventos.ufrrj.br\/sapsi\/wp-json\/wp\/v2\/pages"}],"about":[{"href":"https:\/\/eventos.ufrrj.br\/sapsi\/wp-json\/wp\/v2\/types\/page"}],"author":[{"embeddable":true,"href":"https:\/\/eventos.ufrrj.br\/sapsi\/wp-json\/wp\/v2\/users\/25"}],"replies":[{"embeddable":true,"href":"https:\/\/eventos.ufrrj.br\/sapsi\/wp-json\/wp\/v2\/comments?post=14"}],"version-history":[{"count":6,"href":"https:\/\/eventos.ufrrj.br\/sapsi\/wp-json\/wp\/v2\/pages\/14\/revisions"}],"predecessor-version":[{"id":84,"href":"https:\/\/eventos.ufrrj.br\/sapsi\/wp-json\/wp\/v2\/pages\/14\/revisions\/84"}],"wp:attachment":[{"href":"https:\/\/eventos.ufrrj.br\/sapsi\/wp-json\/wp\/v2\/media?parent=14"}],"wp:term":[{"taxonomy":"post_tag","embeddable":true,"href":"https:\/\/eventos.ufrrj.br\/sapsi\/wp-json\/wp\/v2\/tags?post=14"}],"curies":[{"name":"wp","href":"https:\/\/api.w.org\/{rel}","templated":true}]}}

PROGRAMAÇÃO

<h2>SEGUNDA-FEIRA 08/05</h2>
<p>8h Abertura</p>
<p>9h Demanda, desejo e o SUS!</p>
<p>10h30 O corpo em ação: performance, cidade e política.</p>
<p>11h30 Almoço</p>
<p>13h O fenômeno da violência na modernidade e o papel da Psicologia</p>
<p>15h Suicídio: mitos e verdades que você precisa saber!</p>
<p>&nbsp;</p>
<h2>TERÇA-FEIRA 09/05</h2>
<p>8h30 Oficinas</p>
<p>10h30 Apresentação de trabalhos</p>
<p>11h30 Almoço</p>
<p>13h30 Mulheres, mães e as grades: um encontro entre a psicologia e a prisão</p>
<h2>QUARTA-FEIRA 10/05</h2>
<p>8H30 Oficinas</p>
<p>10h30 Apresentação de trabalhos</p>
<p>11h30 Almoço</p>
<p>13h Psicologia frente aos processos de subjetivação da população negra no Brasil</p>
<p>15h Corpo doente e alma mortal: Lucrécio e a psicologia atual</p>
<h2>QUINTA-FEIRA 11/05</h2>
<p>8H30 Oficinas</p>
<p>10h30 Apresentação de trabalhos</p>
<p>11h30 Almoço</p>
<p>13h Saúde Mental no contexto de desmonte do SUS</p>
<h2>SEXTA-FEIRA 12/05</h2>
<p>9h Espetáculo Em Algum Lugar</p>
<p>11h30 Almoço</p>
<p>13h Psicocine</p>

<p>SEGUNDA-FEIRA 08/05 8h Abertura 9h Demanda, desejo e o SUS! 10h30 O corpo em ação: performance, cidade e política. 11h30 Almoço 13h [&hellip;]</p>

<!-- This site is optimized with the Yoast SEO plugin v27.5 - https://yoast.com/product/yoast-seo-wordpress/ -->
<title>PROGRAMAÇÃO - Semana Acadêmica de Psicologia</title>
<meta name="robots" content="index, follow, max-snippet:-1, max-image-preview:large, max-video-preview:-1" />
<link rel="canonical" href="https://eventos.ufrrj.br/sapsi/programacao/" />
<meta property="og:locale" content="pt_BR" />
<meta property="og:type" content="article" />
<meta property="og:title" content="PROGRAMAÇÃO - Semana Acadêmica de Psicologia" />
<meta property="og:description" content="SEGUNDA-FEIRA 08/05 8h Abertura 9h Demanda, desejo e o SUS! 10h30 O corpo em ação: performance, cidade e política. 11h30 Almoço 13h [&hellip;]" />
<meta property="og:url" content="https://eventos.ufrrj.br/sapsi/programacao/" />
<meta property="og:site_name" content="Semana Acadêmica de Psicologia" />
<meta property="article:modified_time" content="2017-04-20T00:42:01+00:00" />
<meta name="twitter:card" content="summary_large_image" />
<meta name="twitter:label1" content="Est. tempo de leitura" />
	<meta name="twitter:data1" content="1 minuto" />
<script type="application/ld+json" class="yoast-schema-graph">{"@context":"https:\/\/schema.org","@graph":[{"@type":"WebPage","@id":"https:\/\/eventos.ufrrj.br\/sapsi\/programacao\/","url":"https:\/\/eventos.ufrrj.br\/sapsi\/programacao\/","name":"PROGRAMAÇÃO - Semana Acadêmica de Psicologia","isPartOf":{"@id":"https:\/\/eventos.ufrrj.br\/sapsi\/#website"},"datePublished":"2017-04-04T17:22:21+00:00","dateModified":"2017-04-20T00:42:01+00:00","breadcrumb":{"@id":"https:\/\/eventos.ufrrj.br\/sapsi\/programacao\/#breadcrumb"},"inLanguage":"pt-BR","potentialAction":[{"@type":"ReadAction","target":["https:\/\/eventos.ufrrj.br\/sapsi\/programacao\/"]}]},{"@type":"BreadcrumbList","@id":"https:\/\/eventos.ufrrj.br\/sapsi\/programacao\/#breadcrumb","itemListElement":[{"@type":"ListItem","position":1,"name":"Início","item":"https:\/\/eventos.ufrrj.br\/sapsi\/"},{"@type":"ListItem","position":2,"name":"PROGRAMAÇÃO"}]},{"@type":"WebSite","@id":"https:\/\/eventos.ufrrj.br\/sapsi\/#website","url":"https:\/\/eventos.ufrrj.br\/sapsi\/","name":"Semana Acadêmica de Psicologia","description":"Só mais um site Eventos da UFRRJ ","potentialAction":[{"@type":"SearchAction","target":{"@type":"EntryPoint","urlTemplate":"https:\/\/eventos.ufrrj.br\/sapsi\/?s={search_term_string}"},"query-input":{"@type":"PropertyValueSpecification","valueRequired":true,"valueName":"search_term_string"}}],"inLanguage":"pt-BR"}]}</script>
<!-- / Yoast SEO plugin. -->

PROGRAMAÇÃO - Semana Acadêmica de Psicologia

SEGUNDA-FEIRA 08/05 8h Abertura 9h Demanda, desejo e o SUS! 10h30 O corpo em ação: performance, cidade e política. 11h30 Almoço 13h [&hellip;]

Semana Acadêmica de Psicologia

Início

Só mais um site Eventos da UFRRJ
