{"id":6,"date":"2013-06-03T17:22:08","date_gmt":"2013-06-03T17:22:08","guid":{"rendered":"http:\/\/eventos.ufrrj.br\/jornadaic\/?page_id=6"},"modified":"2019-09-24T12:13:49","modified_gmt":"2019-09-24T15:13:49","slug":"programacao","status":"publish","type":"page","link":"https:\/\/eventos.ufrrj.br\/raic\/programacao\/","title":{"rendered":"Programa\u00e7\u00e3o"},"content":{"rendered":"<h3><a href=\"http:\/\/eventos.ufrrj.br\/raic\/files\/2019\/09\/Programa\u00e7\u00e3o-VII-RAIC-21-09-2019.pdf\">Programa\u00e7\u00e3o Geral (atualizada em 21\/09) e Recomenda\u00e7\u00f5es aos Autores<\/a><\/h3>\n<hr>\n<h4>Programa\u00e7\u00e3o das apresenta\u00e7\u00f5es detalhada no quadro abaixo (atualizada em 21\/09)<\/h4>\n<table width=\"100%\" cellspacing=\"0\" cellpadding=\"4\">\n<colgroup>\n<col width=\"62*\">\n<col width=\"62*\">\n<col width=\"62*\">\n<col width=\"70*\"> <\/colgroup>\n<tbody>\n<tr valign=\"top\">\n<td width=\"24%\">\n<h3 class=\"western\" align=\"center\"><strong>Grande \u00c1rea\/Instituto<\/strong><\/h3>\n<\/td>\n<td colspan=\"2\" width=\"48%\">\n<h3 class=\"western\" align=\"center\"><strong>Sess\u00f5es de Apresenta\u00e7\u00e3o de Trabalhos<\/strong><\/h3>\n<\/td>\n<td width=\"27%\">\n<h3 class=\"western\" align=\"center\"><strong>Modelo de Painel<\/strong><\/h3>\n<\/td>\n<\/tr>\n<tr valign=\"top\">\n<td width=\"24%\">Ci\u00eancias Agr\u00e1rias<\/td>\n<td width=\"24%\">\n<p align=\"center\"><a href=\"http:\/\/eventos.ufrrj.br\/raic\/ciencias-agrarias-apresentacoes-orais\/\">Orais<\/a><\/p>\n<\/td>\n<td width=\"24%\">\n<p align=\"center\"><a href=\"http:\/\/eventos.ufrrj.br\/raic\/ciencias-agrarias-paineis\/\">Pain\u00e9is<\/a><\/p>\n<\/td>\n<td rowspan=\"7\" width=\"27%\"><a href=\"http:\/\/eventos.ufrrj.br\/raic\/files\/2019\/09\/Modelo-Painel_RAIC-2019.png\" rel=\"lightbox[6]\"><img loading=\"lazy\" decoding=\"async\" class=\"size-medium wp-image-3005 aligncenter\" src=\"http:\/\/eventos.ufrrj.br\/raic\/files\/2019\/09\/Modelo-Painel_RAIC-2019-250x300.png\" alt=\"\" width=\"250\" height=\"300\" srcset=\"https:\/\/eventos.ufrrj.br\/raic\/files\/2019\/09\/Modelo-Painel_RAIC-2019-250x300.png 250w, https:\/\/eventos.ufrrj.br\/raic\/files\/2019\/09\/Modelo-Painel_RAIC-2019-768x922.png 768w, https:\/\/eventos.ufrrj.br\/raic\/files\/2019\/09\/Modelo-Painel_RAIC-2019-853x1024.png 853w\" sizes=\"auto, (max-width: 250px) 100vw, 250px\" \/><\/a><\/p>\n<p style=\"text-align: center\">Clique na figura para ampli\u00e1-la.<\/p>\n<\/td>\n<\/tr>\n<tr valign=\"top\">\n<td width=\"24%\">Ci\u00eancias Biol\u00f3gicas e da Sa\u00fade<\/td>\n<td width=\"24%\">\n<p align=\"center\"><a href=\"http:\/\/eventos.ufrrj.br\/raic\/ciencias-biologicas-e-da-saude-apresentacoes-orais\">Orais<\/a><\/p>\n<\/td>\n<td width=\"24%\">\n<p align=\"center\"><a href=\"http:\/\/eventos.ufrrj.br\/raic\/ciencias-biologicas-e-da-saude-paineis\">Pain\u00e9is<\/a><\/p>\n<\/td>\n<\/tr>\n<tr valign=\"top\">\n<td width=\"24%\">Ci\u00eancias Exatas e Engenharias<\/td>\n<td width=\"24%\">\n<p align=\"center\"><a href=\"http:\/\/eventos.ufrrj.br\/raic\/ciencias-exatas-e-engenharias-apresentacoes-orais\">Orais<\/a><\/p>\n<\/td>\n<td width=\"24%\">\n<p align=\"center\"><a href=\"http:\/\/eventos.ufrrj.br\/raic\/ciencias-exatas-e-engenharias-paineis\">Pain\u00e9is<\/a><\/p>\n<\/td>\n<\/tr>\n<tr valign=\"top\">\n<td width=\"24%\">Ci\u00eancias Humanas, Sociais Aplicadas, Letras, Lingu\u00edstica e Artes<\/td>\n<td width=\"24%\">\n<p align=\"center\"><a href=\"http:\/\/eventos.ufrrj.br\/raic\/ciencias-humanas-sociais-aplicadas-letras-linguistica-e-artes-apresentacoes-orais\">Orais<\/a><\/p>\n<\/td>\n<td width=\"24%\">\n<p align=\"center\"><a href=\"http:\/\/eventos.ufrrj.br\/raic\/ciencias-humanas-sociais-aplicadas-letras-linguistica-e-artes-paineis\">Pain\u00e9is<\/a><\/p>\n<\/td>\n<\/tr>\n<tr valign=\"top\">\n<td width=\"24%\">Multidisciplinar<\/td>\n<td width=\"24%\">\n<p align=\"center\"><a href=\"http:\/\/eventos.ufrrj.br\/raic\/multidisciplinar-apresentacoes-orais\">Orais<\/a><\/p>\n<\/td>\n<td width=\"24%\">\n<p align=\"center\"><a href=\"http:\/\/eventos.ufrrj.br\/raic\/multidisciplinar-paineis\">Pain\u00e9is<\/a><\/p>\n<\/td>\n<\/tr>\n<tr valign=\"top\">\n<td width=\"24%\">Instituto Multidisciplinar<\/td>\n<td width=\"24%\">\n<p align=\"center\"><a href=\"http:\/\/eventos.ufrrj.br\/raic\/instituto-multidisciplinar-apresentacoes-orais\">Orais<\/a><\/p>\n<\/td>\n<td width=\"24%\">&nbsp;<\/td>\n<\/tr>\n<tr valign=\"top\">\n<td width=\"24%\">Instituto Tr\u00eas Rios<\/td>\n<td width=\"24%\">\n<p align=\"center\"><a href=\"http:\/\/eventos.ufrrj.br\/raic\/instituto-tres-rios-apresentacoes-orais\">Orais<\/a><\/p>\n<\/td>\n<td width=\"24%\">\n<p align=\"center\"><a href=\"http:\/\/eventos.ufrrj.br\/raic\/instituto-tres-rios-paineis\">Pain\u00e9is<\/a><\/p>\n<\/td>\n<\/tr>\n<\/tbody>\n<\/table>\n<p>&nbsp;<\/p>\n<hr>\n<p>&nbsp;<\/p>\n<table width=\"100%\" cellspacing=\"0\" cellpadding=\"4\">\n<colgroup>\n<col width=\"128*\">\n<col width=\"128*\"> <\/colgroup>\n<tbody>\n<tr>\n<td colspan=\"2\" width=\"100%\" valign=\"top\">\n<h3 class=\"western\" align=\"center\"><strong>Instituto Tr\u00eas Rios &#8211; Sess\u00e3o de Palestras &#8211; Sala 204A &#8211; Torre Norte, segundo andar<\/strong><\/h3>\n<h3 class=\"western\" align=\"center\"><strong>27\/09\/2019 \u2013 sexta-feira &#8211; 10:00h \u00e0s 11:00h<\/strong><\/h3>\n<\/td>\n<\/tr>\n<tr valign=\"top\">\n<td width=\"50%\">\n<p align=\"center\"><strong>Palestrante <\/strong><strong>C<\/strong><strong>onvidado<\/strong><\/p>\n<\/td>\n<td width=\"50%\">\n<p align=\"center\"><b>T\u00edtulo<\/b><\/p>\n<\/td>\n<\/tr>\n<tr valign=\"top\">\n<td width=\"50%\">\n<p align=\"justify\"><b>Prof. Dr. Marcelo Trov\u00f3<\/b><\/p>\n<\/td>\n<td width=\"50%\">\n<p align=\"justify\">&#8220;Diversidade e Conserva\u00e7\u00e3o de Sempre-vivas: desafios e perspectivas&#8221;<\/p>\n<\/td>\n<\/tr>\n<tr valign=\"top\">\n<td width=\"50%\">\n<p align=\"justify\"><b>Prof. Dr. L\u00e1zaro Laut<\/b><\/p>\n<\/td>\n<td width=\"50%\">\n<p align=\"justify\">&#8220;Assembleia de foram\u00edniferos e geoqu\u00edmica aplicados no diagn\u00f3stico ambiental dos Sistemas Lagunares do estado do Rio de Janeiro&#8221;<\/p>\n<\/td>\n<\/tr>\n<\/tbody>\n<\/table>\n<p>&nbsp;<\/p>\n<hr>\n<h3><strong>Sess\u00e3o de Abertura: <\/strong>23 de setembro de 2019, \u00e0s 9:00 h, no Audit\u00f3rio da Biblioteca Central, no campus de Serop\u00e9dica<\/h3>\n<table width=\"100%\" cellspacing=\"0\" cellpadding=\"4\">\n<colgroup>\n<col width=\"128*\">\n<col width=\"128*\"> <\/colgroup>\n<tbody>\n<tr valign=\"top\">\n<td width=\"30%\">\n<p align=\"center\"><strong>Palestrante<\/strong> <strong>C<\/strong><strong>onvidado<\/strong><\/p>\n<\/td>\n<td width=\"70%\">\n<p align=\"center\"><b>Apresenta\u00e7\u00e3o<\/b><\/p>\n<\/td>\n<\/tr>\n<tr valign=\"top\">\n<td width=\"30%\">\n<p align=\"left\"><em>Prof. Jerson Lima Silva<\/em>, Professor titular do Instituto de Bioqu\u00edmica M\u00e9dica Leopoldo De Meis da Universidade Federal do Rio de Janeiro (UFRJ) e atual Presidente da FAPERJ<\/p>\n<p align=\"center\"><img loading=\"lazy\" decoding=\"async\" src=\"http:\/\/www.faperj.br\/img\/repositorio\/Jerson_interna.jpg\" alt=\"\" width=\"350\" height=\"261\"><\/p>\n<p align=\"center\">(Foto: L\u00e9cio A. Ramos, Ascom FAPERJ)&nbsp;<\/p>\n<\/td>\n<td width=\"70%\">Coordenador do Instituto Nacional de Ci\u00eancia e Tecnologia de Biologia Estrutural e Bioimagem (Inbeb), o professor tamb\u00e9m coordena o Centro Nacional de Resson\u00e2ncia Magn\u00e9tica Nuclear Jiri Jonas. Pesquisador reconhecido, Lima Silva \u00e9 membro efetivo da Academia Brasileira de Ci\u00eancias desde 1999, membro da Academia Mundial de Ci\u00eancias (TWAS) para o Avan\u00e7o da Ci\u00eancia em Pa\u00edses em Desenvolvimento, e, em 2011, tornou-se um dos membros titulares mais jovens da centen\u00e1ria Academia Nacional de Medicina (ANM), na Se\u00e7\u00e3o de Ci\u00eancias Aplicadas \u00e0 Medicina.<\/p>\n<p>Pesquisador 1A do Conselho Nacional de Desenvolvimento Cient\u00edfico e Tecnol\u00f3gico (CNPq), o pioneirismo de seu trabalho em Biologia Estrutural lhe valeu in\u00fameros pr\u00eamios e distin\u00e7\u00f5es incluindo a concess\u00e3o da Ordem Nacional do M\u00e9rito Cient\u00edfico pela Presid\u00eancia da Rep\u00fablica do Brasil, na classe de Comendador (2002) e na classe de Gr\u00e3-Cruz (2009). Tais pesquisas levaram a avan\u00e7os no entendimento do enovelamento das prote\u00ednas, da forma\u00e7\u00e3o de complexos multimoleculares, tais como v\u00edrus, e da forma\u00e7\u00e3o de agregados proteicos e prote\u00ednas com a conforma\u00e7\u00e3o alterada. Estes \u00faltimos s\u00e3o respons\u00e1veis pela fisiopatologia de in\u00fameras doen\u00e7as humanas, tais como c\u00e2ncer, doen\u00e7a de Parkinson e doen\u00e7as causadas por Pr\u00edons.<\/td>\n<\/tr>\n<tr valign=\"top\">\n<td width=\"30%\"><i>Prof. Marcos Gervasio Pereira<\/i>, professor Titular do Departamento de Solos da Universidade Federal Rural do Rio de Janeiro<\/p>\n<p><img loading=\"lazy\" decoding=\"async\" class=\"irc_mi aligncenter\" src=\"https:\/\/pbs.twimg.com\/profile_images\/404001036\/MarcosGervasio.jpg\" alt=\"Image result for marcos gervasio\" width=\"219\" height=\"261\"><\/td>\n<td width=\"70%\">Atua nas \u00e1reas de Agronomia, Recursos florestais e Engenharia Florestal, Bot\u00e2nica e Ecologia no Programa de P\u00f3s-Gradua\u00e7\u00e3o em Agronomia (Ci\u00eancia do Solo), no Programa de P\u00f3s-Gradua\u00e7\u00e3o em Ci\u00eancias Ambientais e Florestais e no Programa de P\u00f3s-Gradua\u00e7\u00e3o em Engenharia Agr\u00edcola e Ambiental, na UFRRJ. Bolsista de Produtividade 1 B do CNPq e Cientista do Nosso Estado pela FAPERJ. Membro da Comiss\u00e3o da CAPES de Avalia\u00e7\u00e3o de Programas de P\u00f3s-gradua\u00e7\u00e3o na \u00e1rea de Ci\u00eancias Agr\u00e1rias desde 2013. Foi Coordenador da 3rd International Soil Judging Contest (RJ, Brasil, 2018). Publicou 389 artigos em peri\u00f3dicos especializados, 24 cap\u00edtulos de livros e livros e 596 resumos em anais de eventos. Participou em 65 eventos no Brasil. Recebeu 48 pr\u00eamios e\/ou t\u00edtulos.&nbsp; No per\u00edodo de agosto de 2013 a agostou de 2015 foi 2 Vice-Diretor da Regional Leste da Sociedade Brasileira de Ci\u00eancia do Solo. Vice Diretor da Divis\u00e3o 3 &#8211; Uso e Manejo do Solo, da Sociedade Brasileira de Ci\u00eancia do Solo, participando ainda da Comiss\u00e3o de Planejamento do Uso da Terra desta Divis\u00e3o, da qual foi Vice-coordenador. Foi membro titular da Comiss\u00e3o de Hist\u00f3ria, Epistemologia e Sociologia da Ci\u00eancia da Divis\u00e3o 4 &#8211; Solo, Ambiente e Sociedade (SBCS). A partir de agosto de 2015 passou a ser Diretor da Regional Leste da Sociedade Brasileira de Ci\u00eancia do Solo e Vice-Coordenador da Comiss\u00e3o 3.3 &#8211; Manejo e Conserva\u00e7\u00e3o do Solo e da \u00c1gua.<\/td>\n<\/tr>\n<\/tbody>\n<\/table>\n<p>&nbsp;<\/p>\n<hr>\n<p>&nbsp;<\/p>\n<h3><strong>Sess\u00e3o de Encerramento: <\/strong>27 de setembro de 2019, \u00e0s 14:00 h, no Audit\u00f3rio Hilton Salles, Pavilh\u00e3o Central, no campus de Serop\u00e9dica<\/h3>\n<p>&nbsp;<\/p>\n","protected":false},"excerpt":{"rendered":"<p>Programa\u00e7\u00e3o Geral (atualizada em 21\/09) e Recomenda\u00e7\u00f5es aos Autores Programa\u00e7\u00e3o das apresenta\u00e7\u00f5es detalhada no quadro abaixo (atualizada em 21\/09) Grande <a class=\"read-more\" href=\"https:\/\/eventos.ufrrj.br\/raic\/programacao\/ \">&#8230; leia mais<\/a><\/p>\n","protected":false},"author":25,"featured_media":0,"parent":0,"menu_order":0,"comment_status":"open","ping_status":"open","template":"","meta":{"_acf_changed":false,"ngg_post_thumbnail":0,"footnotes":""},"class_list":["post-6","page","type-page","status-publish","hentry"],"acf":[],"_links":{"self":[{"href":"https:\/\/eventos.ufrrj.br\/raic\/wp-json\/wp\/v2\/pages\/6","targetHints":{"allow":["GET"]}}],"collection":[{"href":"https:\/\/eventos.ufrrj.br\/raic\/wp-json\/wp\/v2\/pages"}],"about":[{"href":"https:\/\/eventos.ufrrj.br\/raic\/wp-json\/wp\/v2\/types\/page"}],"author":[{"embeddable":true,"href":"https:\/\/eventos.ufrrj.br\/raic\/wp-json\/wp\/v2\/users\/25"}],"replies":[{"embeddable":true,"href":"https:\/\/eventos.ufrrj.br\/raic\/wp-json\/wp\/v2\/comments?post=6"}],"version-history":[{"count":131,"href":"https:\/\/eventos.ufrrj.br\/raic\/wp-json\/wp\/v2\/pages\/6\/revisions"}],"predecessor-version":[{"id":3064,"href":"https:\/\/eventos.ufrrj.br\/raic\/wp-json\/wp\/v2\/pages\/6\/revisions\/3064"}],"wp:attachment":[{"href":"https:\/\/eventos.ufrrj.br\/raic\/wp-json\/wp\/v2\/media?parent=6"}],"curies":[{"name":"wp","href":"https:\/\/api.w.org\/{rel}","templated":true}]}}