{"id":2989,"date":"2019-09-13T09:57:44","date_gmt":"2019-09-13T12:57:44","guid":{"rendered":"http:\/\/eventos.ufrrj.br\/raic\/?page_id=2989"},"modified":"2019-09-21T16:17:57","modified_gmt":"2019-09-21T19:17:57","slug":"multidisciplinar-paineis","status":"publish","type":"page","link":"https:\/\/eventos.ufrrj.br\/raic\/multidisciplinar-paineis\/","title":{"rendered":"Multidisciplinar &#8211; Pain\u00e9is"},"content":{"rendered":"<table cellspacing=\"0\" border=\"0\">\n<colgroup width=\"65\"><\/colgroup>\n<colgroup width=\"131\"><\/colgroup>\n<colgroup width=\"1418\"><\/colgroup>\n<colgroup width=\"277\"><\/colgroup>\n<tbody>\n<tr>\n<td style=\"border: 2px solid #000000\" colspan=\"4\" valign=\"bottom\" height=\"23\" bgcolor=\"#E2EFD9\" align=\"center\"><b><span style=\"color: #000000;font-size: large\">Pr\u00e9dio Principal da Reitoria (P1) &#8211; Ter\u00e7a-feira (24\/09\/2019) &#8211; 13:00 &#8211; 17:00 h<\/span><\/b><\/td>\n<\/tr>\n<tr>\n<td style=\"border-bottom: 1px solid #000000;border-left: 2px solid #000000;border-right: 1px solid #000000\" valign=\"bottom\" height=\"20\" bgcolor=\"#E2EFD9\" align=\"left\"><b><span style=\"color: #000000\">&nbsp;<\/span><\/b><\/td>\n<td style=\"border-bottom: 1px solid #000000;border-left: 1px solid #000000;border-right: 1px solid #000000\" valign=\"middle\" align=\"center\"><b><span style=\"color: #000000;font-size: medium\">ID da Entrada<\/span><\/b><\/td>\n<td style=\"border-bottom: 1px solid #000000;border-left: 1px solid #000000;border-right: 1px solid #000000\" valign=\"middle\" align=\"center\"><b><span style=\"color: #000000;font-size: medium\">T\u00edtulo<\/span><\/b><\/td>\n<td style=\"border-bottom: 1px solid #000000;border-left: 1px solid #000000;border-right: 1px solid #000000\" valign=\"middle\" align=\"center\"><b><span style=\"color: #000000;font-size: medium\">Graduando<\/span><\/b><\/td>\n<\/tr>\n<tr>\n<td style=\"border-top: 1px solid #000000;border-bottom: 1px solid #000000;border-left: 2px solid #000000;border-right: 1px solid #000000\" valign=\"bottom\" height=\"18\" bgcolor=\"#E2EFD9\" align=\"left\"><span style=\"color: #000000\">1<\/span><\/td>\n<td style=\"border: 1px solid #000000\" valign=\"middle\" align=\"center\">4633<\/td>\n<td style=\"border: 1px solid #000000\" valign=\"bottom\" align=\"left\">Banco de sementes de \u00e1reas sob diferentes n\u00edveis de perturba\u00e7\u00e3o antr\u00f3pica no Parque Natural Municipal do Curi\u00f3, Paracambi, RJ<\/td>\n<td style=\"border: 1px solid #000000\" valign=\"bottom\" align=\"left\">Vanessa Claudino Miguel<\/td>\n<\/tr>\n<tr>\n<td style=\"border-top: 1px solid #000000;border-bottom: 1px solid #000000;border-left: 2px solid #000000;border-right: 1px solid #000000\" valign=\"bottom\" height=\"18\" bgcolor=\"#E2EFD9\" align=\"left\"><span style=\"color: #000000\">2<\/span><\/td>\n<td style=\"border: 1px solid #000000\" valign=\"middle\" align=\"center\">4751<\/td>\n<td style=\"border: 1px solid #000000\" valign=\"bottom\" align=\"left\">ESTUDO DO P\u00caNDULO F\u00cdSICO USANDO AN\u00c1LISE DE V\u00cdDEO<\/td>\n<td style=\"border: 1px solid #000000\" valign=\"bottom\" align=\"left\">Thalyta de Oliveira Inoc\u00eancio<\/td>\n<\/tr>\n<tr>\n<td style=\"border-top: 1px solid #000000;border-bottom: 1px solid #000000;border-left: 2px solid #000000;border-right: 1px solid #000000\" valign=\"bottom\" height=\"18\" bgcolor=\"#E2EFD9\" align=\"left\"><span style=\"color: #000000\">3<\/span><\/td>\n<td style=\"border: 1px solid #000000\" valign=\"middle\" align=\"center\">4798<\/td>\n<td style=\"border: 1px solid #000000\" valign=\"bottom\" align=\"left\">Etnoci\u00eancia:A geometria e a literatura brasileira presente no jogo africano shisima<\/td>\n<td style=\"border: 1px solid #000000\" valign=\"bottom\" align=\"left\">Calvim Costa e Raissa da Concei\u00e7\u00e3o Silva<\/td>\n<\/tr>\n<tr>\n<td style=\"border-top: 1px solid #000000;border-bottom: 1px solid #000000;border-left: 2px solid #000000;border-right: 1px solid #000000\" valign=\"bottom\" height=\"18\" bgcolor=\"#E2EFD9\" align=\"left\"><span style=\"color: #000000\">4<\/span><\/td>\n<td style=\"border: 1px solid #000000\" valign=\"middle\" align=\"center\">4820<\/td>\n<td style=\"border: 1px solid #000000\" valign=\"bottom\" align=\"left\">REVITALIZA\u00c7\u00c3O DO HORTO DE PLANTAS MEDICINAIS DO JARDIM BOT\u00c2NICO DA UFRRJ<\/td>\n<td style=\"border: 1px solid #000000\" valign=\"bottom\" align=\"left\">Marcelo Perell\u00f3 de Andrade<\/td>\n<\/tr>\n<tr>\n<td style=\"border-top: 1px solid #000000;border-left: 2px solid #000000;border-right: 1px solid #000000\" valign=\"bottom\" height=\"18\" bgcolor=\"#E2EFD9\" align=\"left\"><span style=\"color: #000000\">5<\/span><\/td>\n<td style=\"border-top: 1px solid #000000;border-left: 1px solid #000000;border-right: 1px solid #000000\" valign=\"middle\" align=\"center\">4914<\/td>\n<td style=\"border-top: 1px solid #000000;border-left: 1px solid #000000;border-right: 1px solid #000000\" valign=\"bottom\" align=\"left\">BIODIVERSIDADE DA FAUNA ENDOPARASIT\u00c1RIA DE Mugil liza VALENCIENNES, 1836 DE AMBIENTES LAGUNARES COSTEIROS DO ESTADO DO RIO DE JANEIRO, BRASIL<\/td>\n<td style=\"border-top: 1px solid #000000;border-left: 1px solid #000000;border-right: 1px solid #000000\" valign=\"bottom\" align=\"left\">Bruna Reich Martinatti<\/td>\n<\/tr>\n<tr>\n<td style=\"border-top: 1px solid #000000;border-bottom: 1px solid #000000;border-left: 2px solid #000000;border-right: 1px solid #000000\" valign=\"bottom\" height=\"18\" bgcolor=\"#E2EFD9\" align=\"left\"><span style=\"color: #7030a0\">6<\/span><\/td>\n<td style=\"border: 1px solid #000000\" valign=\"middle\" align=\"center\">4921<\/td>\n<td style=\"border: 1px solid #000000\" valign=\"bottom\" align=\"left\">A IMPORT\u00c2NCIA DA AVALIA\u00c7\u00c3O DO CICLO DE VIDA NA PRODU\u00c7\u00c3O DE ENERGIA HIDROEL\u00c9TRICA BRASILEIRA EM TERMOS DE EMISS\u00d5ES DE CARBONO<\/td>\n<td style=\"border: 1px solid #000000\" valign=\"bottom\" align=\"left\">Monique de Sousa Quintanilha<\/td>\n<\/tr>\n<tr>\n<td style=\"border-bottom: 1px solid #000000;border-left: 2px solid #000000\" valign=\"bottom\" height=\"18\" bgcolor=\"#E2EFD9\" align=\"left\"><span style=\"color: #000000\">7<\/span><\/td>\n<td style=\"border-bottom: 1px solid #000000;border-left: 1px solid #000000\" valign=\"middle\" align=\"center\">4987<\/td>\n<td style=\"border-bottom: 1px solid #000000;border-left: 1px solid #000000;border-right: 1px solid #000000\" valign=\"bottom\" align=\"left\">IDENTIFICA\u00c7\u00c3O DE GENES DIFERENCIALMENTE EXPRESSOS EM ARABIDOPSIS QUE ESTEJAM ENVOLVIDOS EM REDE DE INTERA\u00c7\u00c3O PROTEICA DE INTERESSE BIOTECNOL\u00d3GICO<\/td>\n<td style=\"border-bottom: 1px solid #000000;border-right: 1px solid #000000\" valign=\"bottom\" align=\"left\">Sanderson de Paula Barbosa<\/td>\n<\/tr>\n<tr>\n<td style=\"border-top: 1px solid #000000;border-bottom: 1px solid #000000;border-left: 2px solid #000000\" valign=\"bottom\" height=\"18\" bgcolor=\"#E2EFD9\" align=\"left\"><span style=\"color: #000000\">8<\/span><\/td>\n<td style=\"border-top: 1px solid #000000;border-bottom: 1px solid #000000;border-left: 1px solid #000000\" valign=\"middle\" align=\"center\">5000<\/td>\n<td style=\"border: 1px solid #000000\" valign=\"bottom\" align=\"left\">AN\u00c1LISE DE QUALIDADE DE DADOS DE IRRADIA\u00c7\u00c3O SOLAR NO ESTADO DO RIO DE JANEIRO<\/td>\n<td style=\"border-top: 1px solid #000000;border-bottom: 1px solid #000000;border-right: 1px solid #000000\" valign=\"bottom\" align=\"left\">Danilo de Jesus Bonfim Franco<\/td>\n<\/tr>\n<tr>\n<td style=\"border-top: 1px solid #000000;border-bottom: 1px solid #000000;border-left: 2px solid #000000\" valign=\"bottom\" height=\"18\" bgcolor=\"#E2EFD9\" align=\"left\"><span style=\"color: #000000\">9<\/span><\/td>\n<td style=\"border-top: 1px solid #000000;border-bottom: 1px solid #000000;border-left: 1px solid #000000\" valign=\"middle\" align=\"center\">5206<\/td>\n<td style=\"border: 1px solid #000000\" valign=\"bottom\" align=\"left\">PROPOSTA DO JOGO APRENDENDO PARA EVITAR: UM ABORDAGEM ALTERNATIVA PARA DISCUSS\u00c3O SOBRE DROGAS E FUN\u00c7\u00d5ES ORG\u00c2NICAS EM SALA DE AULA<\/td>\n<td style=\"border-top: 1px solid #000000;border-bottom: 1px solid #000000;border-right: 1px solid #000000\" valign=\"bottom\" align=\"left\">Sarah Hessing Louzada<\/td>\n<\/tr>\n<tr>\n<td style=\"border-top: 1px solid #000000;border-bottom: 1px solid #000000;border-left: 2px solid #000000;border-right: 1px solid #000000\" valign=\"bottom\" height=\"18\" bgcolor=\"#E2EFD9\" align=\"left\"><span style=\"color: #000000\">10<\/span><\/td>\n<td style=\"border-bottom: 1px solid #000000;border-left: 1px solid #000000\" valign=\"middle\" align=\"center\">5223<\/td>\n<td style=\"border: 1px solid #000000\" valign=\"bottom\" align=\"left\">Caenorhabditis elegans COMO FERRAMENTA PARA PESQUISA DE NOVOS ANTI-HELM\u00cdNTICOS DE USO VETERIN\u00c1RIO<\/td>\n<td style=\"border-bottom: 1px solid #000000;border-right: 1px solid #000000\" valign=\"bottom\" align=\"left\">Paloma Mathias do Nascimento<\/td>\n<\/tr>\n<tr>\n<td style=\"border-top: 1px solid #000000;border-bottom: 1px solid #000000;border-left: 2px solid #000000\" valign=\"bottom\" height=\"18\" bgcolor=\"#E2EFD9\" align=\"left\"><span style=\"color: #000000\">11<\/span><\/td>\n<td style=\"border-top: 1px solid #000000;border-bottom: 1px solid #000000;border-left: 1px solid #000000\" valign=\"middle\" align=\"center\">5355<\/td>\n<td style=\"border: 1px solid #000000\" valign=\"bottom\" align=\"left\">DESEMPENHO DO MODELO R.SUN PARA SIMULA\u00c7\u00c3O DA IRRADIA\u00c7\u00c3O SOLAR NA REGI\u00c3O SUDESTE<\/td>\n<td style=\"border-top: 1px solid #000000;border-bottom: 1px solid #000000;border-right: 1px solid #000000\" valign=\"bottom\" align=\"left\">Felipe de Lima Moutinho<\/td>\n<\/tr>\n<tr>\n<td style=\"border-top: 1px solid #000000;border-bottom: 2px solid #000000;border-left: 2px solid #000000;border-right: 1px solid #000000\" valign=\"bottom\" height=\"18\" bgcolor=\"#E2EFD9\" align=\"left\"><span style=\"color: #000000\">12<\/span><\/td>\n<td style=\"border-bottom: 2px solid #000000;border-left: 1px solid #000000\" valign=\"middle\" align=\"center\">5415<\/td>\n<td style=\"border-top: 1px solid #000000;border-bottom: 2px solid #000000;border-left: 1px solid #000000;border-right: 1px solid #000000\" valign=\"bottom\" align=\"left\">AN\u00c1LISE DE CARACTER\u00cdSTICAS S\u00d3CIOEDUCACIONAIS DOS ESTUDANTES DO PR\u00c9-ENEM DA UFRRJ: UMA VIS\u00c3O CR\u00cdTICA DO PROJETO<\/td>\n<td style=\"border-bottom: 2px solid #000000;border-right: 1px solid #000000\" valign=\"bottom\" align=\"left\">Janine Aparecida Pereira Gazoni<\/td>\n<\/tr>\n<\/tbody>\n<\/table>\n","protected":false},"excerpt":{"rendered":"<p>Pr\u00e9dio Principal da Reitoria (P1) &#8211; Ter\u00e7a-feira (24\/09\/2019) &#8211; 13:00 &#8211; 17:00 h &nbsp; ID da Entrada T\u00edtulo Graduando 1 <a class=\"read-more\" href=\"https:\/\/eventos.ufrrj.br\/raic\/multidisciplinar-paineis\/ \">&#8230; leia mais<\/a><\/p>\n","protected":false},"author":7,"featured_media":0,"parent":0,"menu_order":0,"comment_status":"closed","ping_status":"closed","template":"","meta":{"_acf_changed":false,"ngg_post_thumbnail":0,"footnotes":""},"class_list":["post-2989","page","type-page","status-publish","hentry"],"acf":[],"_links":{"self":[{"href":"https:\/\/eventos.ufrrj.br\/raic\/wp-json\/wp\/v2\/pages\/2989","targetHints":{"allow":["GET"]}}],"collection":[{"href":"https:\/\/eventos.ufrrj.br\/raic\/wp-json\/wp\/v2\/pages"}],"about":[{"href":"https:\/\/eventos.ufrrj.br\/raic\/wp-json\/wp\/v2\/types\/page"}],"author":[{"embeddable":true,"href":"https:\/\/eventos.ufrrj.br\/raic\/wp-json\/wp\/v2\/users\/7"}],"replies":[{"embeddable":true,"href":"https:\/\/eventos.ufrrj.br\/raic\/wp-json\/wp\/v2\/comments?post=2989"}],"version-history":[{"count":2,"href":"https:\/\/eventos.ufrrj.br\/raic\/wp-json\/wp\/v2\/pages\/2989\/revisions"}],"predecessor-version":[{"id":3057,"href":"https:\/\/eventos.ufrrj.br\/raic\/wp-json\/wp\/v2\/pages\/2989\/revisions\/3057"}],"wp:attachment":[{"href":"https:\/\/eventos.ufrrj.br\/raic\/wp-json\/wp\/v2\/media?parent=2989"}],"curies":[{"name":"wp","href":"https:\/\/api.w.org\/{rel}","templated":true}]}}