{"id":11,"date":"2013-06-03T17:25:01","date_gmt":"2013-06-03T17:25:01","guid":{"rendered":"http:\/\/eventos.ufrrj.br\/jornadaic\/?page_id=11"},"modified":"2019-07-09T17:09:13","modified_gmt":"2019-07-09T20:09:13","slug":"local-do-evento","status":"publish","type":"page","link":"https:\/\/eventos.ufrrj.br\/raic\/local-do-evento\/","title":{"rendered":"Locais do Evento"},"content":{"rendered":"<p><strong>Campus Serop\u00e9dica: Pavilh\u00e3o Central do Pr\u00e9dio da Reitoria da UFRRJ (P1), Biblioteca Central e Instituto de Educa\u00e7\u00e3o (IE)<\/strong><\/p>\n<p>&nbsp;<\/p>\n<p><em>Ci\u00eancias Agr\u00e1rias, Ci\u00eancias Biol\u00f3gicas, Ci\u00eancias da Sa\u00fade e Ci\u00eancias Exatas e da Terra.<\/em><\/p>\n<p>Apresenta\u00e7\u00f5es de p\u00f4steres: corredores do P1.<\/p>\n<p>Apresenta\u00e7\u00f5es orais: Audit\u00f3rio Biblioteca Central.<\/p>\n<p>&nbsp;<\/p>\n<p><em>Ci\u00eancias Humanas, Ci\u00eancias Sociais Aplicadas e Lingu\u00edstica, Letras e Artes.<\/em><\/p>\n<p>Apresenta\u00e7\u00f5es de p\u00f4steres: corredores do Instituto de Educa\u00e7\u00e3o.<\/p>\n<p>Apresenta\u00e7\u00f5es orais: Sal\u00e3o Verde.<\/p>\n<p>&nbsp;<\/p>\n<p><strong>Campus Nova Igua\u00e7u: Instituto Multidisciplinar (IM)<\/strong><\/p>\n<p>Apresenta\u00e7\u00f5es orais: sala do IM.<\/p>\n<p>&nbsp;<\/p>\n<p><strong>Campus Tr\u00eas Rios: Instituto Tr\u00eas Rios (ITR)<\/strong><\/p>\n<p>Apresenta\u00e7\u00f5es orais: audit\u00f3rio do ITR.<\/p>\n","protected":false},"excerpt":{"rendered":"<p>Campus Serop\u00e9dica: Pavilh\u00e3o Central do Pr\u00e9dio da Reitoria da UFRRJ (P1), Biblioteca Central e Instituto de Educa\u00e7\u00e3o (IE) &nbsp; Ci\u00eancias <a class=\"read-more\" href=\"https:\/\/eventos.ufrrj.br\/raic\/local-do-evento\/ \">&#8230; leia mais<\/a><\/p>\n","protected":false},"author":25,"featured_media":0,"parent":0,"menu_order":0,"comment_status":"closed","ping_status":"closed","template":"","meta":{"_acf_changed":false,"ngg_post_thumbnail":0,"footnotes":""},"class_list":["post-11","page","type-page","status-publish","hentry"],"acf":[],"_links":{"self":[{"href":"https:\/\/eventos.ufrrj.br\/raic\/wp-json\/wp\/v2\/pages\/11","targetHints":{"allow":["GET"]}}],"collection":[{"href":"https:\/\/eventos.ufrrj.br\/raic\/wp-json\/wp\/v2\/pages"}],"about":[{"href":"https:\/\/eventos.ufrrj.br\/raic\/wp-json\/wp\/v2\/types\/page"}],"author":[{"embeddable":true,"href":"https:\/\/eventos.ufrrj.br\/raic\/wp-json\/wp\/v2\/users\/25"}],"replies":[{"embeddable":true,"href":"https:\/\/eventos.ufrrj.br\/raic\/wp-json\/wp\/v2\/comments?post=11"}],"version-history":[{"count":14,"href":"https:\/\/eventos.ufrrj.br\/raic\/wp-json\/wp\/v2\/pages\/11\/revisions"}],"predecessor-version":[{"id":2679,"href":"https:\/\/eventos.ufrrj.br\/raic\/wp-json\/wp\/v2\/pages\/11\/revisions\/2679"}],"wp:attachment":[{"href":"https:\/\/eventos.ufrrj.br\/raic\/wp-json\/wp\/v2\/media?parent=11"}],"curies":[{"name":"wp","href":"https:\/\/api.w.org\/{rel}","templated":true}]}}

<p><strong>Campus Seropédica: Pavilhão Central do Prédio da Reitoria da UFRRJ (P1), Biblioteca Central e Instituto de Educação (IE)</strong></p>
<p>&nbsp;</p>
<p><em>Ciências Agrárias, Ciências Biológicas, Ciências da Saúde e Ciências Exatas e da Terra.</em></p>
<p>Apresentações de pôsteres: corredores do P1.</p>
<p>Apresentações orais: Auditório Biblioteca Central.</p>
<p>&nbsp;</p>
<p><em>Ciências Humanas, Ciências Sociais Aplicadas e Linguística, Letras e Artes.</em></p>
<p>Apresentações de pôsteres: corredores do Instituto de Educação.</p>
<p>Apresentações orais: Salão Verde.</p>
<p>&nbsp;</p>
<p><strong>Campus Nova Iguaçu: Instituto Multidisciplinar (IM)</strong></p>
<p>Apresentações orais: sala do IM.</p>
<p>&nbsp;</p>
<p><strong>Campus Três Rios: Instituto Três Rios (ITR)</strong></p>
<p>Apresentações orais: auditório do ITR.</p>

<p>Campus Seropédica: Pavilhão Central do Prédio da Reitoria da UFRRJ (P1), Biblioteca Central e Instituto de Educação (IE) &nbsp; Ciências <a class="read-more" href="https://eventos.ufrrj.br/raic/local-do-evento/ ">&#8230; leia mais</a></p>
