{"id":80,"date":"2016-02-23T18:52:26","date_gmt":"2016-02-23T18:52:26","guid":{"rendered":"http:\/\/eventos.ufrrj.br\/psicologia\/?page_id=80"},"modified":"2016-07-22T10:39:32","modified_gmt":"2016-07-22T13:39:32","slug":"inscricao","status":"publish","type":"page","link":"https:\/\/eventos.ufrrj.br\/psicologia\/inscricao\/","title":{"rendered":"Inscri\u00e7\u00e3o"},"content":{"rendered":"<p>Mais abaixo nesta p\u00e1gina, voc\u00ea encontrar\u00e1 o formul\u00e1rio de inscri\u00e7\u00e3o<\/p>\n<p>&nbsp;<\/p>\n<table>\n<tbody>\n<tr>\n<td width=\"212\">Categorias<\/td>\n<td width=\"212\">At\u00e9 18 de agosto<\/td>\n<td width=\"212\">A partir de 19 de agosto<\/td>\n<\/tr>\n<tr>\n<td width=\"212\">Profissionais e docentes, que n\u00e3o sejam estudantes de gradua\u00e7\u00e3o ou p\u00f3-gradua\u00e7\u00e3o<\/td>\n<td width=\"212\">200 reais<\/td>\n<td width=\"212\">230 reais<\/td>\n<\/tr>\n<tr>\n<td width=\"212\">Estudantes de p\u00f3s-gradua\u00e7\u00e3o<\/td>\n<td width=\"212\">100 reais<\/td>\n<td width=\"212\">120 reais<\/td>\n<\/tr>\n<tr>\n<td width=\"212\">Estudantes de gradua\u00e7\u00e3o<\/td>\n<td width=\"212\">50 reais<\/td>\n<td width=\"212\">60 reais<\/td>\n<\/tr>\n<tr>\n<td width=\"212\">Agricultores oo integrantes de organiza\u00e7\u00f5es comunit\u00e1rias que n\u00e3o fa\u00e7am parte de nenhuma da categorias anteriores<\/td>\n<td width=\"212\">0 real<\/td>\n<td width=\"212\">0 real<\/td>\n<\/tr>\n<\/tbody>\n<\/table>\n<p>&nbsp;<\/p>\n<p><b><span style=\"font-size: 10.0pt;font-family: 'Georgia','serif';color: #333333;background: white\">Pagamentos no Brasil<\/span><\/b><\/p>\n<p style=\"background: white\"><span style=\"font-size: 10.0pt;font-family: 'Georgia','serif';color: #333333;background: white\">\u00a0<\/span>Realizar transfer\u00eancia banc\u00e1ria para:<\/p>\n<p style=\"background: white\">Titular: Consultoria Antonio de P\u00e1dua<\/p>\n<p style=\"background: white\">Banco: 033 &#8211; Santander &#8211; Ag\u00eancia: 3933 \/\u00a0Conta Corrente: 13001196-7 \/\u00a0CNPJ: 20.315.989\/0001-30<\/p>\n<p style=\"background: white\"><span style=\"font-size: 10.0pt;font-family: 'Georgia','serif';color: #333333;background: white\">\u00a0<\/span>Por favor, enviar o comprovante de pagamento (escaneado ou em PDF) para:\u00a0psirural@gmail.com<\/p>\n\n","protected":false},"excerpt":{"rendered":"<p>Mais abaixo nesta p\u00e1gina, voc\u00ea encontrar\u00e1 o formul\u00e1rio de inscri\u00e7\u00e3o &nbsp; Categorias At\u00e9 18 de agosto A partir de 19 <a class=\"read-more\" href=\"https:\/\/eventos.ufrrj.br\/psicologia\/inscricao\/ \">&#8230; <i class=\"fa fa-long-arrow-right\"><\/i><\/a><\/p>\n","protected":false},"author":1,"featured_media":0,"parent":0,"menu_order":0,"comment_status":"open","ping_status":"open","template":"","meta":{"footnotes":""},"class_list":["post-80","page","type-page","status-publish","hentry"],"_links":{"self":[{"href":"https:\/\/eventos.ufrrj.br\/psicologia\/wp-json\/wp\/v2\/pages\/80","targetHints":{"allow":["GET"]}}],"collection":[{"href":"https:\/\/eventos.ufrrj.br\/psicologia\/wp-json\/wp\/v2\/pages"}],"about":[{"href":"https:\/\/eventos.ufrrj.br\/psicologia\/wp-json\/wp\/v2\/types\/page"}],"author":[{"embeddable":true,"href":"https:\/\/eventos.ufrrj.br\/psicologia\/wp-json\/wp\/v2\/users\/1"}],"replies":[{"embeddable":true,"href":"https:\/\/eventos.ufrrj.br\/psicologia\/wp-json\/wp\/v2\/comments?post=80"}],"version-history":[{"count":8,"href":"https:\/\/eventos.ufrrj.br\/psicologia\/wp-json\/wp\/v2\/pages\/80\/revisions"}],"predecessor-version":[{"id":218,"href":"https:\/\/eventos.ufrrj.br\/psicologia\/wp-json\/wp\/v2\/pages\/80\/revisions\/218"}],"wp:attachment":[{"href":"https:\/\/eventos.ufrrj.br\/psicologia\/wp-json\/wp\/v2\/media?parent=80"}],"curies":[{"name":"wp","href":"https:\/\/api.w.org\/{rel}","templated":true}]}}