{"id":180,"date":"2016-07-07T10:34:34","date_gmt":"2016-07-07T13:34:34","guid":{"rendered":"http:\/\/eventos.ufrrj.br\/psicologia\/?page_id=180"},"modified":"2016-09-14T22:50:23","modified_gmt":"2016-09-15T01:50:23","slug":"llegando-de-un-estado-otro-autobus-en-sao-paulo","status":"publish","type":"page","link":"https:\/\/eventos.ufrrj.br\/psicologia\/llegando-de-un-estado-otro-autobus-en-sao-paulo\/","title":{"rendered":"Chegando de \u00d4nibus Interestadual em S\u00e3o Paulo"},"content":{"rendered":"<p><strong>Saindo da Rodovi\u00e1ria do Tiet\u00ea<\/strong><strong> (TEMPO ESTIMADO \u2013 5:30h a 6:00) <\/strong><\/p>\n<p>Na rodovi\u00e1ria buscar o guich\u00ea da 1001 e comprar \u00f4nibus para Serop\u00e9dica (v\u00e3o nos vender uma passagem para o terminal de Campo Grande \u2013 RJ). S\u00e3o tr\u00eas hor\u00e1rios por dia de seg a sexta: 13:00, 16:30 3 23:45. Aos s\u00e1bados: 13:00, 16:30 e 23:45. Aos domingos: 16:00, 16:45 e 23:20. \u00c8 poss\u00edvel conseguir\u00a0 passagem via net. <a href=\"http:\/\/www.autoviacao1001.com.br\/pt\/\">http:\/\/www.autoviacao1001.com.br\/pt\/<\/a><\/p>\n<p>IMPORTANTE: Na hora da compra voc\u00ea deve avisar no guich\u00ea que vai descer na Universidade Federal Rural do Rio de Janeiro. Caso compre pela net, \u00e9 preciso retirar o bilhete na sala net 1001 da rodoviaria do tiete com o LOCALIZADOR que chega por\u00a0 email. Nesse caso, \u00e9 prudente ir at\u00e9 o guich\u00ea de vendas da 1001 e avisar que est\u00e1 indo para a Universidade. A cidade de Serop\u00e9dica n\u00e3o tem rodovi\u00e1ria, isso deixa o servi\u00e7o de tranporte mais dificil e precario.<\/p>\n<p>Tamb\u00e9m \u00e9 preciso pedir ao motorista para descer na Universidade Federal Rural ou no Km 49 de Serop\u00e9dica. Em caso de carregar malas no bagageiro do \u00f4nibus (embaixo) s\u00f3 ser\u00e1 poss\u00edvel descer na Universidade, onde n\u00e3o h\u00e1 posto de t\u00e1xi. No km 49 (conhecido tamb\u00e9m como \u2018primeira passarela\u2019) h\u00e1 um ponto de t\u00e1xi, mas n\u00e3o \u00e9 poss\u00edvel retirar as malas do bagageiro.<\/p>\n<p>Pra retornar de Serop\u00e9dica a S\u00e3o Paulo voc\u00ea pode comprar a passagem de volta pela internet ou no guich\u00ea da 1001 na rodoviaria em s\u00e3o Paulo; nesse caso, deve avisar que vai pegar o \u00f4nibus na Universidade Federal Rural.<\/p>\n<p>A outra op\u00e7\u00e3o \u00e9 pegar um \u00f4nibus de Serop\u00e9dica a Rezende ou Volta redonda. Dessas cidades saem \u00f4nibus para S\u00e3o Paulo mais ou menos a cada uma hora e meia.<\/p>\n<p>Para pegar \u00f4nibus de Serop\u00e9dica a Volta Redonda ou Resende \u00e9 preciso ir at\u00e9 a um local chamado Belvedere. Para chegar nesse local \u00e9 preciso tomar um mototaxi (15 reais) ou t\u00e1xi (30 reais). \u00c9 poss\u00edvel ir de \u00f4nibus tamb\u00e9m. Em frente a Universidade Federal Rural h\u00e1 um ponto onde deve-se tomar o \u00f4nibus chamado Paracambi. Deve-se pedir ao cobrador para avisar quando chegar ao Belvedere.<\/p>\n<p><strong>CHEGANDO DE AVI\u00c3O EM S\u00c3O PAULO<\/strong><\/p>\n<p><strong>\u00a0\u00a0\u00a0\u00a0\u00a0\u00a0\u00a0\u00a0\u00a0\u00a0\u00a0\u00a0\u00a0\u00a0\u00a0 <\/strong><\/p>\n<p><strong>Saindo do Aeroporto de Guarulhos<\/strong><\/p>\n<p>\u00c9 preciso tomar um \u00f4nibus da Empresa Airport Bus Service at\u00e9 a rodovi\u00e1ria do Tiet\u00ea (saem \u00f4nibus de hora em hora em m\u00e9dia, entre 6:00 e 00:00). Tempo de viagem: 1:30hr.<\/p>\n<p>\u00c9 poss\u00edvel tomar um \u00f4nibus at\u00e9 a esta\u00e7\u00e3o de metro Tatuap\u00e9. De l\u00e1 deve-se pegar o metr\u00f4 at\u00e9 a Esta\u00e7\u00e3o \u00e9 (Linha vermelha). \u00e9 pegar metro sentido Tucuruvi e descer na esta\u00e7\u00e3o Portuguesa-Tiet\u00ea. Linha vermelha.<\/p>\n<p><strong>Tempo: 2:30 horas.<\/strong><\/p>\n<p><strong>\u00a0<\/strong><\/p>\n<p><strong>Saindo do aeroporto de Congonhas. <\/strong><\/p>\n<p>\u00c9 preciso tomar um \u00f4nibus da empresa Airpoirt Bus Service at\u00e9 Tiet\u00ea. S\u00e3o v\u00e1rios hor\u00e1rios de sa\u00edda ao longo do dia<\/p>\n<p><strong>Tempo m\u00e9dio: uma hora<\/strong><\/p>\n<p><strong>Obs.: <\/strong>A partir de tr\u00eas pessoas o trajeto entre os aeropertos e a rodovi\u00e1ria do Tiet\u00ea \u00e9 equivalente ao pre\u00e7o do Airport Bus Service.<\/p>\n<p>Site do Airport Bus Service: http:\/\/www.airportbusservice.com.br\/<\/p>\n<p><strong>\u00a0<\/strong><\/p>\n<p><strong>PARA CHEGAR EM SEROP\u00c9DICA VINDO DE S\u00c3O PAULO &#8211; CARRO<\/strong><\/p>\n<p><strong>\u00a0<\/strong><\/p>\n<p><strong>Distancia: <\/strong>\u00a0371 km<\/p>\n<p><strong>Tempo m\u00e9dio de viagem: \u00a0<\/strong>Quatro horas e meia<strong>.<\/strong><\/p>\n<p><strong>Percurso: <\/strong>Tomar a Marginal Tiet\u00ea sentido Dutra (Rio de Janeiro). Existem muitas maneiras de pegar a Marginal Tiet\u00ea em S\u00e3o Paulo. H\u00e1 entradas espalhadas por toda a cidade. A Marginal \u00e9 uma autovia marginal que circunda parte da cidade e d\u00e1 acesso \u00e0 rodovia Dutra (BR 116)<\/p>\n<p>Pegar a rodovia Dutra (BR116) sentido Rio de Janeiro.<\/p>\n<p>Ap\u00f3s cerca de quatro horas de viagem tomar, ap\u00f3s a cidade de Pirai, a sa\u00edda 208 sentido Serop\u00e9dica-Itagua\u00ed (BR 465).<\/p>\n<p>&nbsp;<\/p>\n<p>Para acessar o mapa pela net: http:\/\/br.distanciacidades.com\/rota-como-ir-de-seropedica-a-sao-paulo<\/p>\n","protected":false},"excerpt":{"rendered":"<p>Saindo da Rodovi\u00e1ria do Tiet\u00ea (TEMPO ESTIMADO \u2013 5:30h a 6:00) Na rodovi\u00e1ria buscar o guich\u00ea da 1001 e comprar <a class=\"read-more\" href=\"https:\/\/eventos.ufrrj.br\/psicologia\/llegando-de-un-estado-otro-autobus-en-sao-paulo\/ \">&#8230; <i class=\"fa fa-long-arrow-right\"><\/i><\/a><\/p>\n","protected":false},"author":25,"featured_media":0,"parent":0,"menu_order":0,"comment_status":"open","ping_status":"open","template":"","meta":{"footnotes":""},"class_list":["post-180","page","type-page","status-publish","hentry"],"_links":{"self":[{"href":"https:\/\/eventos.ufrrj.br\/psicologia\/wp-json\/wp\/v2\/pages\/180","targetHints":{"allow":["GET"]}}],"collection":[{"href":"https:\/\/eventos.ufrrj.br\/psicologia\/wp-json\/wp\/v2\/pages"}],"about":[{"href":"https:\/\/eventos.ufrrj.br\/psicologia\/wp-json\/wp\/v2\/types\/page"}],"author":[{"embeddable":true,"href":"https:\/\/eventos.ufrrj.br\/psicologia\/wp-json\/wp\/v2\/users\/25"}],"replies":[{"embeddable":true,"href":"https:\/\/eventos.ufrrj.br\/psicologia\/wp-json\/wp\/v2\/comments?post=180"}],"version-history":[{"count":5,"href":"https:\/\/eventos.ufrrj.br\/psicologia\/wp-json\/wp\/v2\/pages\/180\/revisions"}],"predecessor-version":[{"id":242,"href":"https:\/\/eventos.ufrrj.br\/psicologia\/wp-json\/wp\/v2\/pages\/180\/revisions\/242"}],"wp:attachment":[{"href":"https:\/\/eventos.ufrrj.br\/psicologia\/wp-json\/wp\/v2\/media?parent=180"}],"curies":[{"name":"wp","href":"https:\/\/api.w.org\/{rel}","templated":true}]}}