{"id":6,"date":"2013-11-08T13:30:07","date_gmt":"2013-11-08T13:30:07","guid":{"rendered":"http:\/\/eventos.ufrrj.br\/literaturainglesa\/?page_id=6"},"modified":"2014-10-20T11:37:57","modified_gmt":"2014-10-20T11:37:57","slug":"informacoes-gerais","status":"publish","type":"page","link":"https:\/\/eventos.ufrrj.br\/literaturainglesa\/informacoes-gerais\/","title":{"rendered":"Informa\u00e7\u00f5es Gerais"},"content":{"rendered":"<div><span style=\"font-family: Calibri, sans-serif;font-size: 15px;line-height: 22px\">O presente evento \u00e9 o quarto col\u00f3quio promovido pelo\u00a0do rec\u00e9m-nomeado grupo de pesquisa do CNPq \u201cLinguagem, Literatura e Contexto\u201d do Departamento de Letras e Comunica\u00e7\u00e3o Social da Universidade Federal Rural do Rio de Janeiro (UFRRJ). Contando com o apoio do Instituto de Ci\u00eancias Humanas e Sociais (ICHS), o\u00a0<b>IV Col\u00f3quio\u00a0<i>Di\u00e1logos em Literaturas de L\u00edngua Inglesa\u00a0<\/i><\/b>pretende consolidar na UFRRJ um espa\u00e7o de interlocu\u00e7\u00e3o e aprendizado sobre os principais temas que permeiam as literaturas angl\u00f3fonas.<\/span><\/div>\n<div>\u00a0<\/div>\n<div><span style=\"font-family: HelveticaNeue, 'Helvetica Neue', Helvetica, Arial, 'Lucida Grande', sans-serif;font-size: medium\"><span style=\"line-height: normal\">E<\/span><\/span><span style=\"font-family: Calibri, sans-serif;font-size: 15px;line-height: 22px\">ste quarto col\u00f3quio versar\u00e1 sobre o tema\u00a0<b>&#8220;Literatura e Outros Meios&#8221;<\/b>\u00a0A escolha desse tema\u00a0se d\u00e1 pela cada vez maior di\u00e1logo entre a literatura e outras formas de produ\u00e7\u00e3o art\u00edstica, como m\u00fasica, cinema, teatro, artes pl\u00e1sticas e televis\u00e3o. Al\u00e9m disso, textos liter\u00e1rios v\u00eam se apresentando atualmente em diversos formatos, como os digitais e romances gr\u00e1ficos.<\/span><\/div>\n<div>\u00a0<\/div>\n<div><span style=\"font-family: Calibri, sans-serif;font-size: 15px;line-height: 22px\">O IV Col\u00f3quio\u00a0<i>Di\u00e1logos em Literaturas de L\u00edngua Inglesa<\/i><b>\u00a0<\/b>tem como\u00a0<b>objetivo geral\u00a0<\/b>congregar, na sede da UFRRJ, em Serop\u00e9dica, estudantes, professores, pesquisadores e demais interessados na \u00e1rea de literaturas de l\u00edngua inglesa, para a troca de experi\u00eancias de pesquisa, apresenta\u00e7\u00e3o e publica\u00e7\u00e3o de trabalhos, contribuindo assim para a amplia\u00e7\u00e3o de conhecimento nas \u00e1reas de Letras e outras.<\/span><\/div>\n<div>\u00a0<\/div>\n<div>\u00a0<span style=\"font-family: Calibri, sans-serif;font-size: 15px\">Seus\u00a0<b>objetivos espec\u00edficos\u00a0<\/b>s\u00e3o os seguintes:<\/span><\/div>\n<div>\u00a0<\/div>\n<div>1)<span style=\"font-size: 7pt;font-family: 'Times New Roman'\">\u00a0\u00a0\u00a0\u00a0\u00a0\u00a0<\/span>Ampliar o conhecimento dos estudantes a respeito da cultura dos pa\u00edses angl\u00f3fonos oferecendo a possibilidade, atrav\u00e9s da literatura, de se refletir criticamente a respeito de textos produzidos por culturas de l\u00edngua inglesa hegem\u00f4nicas ou perif\u00e9ricas.<\/div>\n<div>2)<span style=\"font-size: 7pt;font-family: 'Times New Roman'\">\u00a0\u00a0\u00a0\u00a0\u00a0\u00a0<\/span>Promover a interlocu\u00e7\u00e3o entre professores pesquisadores de universidades brasileiras diversas e alunos dos cursos de gradua\u00e7\u00e3o da UFRRJ e demais interessados, no que se refere \u00e0 pesquisa na \u00e1rea de literaturas de l\u00edngua inglesa.<\/div>\n<div>3)<span style=\"font-size: 7pt;font-family: 'Times New Roman'\">\u00a0\u00a0\u00a0\u00a0\u00a0\u00a0<\/span>Complementar a forma\u00e7\u00e3o dos estudantes de Letras por meio da introdu\u00e7\u00e3o a textos liter\u00e1rios de diferentes pa\u00edses em que a l\u00edngua inglesa \u00e9 o idioma oficial, ou a partir da literatura do ex\u00edlio.<\/div>\n<div>4)<span style=\"font-size: 7pt;font-family: 'Times New Roman'\">\u00a0\u00a0\u00a0\u00a0\u00a0\u00a0<\/span>Permitir ao futuro professor de l\u00edngua inglesa uma reflex\u00e3o cr\u00edtica a respeito de quest\u00f5es ideol\u00f3gicas e culturais, al\u00e9m das puramente est\u00e9ticas, que permeiam a produ\u00e7\u00e3o e o estudo de obras liter\u00e1rias.<\/div>\n<div><span style=\"line-height: 18px\">5)<span style=\"font-size: 7pt;line-height: normal;font-family: 'Times New Roman'\">\u00a0\u00a0\u00a0\u00a0\u00a0\u00a0<\/span>Permitir ao professor de l\u00edngua estrangeira e literatura desenvolver uma postura reflexiva a respeito de seu papel como educador\u00a0\u00a0no Brasil.\u00a0<\/span><\/div>\n","protected":false},"excerpt":{"rendered":"<p>O presente evento \u00e9 o quarto col\u00f3quio promovido pelo\u00a0do rec\u00e9m-nomeado grupo de pesquisa do CNPq \u201cLinguagem, Literatura e Contexto\u201d do Departamento de [&hellip;]<\/p>\n","protected":false},"author":1,"featured_media":0,"parent":0,"menu_order":0,"comment_status":"open","ping_status":"open","template":"","meta":{"_acf_changed":false,"footnotes":""},"tags":[],"class_list":["post-6","page","type-page","status-publish","hentry"],"acf":[],"yoast_head":"<!-- This site is optimized with the Yoast SEO plugin v27.5 - https:\/\/yoast.com\/product\/yoast-seo-wordpress\/ -->\n<title>Informa\u00e7\u00f5es Gerais - Literatura Inglesa<\/title>\n<meta name=\"robots\" content=\"index, follow, max-snippet:-1, max-image-preview:large, max-video-preview:-1\" \/>\n<link rel=\"canonical\" href=\"https:\/\/eventos.ufrrj.br\/literaturainglesa\/informacoes-gerais\/\" \/>\n<meta property=\"og:locale\" content=\"pt_BR\" \/>\n<meta property=\"og:type\" content=\"article\" \/>\n<meta property=\"og:title\" content=\"Informa\u00e7\u00f5es Gerais - Literatura Inglesa\" \/>\n<meta property=\"og:description\" content=\"O presente evento \u00e9 o quarto col\u00f3quio promovido pelo\u00a0do rec\u00e9m-nomeado grupo de pesquisa do CNPq \u201cLinguagem, Literatura e Contexto\u201d do Departamento de [&hellip;]\" \/>\n<meta property=\"og:url\" content=\"https:\/\/eventos.ufrrj.br\/literaturainglesa\/informacoes-gerais\/\" \/>\n<meta property=\"og:site_name\" content=\"Literatura Inglesa\" \/>\n<meta property=\"article:modified_time\" content=\"2014-10-20T11:37:57+00:00\" \/>\n<meta name=\"twitter:card\" content=\"summary_large_image\" \/>\n<meta name=\"twitter:label1\" content=\"Est. tempo de leitura\" \/>\n\t<meta name=\"twitter:data1\" content=\"2 minutos\" \/>\n<script type=\"application\/ld+json\" class=\"yoast-schema-graph\">{\"@context\":\"https:\\\/\\\/schema.org\",\"@graph\":[{\"@type\":\"WebPage\",\"@id\":\"https:\\\/\\\/eventos.ufrrj.br\\\/literaturainglesa\\\/informacoes-gerais\\\/\",\"url\":\"https:\\\/\\\/eventos.ufrrj.br\\\/literaturainglesa\\\/informacoes-gerais\\\/\",\"name\":\"Informa\u00e7\u00f5es Gerais - Literatura Inglesa\",\"isPartOf\":{\"@id\":\"https:\\\/\\\/eventos.ufrrj.br\\\/literaturainglesa\\\/#website\"},\"datePublished\":\"2013-11-08T13:30:07+00:00\",\"dateModified\":\"2014-10-20T11:37:57+00:00\",\"breadcrumb\":{\"@id\":\"https:\\\/\\\/eventos.ufrrj.br\\\/literaturainglesa\\\/informacoes-gerais\\\/#breadcrumb\"},\"inLanguage\":\"pt-BR\",\"potentialAction\":[{\"@type\":\"ReadAction\",\"target\":[\"https:\\\/\\\/eventos.ufrrj.br\\\/literaturainglesa\\\/informacoes-gerais\\\/\"]}]},{\"@type\":\"BreadcrumbList\",\"@id\":\"https:\\\/\\\/eventos.ufrrj.br\\\/literaturainglesa\\\/informacoes-gerais\\\/#breadcrumb\",\"itemListElement\":[{\"@type\":\"ListItem\",\"position\":1,\"name\":\"In\u00edcio\",\"item\":\"https:\\\/\\\/eventos.ufrrj.br\\\/literaturainglesa\\\/\"},{\"@type\":\"ListItem\",\"position\":2,\"name\":\"Informa\u00e7\u00f5es Gerais\"}]},{\"@type\":\"WebSite\",\"@id\":\"https:\\\/\\\/eventos.ufrrj.br\\\/literaturainglesa\\\/#website\",\"url\":\"https:\\\/\\\/eventos.ufrrj.br\\\/literaturainglesa\\\/\",\"name\":\"Literatura Inglesa\",\"description\":\"S\u00f3 mais um site Eventos da UFRRJ \",\"potentialAction\":[{\"@type\":\"SearchAction\",\"target\":{\"@type\":\"EntryPoint\",\"urlTemplate\":\"https:\\\/\\\/eventos.ufrrj.br\\\/literaturainglesa\\\/?s={search_term_string}\"},\"query-input\":{\"@type\":\"PropertyValueSpecification\",\"valueRequired\":true,\"valueName\":\"search_term_string\"}}],\"inLanguage\":\"pt-BR\"}]}<\/script>\n<!-- \/ Yoast SEO plugin. -->","yoast_head_json":{"title":"Informa\u00e7\u00f5es Gerais - Literatura Inglesa","robots":{"index":"index","follow":"follow","max-snippet":"max-snippet:-1","max-image-preview":"max-image-preview:large","max-video-preview":"max-video-preview:-1"},"canonical":"https:\/\/eventos.ufrrj.br\/literaturainglesa\/informacoes-gerais\/","og_locale":"pt_BR","og_type":"article","og_title":"Informa\u00e7\u00f5es Gerais - Literatura Inglesa","og_description":"O presente evento \u00e9 o quarto col\u00f3quio promovido pelo\u00a0do rec\u00e9m-nomeado grupo de pesquisa do CNPq \u201cLinguagem, Literatura e Contexto\u201d do Departamento de [&hellip;]","og_url":"https:\/\/eventos.ufrrj.br\/literaturainglesa\/informacoes-gerais\/","og_site_name":"Literatura Inglesa","article_modified_time":"2014-10-20T11:37:57+00:00","twitter_card":"summary_large_image","twitter_misc":{"Est. tempo de leitura":"2 minutos"},"schema":{"@context":"https:\/\/schema.org","@graph":[{"@type":"WebPage","@id":"https:\/\/eventos.ufrrj.br\/literaturainglesa\/informacoes-gerais\/","url":"https:\/\/eventos.ufrrj.br\/literaturainglesa\/informacoes-gerais\/","name":"Informa\u00e7\u00f5es Gerais - Literatura Inglesa","isPartOf":{"@id":"https:\/\/eventos.ufrrj.br\/literaturainglesa\/#website"},"datePublished":"2013-11-08T13:30:07+00:00","dateModified":"2014-10-20T11:37:57+00:00","breadcrumb":{"@id":"https:\/\/eventos.ufrrj.br\/literaturainglesa\/informacoes-gerais\/#breadcrumb"},"inLanguage":"pt-BR","potentialAction":[{"@type":"ReadAction","target":["https:\/\/eventos.ufrrj.br\/literaturainglesa\/informacoes-gerais\/"]}]},{"@type":"BreadcrumbList","@id":"https:\/\/eventos.ufrrj.br\/literaturainglesa\/informacoes-gerais\/#breadcrumb","itemListElement":[{"@type":"ListItem","position":1,"name":"In\u00edcio","item":"https:\/\/eventos.ufrrj.br\/literaturainglesa\/"},{"@type":"ListItem","position":2,"name":"Informa\u00e7\u00f5es Gerais"}]},{"@type":"WebSite","@id":"https:\/\/eventos.ufrrj.br\/literaturainglesa\/#website","url":"https:\/\/eventos.ufrrj.br\/literaturainglesa\/","name":"Literatura Inglesa","description":"S\u00f3 mais um site Eventos da UFRRJ ","potentialAction":[{"@type":"SearchAction","target":{"@type":"EntryPoint","urlTemplate":"https:\/\/eventos.ufrrj.br\/literaturainglesa\/?s={search_term_string}"},"query-input":{"@type":"PropertyValueSpecification","valueRequired":true,"valueName":"search_term_string"}}],"inLanguage":"pt-BR"}]}},"_links":{"self":[{"href":"https:\/\/eventos.ufrrj.br\/literaturainglesa\/wp-json\/wp\/v2\/pages\/6","targetHints":{"allow":["GET"]}}],"collection":[{"href":"https:\/\/eventos.ufrrj.br\/literaturainglesa\/wp-json\/wp\/v2\/pages"}],"about":[{"href":"https:\/\/eventos.ufrrj.br\/literaturainglesa\/wp-json\/wp\/v2\/types\/page"}],"author":[{"embeddable":true,"href":"https:\/\/eventos.ufrrj.br\/literaturainglesa\/wp-json\/wp\/v2\/users\/1"}],"replies":[{"embeddable":true,"href":"https:\/\/eventos.ufrrj.br\/literaturainglesa\/wp-json\/wp\/v2\/comments?post=6"}],"version-history":[{"count":4,"href":"https:\/\/eventos.ufrrj.br\/literaturainglesa\/wp-json\/wp\/v2\/pages\/6\/revisions"}],"predecessor-version":[{"id":67,"href":"https:\/\/eventos.ufrrj.br\/literaturainglesa\/wp-json\/wp\/v2\/pages\/6\/revisions\/67"}],"wp:attachment":[{"href":"https:\/\/eventos.ufrrj.br\/literaturainglesa\/wp-json\/wp\/v2\/media?parent=6"}],"wp:term":[{"taxonomy":"post_tag","embeddable":true,"href":"https:\/\/eventos.ufrrj.br\/literaturainglesa\/wp-json\/wp\/v2\/tags?post=6"}],"curies":[{"name":"wp","href":"https:\/\/api.w.org\/{rel}","templated":true}]}}