{"id":629,"date":"2026-04-11T10:40:32","date_gmt":"2026-04-11T13:40:32","guid":{"rendered":"https:\/\/eventos.ufrrj.br\/isvs-sincvet\/?page_id=629"},"modified":"2026-04-11T11:12:02","modified_gmt":"2026-04-11T14:12:02","slug":"galeria","status":"publish","type":"page","link":"https:\/\/eventos.ufrrj.br\/isvs-sincvet\/galeria\/","title":{"rendered":"SINCVET UFRRJ | Galeria"},"content":{"rendered":"\n<div style=\"height:80px\" aria-hidden=\"true\" class=\"wp-block-spacer\"><\/div>\n\n\n\n<p class=\"has-text-align-center has-text-color has-link-color wp-elements-20df5e25ef2b57165316527e18dc7b74\" style=\"color:#578a5a;font-size:16px;text-transform:uppercase\"><strong>GALERIA DE FOTOS<\/strong><\/p>\n\n\n\n<h1 class=\"wp-block-heading has-text-align-center has-text-color has-link-color wp-elements-fecd5a4cc2aaf26100a663c35931ad5b\" style=\"color:#084014;font-size:42px;font-style:normal;font-weight:700\">Veja os melhores momentos das edi\u00e7\u00f5es anteriores do SINCVET<\/h1>\n\n\n\n<p class=\"has-text-align-center\" style=\"font-size:20px;font-style:italic;font-weight:400\">Palestras, apresenta\u00e7\u00f5es, campus, participantes e registros visuais que contam a hist\u00f3ria do evento.<br><\/p>\n\n\n\n<div class=\"wp-block-group\"><div class=\"wp-block-group__inner-container is-layout-constrained wp-block-group-is-layout-constrained\">\n<div style=\"height:30px\" aria-hidden=\"true\" class=\"wp-block-spacer\"><\/div>\n\n\n\n<hr class=\"wp-block-separator has-text-color has-alpha-channel-opacity has-background is-style-wide\" style=\"background-color:#ededed;color:#ededed\" \/>\n\n\n\n<div style=\"height:30px\" aria-hidden=\"true\" class=\"wp-block-spacer\"><\/div>\n<\/div><\/div>\n\n\n\n<div style=\"height:60px\" aria-hidden=\"true\" class=\"wp-block-spacer\"><\/div>\n\n\n\n<p class=\"has-text-align-center has-text-color has-link-color wp-elements-d089334706bce6992324552034a4535f\" style=\"color:#578a5a;font-size:16px;text-transform:uppercase\"><strong><strong>edi\u00e7\u00e3o 2025<\/strong><\/strong><\/p>\n\n\n\n<div style=\"height:30px\" aria-hidden=\"true\" class=\"wp-block-spacer\"><\/div>\n\n\n\n<figure class=\"wp-block-gallery has-nested-images columns-default is-cropped wp-block-gallery-1 is-layout-flex wp-block-gallery-is-layout-flex\">\n<figure class=\"wp-block-image size-large\"><img loading=\"lazy\" decoding=\"async\" width=\"1024\" height=\"683\" data-id=\"638\" src=\"https:\/\/eventos.ufrrj.br\/isvs-sincvet\/files\/2026\/04\/AD4A3091-1024x683.jpg\" alt=\"\" class=\"wp-image-638\" srcset=\"https:\/\/eventos.ufrrj.br\/isvs-sincvet\/files\/2026\/04\/AD4A3091-1024x683.jpg 1024w, https:\/\/eventos.ufrrj.br\/isvs-sincvet\/files\/2026\/04\/AD4A3091-300x200.jpg 300w, https:\/\/eventos.ufrrj.br\/isvs-sincvet\/files\/2026\/04\/AD4A3091-768x512.jpg 768w, https:\/\/eventos.ufrrj.br\/isvs-sincvet\/files\/2026\/04\/AD4A3091-1536x1024.jpg 1536w, https:\/\/eventos.ufrrj.br\/isvs-sincvet\/files\/2026\/04\/AD4A3091.jpg 2048w\" sizes=\"auto, (max-width: 1024px) 100vw, 1024px\" \/><\/figure>\n\n\n\n<figure class=\"wp-block-image size-large\"><img loading=\"lazy\" decoding=\"async\" width=\"1024\" height=\"683\" data-id=\"636\" src=\"https:\/\/eventos.ufrrj.br\/isvs-sincvet\/files\/2026\/04\/AD4A2777-1024x683.jpg\" alt=\"\" class=\"wp-image-636\" srcset=\"https:\/\/eventos.ufrrj.br\/isvs-sincvet\/files\/2026\/04\/AD4A2777-1024x683.jpg 1024w, https:\/\/eventos.ufrrj.br\/isvs-sincvet\/files\/2026\/04\/AD4A2777-300x200.jpg 300w, https:\/\/eventos.ufrrj.br\/isvs-sincvet\/files\/2026\/04\/AD4A2777-768x512.jpg 768w, https:\/\/eventos.ufrrj.br\/isvs-sincvet\/files\/2026\/04\/AD4A2777-1536x1024.jpg 1536w, https:\/\/eventos.ufrrj.br\/isvs-sincvet\/files\/2026\/04\/AD4A2777.jpg 2048w\" sizes=\"auto, (max-width: 1024px) 100vw, 1024px\" \/><\/figure>\n\n\n\n<figure class=\"wp-block-image size-large\"><img loading=\"lazy\" decoding=\"async\" width=\"1024\" height=\"683\" data-id=\"642\" src=\"https:\/\/eventos.ufrrj.br\/isvs-sincvet\/files\/2026\/04\/AD4A3447-1024x683.jpg\" alt=\"\" class=\"wp-image-642\" srcset=\"https:\/\/eventos.ufrrj.br\/isvs-sincvet\/files\/2026\/04\/AD4A3447-1024x683.jpg 1024w, https:\/\/eventos.ufrrj.br\/isvs-sincvet\/files\/2026\/04\/AD4A3447-300x200.jpg 300w, https:\/\/eventos.ufrrj.br\/isvs-sincvet\/files\/2026\/04\/AD4A3447-768x512.jpg 768w, https:\/\/eventos.ufrrj.br\/isvs-sincvet\/files\/2026\/04\/AD4A3447-1536x1024.jpg 1536w, https:\/\/eventos.ufrrj.br\/isvs-sincvet\/files\/2026\/04\/AD4A3447.jpg 2048w\" sizes=\"auto, (max-width: 1024px) 100vw, 1024px\" \/><\/figure>\n\n\n\n<figure class=\"wp-block-image size-large\"><img loading=\"lazy\" decoding=\"async\" width=\"683\" height=\"1024\" data-id=\"633\" src=\"https:\/\/eventos.ufrrj.br\/isvs-sincvet\/files\/2026\/04\/AD4A3461-683x1024.jpg\" alt=\"\" class=\"wp-image-633\" srcset=\"https:\/\/eventos.ufrrj.br\/isvs-sincvet\/files\/2026\/04\/AD4A3461-683x1024.jpg 683w, https:\/\/eventos.ufrrj.br\/isvs-sincvet\/files\/2026\/04\/AD4A3461-200x300.jpg 200w, https:\/\/eventos.ufrrj.br\/isvs-sincvet\/files\/2026\/04\/AD4A3461-768x1152.jpg 768w, https:\/\/eventos.ufrrj.br\/isvs-sincvet\/files\/2026\/04\/AD4A3461-1024x1536.jpg 1024w, https:\/\/eventos.ufrrj.br\/isvs-sincvet\/files\/2026\/04\/AD4A3461.jpg 1365w\" sizes=\"auto, (max-width: 683px) 100vw, 683px\" \/><\/figure>\n\n\n\n<figure class=\"wp-block-image size-large\"><img loading=\"lazy\" decoding=\"async\" width=\"1024\" height=\"683\" data-id=\"634\" src=\"https:\/\/eventos.ufrrj.br\/isvs-sincvet\/files\/2026\/04\/AD4A3483-1024x683.jpg\" alt=\"\" class=\"wp-image-634\" srcset=\"https:\/\/eventos.ufrrj.br\/isvs-sincvet\/files\/2026\/04\/AD4A3483-1024x683.jpg 1024w, https:\/\/eventos.ufrrj.br\/isvs-sincvet\/files\/2026\/04\/AD4A3483-300x200.jpg 300w, https:\/\/eventos.ufrrj.br\/isvs-sincvet\/files\/2026\/04\/AD4A3483-768x512.jpg 768w, https:\/\/eventos.ufrrj.br\/isvs-sincvet\/files\/2026\/04\/AD4A3483-1536x1024.jpg 1536w, https:\/\/eventos.ufrrj.br\/isvs-sincvet\/files\/2026\/04\/AD4A3483.jpg 2048w\" sizes=\"auto, (max-width: 1024px) 100vw, 1024px\" \/><\/figure>\n\n\n\n<figure class=\"wp-block-image size-large\"><img loading=\"lazy\" decoding=\"async\" width=\"1024\" height=\"683\" data-id=\"637\" src=\"https:\/\/eventos.ufrrj.br\/isvs-sincvet\/files\/2026\/04\/AD4A3831-1024x683.jpg\" alt=\"\" class=\"wp-image-637\" srcset=\"https:\/\/eventos.ufrrj.br\/isvs-sincvet\/files\/2026\/04\/AD4A3831-1024x683.jpg 1024w, https:\/\/eventos.ufrrj.br\/isvs-sincvet\/files\/2026\/04\/AD4A3831-300x200.jpg 300w, https:\/\/eventos.ufrrj.br\/isvs-sincvet\/files\/2026\/04\/AD4A3831-768x512.jpg 768w, https:\/\/eventos.ufrrj.br\/isvs-sincvet\/files\/2026\/04\/AD4A3831-1536x1024.jpg 1536w, https:\/\/eventos.ufrrj.br\/isvs-sincvet\/files\/2026\/04\/AD4A3831.jpg 2048w\" sizes=\"auto, (max-width: 1024px) 100vw, 1024px\" \/><\/figure>\n\n\n\n<figure class=\"wp-block-image size-large\"><img loading=\"lazy\" decoding=\"async\" width=\"1024\" height=\"683\" data-id=\"635\" src=\"https:\/\/eventos.ufrrj.br\/isvs-sincvet\/files\/2026\/04\/AD4A3844-1024x683.jpg\" alt=\"\" class=\"wp-image-635\" srcset=\"https:\/\/eventos.ufrrj.br\/isvs-sincvet\/files\/2026\/04\/AD4A3844-1024x683.jpg 1024w, https:\/\/eventos.ufrrj.br\/isvs-sincvet\/files\/2026\/04\/AD4A3844-300x200.jpg 300w, https:\/\/eventos.ufrrj.br\/isvs-sincvet\/files\/2026\/04\/AD4A3844-768x512.jpg 768w, https:\/\/eventos.ufrrj.br\/isvs-sincvet\/files\/2026\/04\/AD4A3844-1536x1024.jpg 1536w, https:\/\/eventos.ufrrj.br\/isvs-sincvet\/files\/2026\/04\/AD4A3844.jpg 2048w\" sizes=\"auto, (max-width: 1024px) 100vw, 1024px\" \/><\/figure>\n\n\n\n<figure class=\"wp-block-image size-large\"><img loading=\"lazy\" decoding=\"async\" width=\"1024\" height=\"683\" data-id=\"646\" src=\"https:\/\/eventos.ufrrj.br\/isvs-sincvet\/files\/2026\/04\/AD4A3849-1024x683.jpg\" alt=\"\" class=\"wp-image-646\" srcset=\"https:\/\/eventos.ufrrj.br\/isvs-sincvet\/files\/2026\/04\/AD4A3849-1024x683.jpg 1024w, https:\/\/eventos.ufrrj.br\/isvs-sincvet\/files\/2026\/04\/AD4A3849-300x200.jpg 300w, https:\/\/eventos.ufrrj.br\/isvs-sincvet\/files\/2026\/04\/AD4A3849-768x512.jpg 768w, https:\/\/eventos.ufrrj.br\/isvs-sincvet\/files\/2026\/04\/AD4A3849-1536x1024.jpg 1536w, https:\/\/eventos.ufrrj.br\/isvs-sincvet\/files\/2026\/04\/AD4A3849.jpg 2048w\" sizes=\"auto, (max-width: 1024px) 100vw, 1024px\" \/><\/figure>\n\n\n\n<figure class=\"wp-block-image size-large\"><img loading=\"lazy\" decoding=\"async\" width=\"1024\" height=\"683\" data-id=\"639\" src=\"https:\/\/eventos.ufrrj.br\/isvs-sincvet\/files\/2026\/04\/AD4A3871-1024x683.jpg\" alt=\"\" class=\"wp-image-639\" srcset=\"https:\/\/eventos.ufrrj.br\/isvs-sincvet\/files\/2026\/04\/AD4A3871-1024x683.jpg 1024w, https:\/\/eventos.ufrrj.br\/isvs-sincvet\/files\/2026\/04\/AD4A3871-300x200.jpg 300w, https:\/\/eventos.ufrrj.br\/isvs-sincvet\/files\/2026\/04\/AD4A3871-768x512.jpg 768w, https:\/\/eventos.ufrrj.br\/isvs-sincvet\/files\/2026\/04\/AD4A3871-1536x1024.jpg 1536w, https:\/\/eventos.ufrrj.br\/isvs-sincvet\/files\/2026\/04\/AD4A3871.jpg 2048w\" sizes=\"auto, (max-width: 1024px) 100vw, 1024px\" \/><\/figure>\n\n\n\n<figure class=\"wp-block-image size-large\"><img loading=\"lazy\" decoding=\"async\" width=\"1024\" height=\"683\" data-id=\"644\" src=\"https:\/\/eventos.ufrrj.br\/isvs-sincvet\/files\/2026\/04\/AD4A3874-1024x683.jpg\" alt=\"\" class=\"wp-image-644\" srcset=\"https:\/\/eventos.ufrrj.br\/isvs-sincvet\/files\/2026\/04\/AD4A3874-1024x683.jpg 1024w, https:\/\/eventos.ufrrj.br\/isvs-sincvet\/files\/2026\/04\/AD4A3874-300x200.jpg 300w, https:\/\/eventos.ufrrj.br\/isvs-sincvet\/files\/2026\/04\/AD4A3874-768x512.jpg 768w, https:\/\/eventos.ufrrj.br\/isvs-sincvet\/files\/2026\/04\/AD4A3874-1536x1024.jpg 1536w, https:\/\/eventos.ufrrj.br\/isvs-sincvet\/files\/2026\/04\/AD4A3874.jpg 2048w\" sizes=\"auto, (max-width: 1024px) 100vw, 1024px\" \/><\/figure>\n\n\n\n<figure class=\"wp-block-image size-large\"><img loading=\"lazy\" decoding=\"async\" width=\"1024\" height=\"683\" data-id=\"645\" src=\"https:\/\/eventos.ufrrj.br\/isvs-sincvet\/files\/2026\/04\/AD4A3881-1024x683.jpg\" alt=\"\" class=\"wp-image-645\" srcset=\"https:\/\/eventos.ufrrj.br\/isvs-sincvet\/files\/2026\/04\/AD4A3881-1024x683.jpg 1024w, https:\/\/eventos.ufrrj.br\/isvs-sincvet\/files\/2026\/04\/AD4A3881-300x200.jpg 300w, https:\/\/eventos.ufrrj.br\/isvs-sincvet\/files\/2026\/04\/AD4A3881-768x512.jpg 768w, https:\/\/eventos.ufrrj.br\/isvs-sincvet\/files\/2026\/04\/AD4A3881-1536x1024.jpg 1536w, https:\/\/eventos.ufrrj.br\/isvs-sincvet\/files\/2026\/04\/AD4A3881.jpg 2048w\" sizes=\"auto, (max-width: 1024px) 100vw, 1024px\" \/><\/figure>\n\n\n\n<figure class=\"wp-block-image size-large\"><img loading=\"lazy\" decoding=\"async\" width=\"1024\" height=\"683\" data-id=\"640\" src=\"https:\/\/eventos.ufrrj.br\/isvs-sincvet\/files\/2026\/04\/AD4A3886-1024x683.jpg\" alt=\"\" class=\"wp-image-640\" srcset=\"https:\/\/eventos.ufrrj.br\/isvs-sincvet\/files\/2026\/04\/AD4A3886-1024x683.jpg 1024w, https:\/\/eventos.ufrrj.br\/isvs-sincvet\/files\/2026\/04\/AD4A3886-300x200.jpg 300w, https:\/\/eventos.ufrrj.br\/isvs-sincvet\/files\/2026\/04\/AD4A3886-768x512.jpg 768w, https:\/\/eventos.ufrrj.br\/isvs-sincvet\/files\/2026\/04\/AD4A3886-1536x1024.jpg 1536w, https:\/\/eventos.ufrrj.br\/isvs-sincvet\/files\/2026\/04\/AD4A3886.jpg 2048w\" sizes=\"auto, (max-width: 1024px) 100vw, 1024px\" \/><\/figure>\n\n\n\n<figure class=\"wp-block-image size-large\"><img loading=\"lazy\" decoding=\"async\" width=\"1024\" height=\"683\" data-id=\"641\" src=\"https:\/\/eventos.ufrrj.br\/isvs-sincvet\/files\/2026\/04\/AD4A3892-1024x683.jpg\" alt=\"\" class=\"wp-image-641\" srcset=\"https:\/\/eventos.ufrrj.br\/isvs-sincvet\/files\/2026\/04\/AD4A3892-1024x683.jpg 1024w, https:\/\/eventos.ufrrj.br\/isvs-sincvet\/files\/2026\/04\/AD4A3892-300x200.jpg 300w, https:\/\/eventos.ufrrj.br\/isvs-sincvet\/files\/2026\/04\/AD4A3892-768x512.jpg 768w, https:\/\/eventos.ufrrj.br\/isvs-sincvet\/files\/2026\/04\/AD4A3892-1536x1024.jpg 1536w, https:\/\/eventos.ufrrj.br\/isvs-sincvet\/files\/2026\/04\/AD4A3892.jpg 2048w\" sizes=\"auto, (max-width: 1024px) 100vw, 1024px\" \/><\/figure>\n\n\n\n<figure class=\"wp-block-image size-large\"><img loading=\"lazy\" decoding=\"async\" width=\"1024\" height=\"683\" data-id=\"647\" src=\"https:\/\/eventos.ufrrj.br\/isvs-sincvet\/files\/2026\/04\/AD4A3899-1024x683.jpg\" alt=\"\" class=\"wp-image-647\" srcset=\"https:\/\/eventos.ufrrj.br\/isvs-sincvet\/files\/2026\/04\/AD4A3899-1024x683.jpg 1024w, https:\/\/eventos.ufrrj.br\/isvs-sincvet\/files\/2026\/04\/AD4A3899-300x200.jpg 300w, https:\/\/eventos.ufrrj.br\/isvs-sincvet\/files\/2026\/04\/AD4A3899-768x512.jpg 768w, https:\/\/eventos.ufrrj.br\/isvs-sincvet\/files\/2026\/04\/AD4A3899-1536x1024.jpg 1536w, https:\/\/eventos.ufrrj.br\/isvs-sincvet\/files\/2026\/04\/AD4A3899.jpg 2048w\" sizes=\"auto, (max-width: 1024px) 100vw, 1024px\" \/><\/figure>\n\n\n\n<figure class=\"wp-block-image size-large\"><img loading=\"lazy\" decoding=\"async\" width=\"1024\" height=\"683\" data-id=\"643\" src=\"https:\/\/eventos.ufrrj.br\/isvs-sincvet\/files\/2026\/04\/AD4A3904-1024x683.jpg\" alt=\"\" class=\"wp-image-643\" srcset=\"https:\/\/eventos.ufrrj.br\/isvs-sincvet\/files\/2026\/04\/AD4A3904-1024x683.jpg 1024w, https:\/\/eventos.ufrrj.br\/isvs-sincvet\/files\/2026\/04\/AD4A3904-300x200.jpg 300w, https:\/\/eventos.ufrrj.br\/isvs-sincvet\/files\/2026\/04\/AD4A3904-768x512.jpg 768w, https:\/\/eventos.ufrrj.br\/isvs-sincvet\/files\/2026\/04\/AD4A3904-1536x1024.jpg 1536w, https:\/\/eventos.ufrrj.br\/isvs-sincvet\/files\/2026\/04\/AD4A3904.jpg 2048w\" sizes=\"auto, (max-width: 1024px) 100vw, 1024px\" \/><\/figure>\n\n\n\n<figure class=\"wp-block-image size-large\"><img loading=\"lazy\" decoding=\"async\" width=\"1024\" height=\"683\" data-id=\"648\" src=\"https:\/\/eventos.ufrrj.br\/isvs-sincvet\/files\/2026\/04\/AD4A3906-1024x683.jpg\" alt=\"\" class=\"wp-image-648\" srcset=\"https:\/\/eventos.ufrrj.br\/isvs-sincvet\/files\/2026\/04\/AD4A3906-1024x683.jpg 1024w, https:\/\/eventos.ufrrj.br\/isvs-sincvet\/files\/2026\/04\/AD4A3906-300x200.jpg 300w, https:\/\/eventos.ufrrj.br\/isvs-sincvet\/files\/2026\/04\/AD4A3906-768x512.jpg 768w, https:\/\/eventos.ufrrj.br\/isvs-sincvet\/files\/2026\/04\/AD4A3906-1536x1024.jpg 1536w, https:\/\/eventos.ufrrj.br\/isvs-sincvet\/files\/2026\/04\/AD4A3906.jpg 2048w\" sizes=\"auto, (max-width: 1024px) 100vw, 1024px\" \/><\/figure>\n\n\n\n<figure class=\"wp-block-image size-large\"><img loading=\"lazy\" decoding=\"async\" width=\"1024\" height=\"683\" data-id=\"649\" src=\"https:\/\/eventos.ufrrj.br\/isvs-sincvet\/files\/2026\/04\/AD4A3912-1024x683.jpg\" alt=\"\" class=\"wp-image-649\" srcset=\"https:\/\/eventos.ufrrj.br\/isvs-sincvet\/files\/2026\/04\/AD4A3912-1024x683.jpg 1024w, https:\/\/eventos.ufrrj.br\/isvs-sincvet\/files\/2026\/04\/AD4A3912-300x200.jpg 300w, https:\/\/eventos.ufrrj.br\/isvs-sincvet\/files\/2026\/04\/AD4A3912-768x512.jpg 768w, https:\/\/eventos.ufrrj.br\/isvs-sincvet\/files\/2026\/04\/AD4A3912-1536x1024.jpg 1536w, https:\/\/eventos.ufrrj.br\/isvs-sincvet\/files\/2026\/04\/AD4A3912.jpg 2048w\" sizes=\"auto, (max-width: 1024px) 100vw, 1024px\" \/><\/figure>\n\n\n\n<figure class=\"wp-block-image size-large\"><img loading=\"lazy\" decoding=\"async\" width=\"1024\" height=\"683\" data-id=\"654\" src=\"https:\/\/eventos.ufrrj.br\/isvs-sincvet\/files\/2026\/04\/AD4A3914-1024x683.jpg\" alt=\"\" class=\"wp-image-654\" srcset=\"https:\/\/eventos.ufrrj.br\/isvs-sincvet\/files\/2026\/04\/AD4A3914-1024x683.jpg 1024w, https:\/\/eventos.ufrrj.br\/isvs-sincvet\/files\/2026\/04\/AD4A3914-300x200.jpg 300w, https:\/\/eventos.ufrrj.br\/isvs-sincvet\/files\/2026\/04\/AD4A3914-768x512.jpg 768w, https:\/\/eventos.ufrrj.br\/isvs-sincvet\/files\/2026\/04\/AD4A3914-1536x1024.jpg 1536w, https:\/\/eventos.ufrrj.br\/isvs-sincvet\/files\/2026\/04\/AD4A3914.jpg 2048w\" sizes=\"auto, (max-width: 1024px) 100vw, 1024px\" \/><\/figure>\n\n\n\n<figure class=\"wp-block-image size-large\"><img loading=\"lazy\" decoding=\"async\" width=\"1024\" height=\"683\" data-id=\"650\" src=\"https:\/\/eventos.ufrrj.br\/isvs-sincvet\/files\/2026\/04\/AD4A3918-1024x683.jpg\" alt=\"\" class=\"wp-image-650\" srcset=\"https:\/\/eventos.ufrrj.br\/isvs-sincvet\/files\/2026\/04\/AD4A3918-1024x683.jpg 1024w, https:\/\/eventos.ufrrj.br\/isvs-sincvet\/files\/2026\/04\/AD4A3918-300x200.jpg 300w, https:\/\/eventos.ufrrj.br\/isvs-sincvet\/files\/2026\/04\/AD4A3918-768x512.jpg 768w, https:\/\/eventos.ufrrj.br\/isvs-sincvet\/files\/2026\/04\/AD4A3918-1536x1024.jpg 1536w, https:\/\/eventos.ufrrj.br\/isvs-sincvet\/files\/2026\/04\/AD4A3918.jpg 2048w\" sizes=\"auto, (max-width: 1024px) 100vw, 1024px\" \/><\/figure>\n\n\n\n<figure class=\"wp-block-image size-large\"><img loading=\"lazy\" decoding=\"async\" width=\"683\" height=\"1024\" data-id=\"652\" src=\"https:\/\/eventos.ufrrj.br\/isvs-sincvet\/files\/2026\/04\/AD4A3972-683x1024.jpg\" alt=\"\" class=\"wp-image-652\" srcset=\"https:\/\/eventos.ufrrj.br\/isvs-sincvet\/files\/2026\/04\/AD4A3972-683x1024.jpg 683w, https:\/\/eventos.ufrrj.br\/isvs-sincvet\/files\/2026\/04\/AD4A3972-200x300.jpg 200w, https:\/\/eventos.ufrrj.br\/isvs-sincvet\/files\/2026\/04\/AD4A3972-768x1152.jpg 768w, https:\/\/eventos.ufrrj.br\/isvs-sincvet\/files\/2026\/04\/AD4A3972-1024x1536.jpg 1024w, https:\/\/eventos.ufrrj.br\/isvs-sincvet\/files\/2026\/04\/AD4A3972.jpg 1365w\" sizes=\"auto, (max-width: 683px) 100vw, 683px\" \/><\/figure>\n\n\n\n<figure class=\"wp-block-image size-large\"><img loading=\"lazy\" decoding=\"async\" width=\"1024\" height=\"683\" data-id=\"655\" src=\"https:\/\/eventos.ufrrj.br\/isvs-sincvet\/files\/2026\/04\/AD4A2154-1024x683.jpg\" alt=\"\" class=\"wp-image-655\" srcset=\"https:\/\/eventos.ufrrj.br\/isvs-sincvet\/files\/2026\/04\/AD4A2154-1024x683.jpg 1024w, https:\/\/eventos.ufrrj.br\/isvs-sincvet\/files\/2026\/04\/AD4A2154-300x200.jpg 300w, https:\/\/eventos.ufrrj.br\/isvs-sincvet\/files\/2026\/04\/AD4A2154-768x512.jpg 768w, https:\/\/eventos.ufrrj.br\/isvs-sincvet\/files\/2026\/04\/AD4A2154-1536x1024.jpg 1536w, https:\/\/eventos.ufrrj.br\/isvs-sincvet\/files\/2026\/04\/AD4A2154.jpg 2048w\" sizes=\"auto, (max-width: 1024px) 100vw, 1024px\" \/><\/figure>\n\n\n\n<figure class=\"wp-block-image size-large\"><img loading=\"lazy\" decoding=\"async\" width=\"1024\" height=\"683\" data-id=\"656\" src=\"https:\/\/eventos.ufrrj.br\/isvs-sincvet\/files\/2026\/04\/AD4A2133-1-1024x683.jpg\" alt=\"\" class=\"wp-image-656\" srcset=\"https:\/\/eventos.ufrrj.br\/isvs-sincvet\/files\/2026\/04\/AD4A2133-1-1024x683.jpg 1024w, https:\/\/eventos.ufrrj.br\/isvs-sincvet\/files\/2026\/04\/AD4A2133-1-300x200.jpg 300w, https:\/\/eventos.ufrrj.br\/isvs-sincvet\/files\/2026\/04\/AD4A2133-1-768x512.jpg 768w, https:\/\/eventos.ufrrj.br\/isvs-sincvet\/files\/2026\/04\/AD4A2133-1-1536x1024.jpg 1536w, https:\/\/eventos.ufrrj.br\/isvs-sincvet\/files\/2026\/04\/AD4A2133-1.jpg 2048w\" sizes=\"auto, (max-width: 1024px) 100vw, 1024px\" \/><\/figure>\n\n\n\n<figure class=\"wp-block-image size-large\"><img loading=\"lazy\" decoding=\"async\" width=\"1024\" height=\"683\" data-id=\"653\" src=\"https:\/\/eventos.ufrrj.br\/isvs-sincvet\/files\/2026\/04\/AD4A2085-1024x683.jpg\" alt=\"\" class=\"wp-image-653\" srcset=\"https:\/\/eventos.ufrrj.br\/isvs-sincvet\/files\/2026\/04\/AD4A2085-1024x683.jpg 1024w, https:\/\/eventos.ufrrj.br\/isvs-sincvet\/files\/2026\/04\/AD4A2085-300x200.jpg 300w, https:\/\/eventos.ufrrj.br\/isvs-sincvet\/files\/2026\/04\/AD4A2085-768x512.jpg 768w, https:\/\/eventos.ufrrj.br\/isvs-sincvet\/files\/2026\/04\/AD4A2085-1536x1024.jpg 1536w, https:\/\/eventos.ufrrj.br\/isvs-sincvet\/files\/2026\/04\/AD4A2085.jpg 2048w\" sizes=\"auto, (max-width: 1024px) 100vw, 1024px\" \/><\/figure>\n\n\n\n<figure class=\"wp-block-image size-large\"><img loading=\"lazy\" decoding=\"async\" width=\"1024\" height=\"683\" data-id=\"651\" src=\"https:\/\/eventos.ufrrj.br\/isvs-sincvet\/files\/2026\/04\/AD4A2048-1024x683.jpg\" alt=\"\" class=\"wp-image-651\" srcset=\"https:\/\/eventos.ufrrj.br\/isvs-sincvet\/files\/2026\/04\/AD4A2048-1024x683.jpg 1024w, https:\/\/eventos.ufrrj.br\/isvs-sincvet\/files\/2026\/04\/AD4A2048-300x200.jpg 300w, https:\/\/eventos.ufrrj.br\/isvs-sincvet\/files\/2026\/04\/AD4A2048-768x512.jpg 768w, https:\/\/eventos.ufrrj.br\/isvs-sincvet\/files\/2026\/04\/AD4A2048-1536x1024.jpg 1536w, https:\/\/eventos.ufrrj.br\/isvs-sincvet\/files\/2026\/04\/AD4A2048.jpg 2048w\" sizes=\"auto, (max-width: 1024px) 100vw, 1024px\" \/><\/figure>\n\n\n\n<figure class=\"wp-block-image size-large\"><img loading=\"lazy\" decoding=\"async\" width=\"1024\" height=\"683\" data-id=\"657\" src=\"https:\/\/eventos.ufrrj.br\/isvs-sincvet\/files\/2026\/04\/AD4A1779-1-1024x683.jpg\" alt=\"\" class=\"wp-image-657\" srcset=\"https:\/\/eventos.ufrrj.br\/isvs-sincvet\/files\/2026\/04\/AD4A1779-1-1024x683.jpg 1024w, https:\/\/eventos.ufrrj.br\/isvs-sincvet\/files\/2026\/04\/AD4A1779-1-300x200.jpg 300w, https:\/\/eventos.ufrrj.br\/isvs-sincvet\/files\/2026\/04\/AD4A1779-1-768x512.jpg 768w, https:\/\/eventos.ufrrj.br\/isvs-sincvet\/files\/2026\/04\/AD4A1779-1-1536x1024.jpg 1536w, https:\/\/eventos.ufrrj.br\/isvs-sincvet\/files\/2026\/04\/AD4A1779-1.jpg 2048w\" sizes=\"auto, (max-width: 1024px) 100vw, 1024px\" \/><\/figure>\n<\/figure>\n\n\n\n<div style=\"height:60px\" aria-hidden=\"true\" class=\"wp-block-spacer\"><\/div>\n\n\n\n<div style=\"height:60px\" aria-hidden=\"true\" class=\"wp-block-spacer\"><\/div>\n\n\n\n<p><\/p>\n","protected":false},"excerpt":{"rendered":"<p>GALERIA DE FOTOS Veja os melhores momentos das edi\u00e7\u00f5es anteriores do SINCVET Palestras, apresenta\u00e7\u00f5es, campus, participantes e registros visuais que <a class=\"read-more\" href=\"https:\/\/eventos.ufrrj.br\/isvs-sincvet\/galeria\/ \">&#8230; <i class=\"fa fa-long-arrow-right\"><\/i><\/a><\/p>\n","protected":false},"author":42,"featured_media":0,"parent":0,"menu_order":0,"comment_status":"closed","ping_status":"closed","template":"","meta":{"footnotes":""},"class_list":["post-629","page","type-page","status-publish","hentry"],"_links":{"self":[{"href":"https:\/\/eventos.ufrrj.br\/isvs-sincvet\/wp-json\/wp\/v2\/pages\/629","targetHints":{"allow":["GET"]}}],"collection":[{"href":"https:\/\/eventos.ufrrj.br\/isvs-sincvet\/wp-json\/wp\/v2\/pages"}],"about":[{"href":"https:\/\/eventos.ufrrj.br\/isvs-sincvet\/wp-json\/wp\/v2\/types\/page"}],"author":[{"embeddable":true,"href":"https:\/\/eventos.ufrrj.br\/isvs-sincvet\/wp-json\/wp\/v2\/users\/42"}],"replies":[{"embeddable":true,"href":"https:\/\/eventos.ufrrj.br\/isvs-sincvet\/wp-json\/wp\/v2\/comments?post=629"}],"version-history":[{"count":3,"href":"https:\/\/eventos.ufrrj.br\/isvs-sincvet\/wp-json\/wp\/v2\/pages\/629\/revisions"}],"predecessor-version":[{"id":658,"href":"https:\/\/eventos.ufrrj.br\/isvs-sincvet\/wp-json\/wp\/v2\/pages\/629\/revisions\/658"}],"wp:attachment":[{"href":"https:\/\/eventos.ufrrj.br\/isvs-sincvet\/wp-json\/wp\/v2\/media?parent=629"}],"curies":[{"name":"wp","href":"https:\/\/api.w.org\/{rel}","templated":true}]}}