{"id":48,"date":"2018-02-20T16:29:44","date_gmt":"2018-02-20T19:29:44","guid":{"rendered":"http:\/\/eventos.ufrrj.br\/forumafbeh\/?page_id=48"},"modified":"2018-02-20T19:10:18","modified_gmt":"2018-02-20T22:10:18","slug":"normas-para-apresentacao","status":"publish","type":"page","link":"https:\/\/eventos.ufrrj.br\/forumafbeh\/normas-para-apresentacao\/","title":{"rendered":"Normas para Apresenta\u00e7\u00e3o"},"content":{"rendered":"<h2><strong>Normas apresenta\u00e7\u00e3o por p\u00f4ster<\/strong><\/h2>\n<p style=\"padding-left: 30px\">1. O p\u00f4ster dever\u00e1 ser confeccionado com dimens\u00f5es de 1,20m (altura) x 0,90m (largura);<\/p>\n<p style=\"padding-left: 30px\">2. O texto do p\u00f4ster e as imagens dispon\u00edveis (figuras, fotografias, tabelas e gr\u00e1ficos) devem ser leg\u00edveis para que o leitor consiga visualiz\u00e1-los;<\/p>\n<p style=\"padding-left: 30px\">3. No p\u00f4ster devem constar as seguintes informa\u00e7\u00f5es em destaque: t\u00edtulo, nomes dos autores, institui\u00e7\u00e3o, cidade, contato, fonte de financiamento, se houver, introdu\u00e7\u00e3o e objetivo, metodologia, resultados e discuss\u00e3o, conclus\u00f5es e refer\u00eancias;<\/p>\n<p style=\"padding-left: 30px\">4. O t\u00edtulo do trabalho no p\u00f4ster dever\u00e1 ser igual ao t\u00edtulo do resumo submetido e\/ou finalmente aprovado pelo Comit\u00ea Cient\u00edfico;<\/p>\n<p style=\"padding-left: 30px\">5. Os p\u00f4steres que n\u00e3o se enquadrarem nas normas n\u00e3o concorreram ao pr\u00eamio de melhores trabalhos;<\/p>\n<p style=\"padding-left: 30px\">\u00a06. A montagem e desmontagem do p\u00f4ster ser\u00e3o de responsabilidade exclusiva do autor do trabalho;<\/p>\n<p style=\"padding-left: 30px\">\u00a07. A montagem do p\u00f4ster somente poder\u00e1 ser realizada no espa\u00e7o indicado pela organiza\u00e7\u00e3o do congresso;<\/p>\n<p style=\"padding-left: 30px\">8. O local e data de apresenta\u00e7\u00e3o ser\u00e3o disponibilizados via e-mail para o autor;<\/p>\n<p style=\"padding-left: 30px\">9. Os autores s\u00e3o respons\u00e1veis pelo material e conte\u00fado exibido nos p\u00f4steres.<\/p>\n<p><a href=\"https:\/\/drive.google.com\/open?id=1PA3UHbNw0CmLKqkXLuVqLDQsveq9I39o\" target=\"_blank\" rel=\"noopener\">Link para o Modelo de Apresenta\u00e7\u00e3o Formato P\u00f4ster<\/a><\/p>\n<p>&nbsp;<\/p>\n<h2><strong>Normas apresenta\u00e7\u00e3o oral<\/strong><\/h2>\n<p>Cada expositor ter\u00e1 10 minutos para apresentar sua exposi\u00e7\u00e3o e 5 minutos para perguntas e respostas. A apresenta\u00e7\u00e3o dos trabalhos orais dever\u00e1 seguir as seguintes normas:<\/p>\n<p style=\"padding-left: 30px\">1. Salvos em arquivo de extens\u00e3o \u201cppt.\u201d ou \u201cpptx.\u201d.<\/p>\n<p style=\"padding-left: 30px\">2. Entregues a comiss\u00e3o organizadora com 20 minutos de anteced\u00eancia ao in\u00edcio das apresenta\u00e7\u00f5es do per\u00edodo.<\/p>\n<p style=\"padding-left: 30px\">3. O t\u00edtulo do arquivo deve seguir este exemplo: \u201cNomedoautor_Nomedoresumo\u201d<\/p>\n<p style=\"padding-left: 30px\">4. No arquivo devem constar as seguintes informa\u00e7\u00f5es em destaque: t\u00edtulo, nomes dos autores, institui\u00e7\u00e3o, cidade, contato, fonte de financiamento, se houver, introdu\u00e7\u00e3o e objetivo, metodologia, resultados e discuss\u00e3o, conclus\u00f5es e refer\u00eancias;<\/p>\n<p style=\"padding-left: 30px\">5. O t\u00edtulo do trabalho dever\u00e1 ser igual ao t\u00edtulo do resumo submetido e\/ou finalmente aprovado pelo Comit\u00ea Cient\u00edfico;<\/p>\n<p style=\"padding-left: 30px\">6. O local e data de apresenta\u00e7\u00e3o ser\u00e3o disponibilizados via e-mail para o autor;<\/p>\n<p style=\"padding-left: 30px\">7. Os autores s\u00e3o respons\u00e1veis pelo material e conte\u00fado exibido no slide.<\/p>\n<p>&nbsp;<\/p>\n<p><a href=\"https:\/\/drive.google.com\/open?id=1JBzF3_lbgnmuhAeYpYVFG8LiHUc3y3Hj\" target=\"_blank\" rel=\"noopener\">Link para o Modelo de Apresenta\u00e7\u00e3o Oral<\/a><\/p>\n","protected":false},"excerpt":{"rendered":"<p>Normas apresenta\u00e7\u00e3o por p\u00f4ster 1. O p\u00f4ster dever\u00e1 ser confeccionado com dimens\u00f5es de 1,20m (altura) x 0,90m (largura); 2. O <a class=\"read-more\" href=\"https:\/\/eventos.ufrrj.br\/forumafbeh\/normas-para-apresentacao\/ \">&#8230; <i class=\"fa fa-long-arrow-right\"><\/i><\/a><\/p>\n","protected":false},"author":37,"featured_media":0,"parent":0,"menu_order":0,"comment_status":"closed","ping_status":"closed","template":"","meta":{"footnotes":""},"class_list":["post-48","page","type-page","status-publish","hentry"],"_links":{"self":[{"href":"https:\/\/eventos.ufrrj.br\/forumafbeh\/wp-json\/wp\/v2\/pages\/48","targetHints":{"allow":["GET"]}}],"collection":[{"href":"https:\/\/eventos.ufrrj.br\/forumafbeh\/wp-json\/wp\/v2\/pages"}],"about":[{"href":"https:\/\/eventos.ufrrj.br\/forumafbeh\/wp-json\/wp\/v2\/types\/page"}],"author":[{"embeddable":true,"href":"https:\/\/eventos.ufrrj.br\/forumafbeh\/wp-json\/wp\/v2\/users\/37"}],"replies":[{"embeddable":true,"href":"https:\/\/eventos.ufrrj.br\/forumafbeh\/wp-json\/wp\/v2\/comments?post=48"}],"version-history":[{"count":9,"href":"https:\/\/eventos.ufrrj.br\/forumafbeh\/wp-json\/wp\/v2\/pages\/48\/revisions"}],"predecessor-version":[{"id":72,"href":"https:\/\/eventos.ufrrj.br\/forumafbeh\/wp-json\/wp\/v2\/pages\/48\/revisions\/72"}],"wp:attachment":[{"href":"https:\/\/eventos.ufrrj.br\/forumafbeh\/wp-json\/wp\/v2\/media?parent=48"}],"curies":[{"name":"wp","href":"https:\/\/api.w.org\/{rel}","templated":true}]}}