{"id":29,"date":"2018-02-20T03:03:58","date_gmt":"2018-02-20T06:03:58","guid":{"rendered":"http:\/\/eventos.ufrrj.br\/forumafbeh\/?page_id=29"},"modified":"2018-03-29T13:38:44","modified_gmt":"2018-03-29T16:38:44","slug":"normas-de-submissao","status":"publish","type":"page","link":"https:\/\/eventos.ufrrj.br\/forumafbeh\/normas-de-submissao\/","title":{"rendered":"Normas de Submiss\u00e3o"},"content":{"rendered":"<h2>Normas do resumo<\/h2>\n<h3>Resumos dever\u00e3o ser enviados para o e-mail do F\u00f3rum no per\u00edodo entre os dias 13 de Mar\u00e7o e 09 de Abril \u00e0s 23:59h.<\/h3>\n<p>Uma mensagem de confirma\u00e7\u00e3o do recebimento do resumo ser\u00e1 enviada aos autores. Aqueles que n\u00e3o receberem esta mensagem de confirma\u00e7\u00e3o por favor entrar em contato com a comiss\u00e3o (pelo e-mail) at\u00e9 dia 10 de Abril.<\/p>\n<p>E-mail do F\u00f3rum da Agricultura Familiar Brasil-EUA-Haiti : forumafbeh@gmail.com<\/p>\n<p>O resumo deve ser entregue impresso na secretaria do PPGEA e enviado para o e-mail forumafbeh@gmail.com, at\u00e9 o dia 09\/04\/2018, com a indica\u00e7\u00e3o da forma que ser\u00e1 apresentado;<\/p>\n<p>A submiss\u00e3o somente ser\u00e1 confirmada com o pagamento da taxa de inscri\u00e7\u00e3o.<\/p>\n<p>Os trabalhos poder\u00e3o ser apresentados nas seguintes modalidades: apresenta\u00e7\u00e3o oral e p\u00f4ster.<\/p>\n<p>Cada inscrito poder\u00e1 ser autor em at\u00e9 dois trabalhos e co-autor em at\u00e9 quatro trabalhos.<\/p>\n<p>Cada participante poder\u00e1 apresentar somente 01 trabalho na sess\u00e3o p\u00f4ster e\/ou oral. Devendo este indicar (pelo e-mail) qual trabalho ser\u00e1 apresentado e a sua modalidade de apresenta\u00e7\u00e3o.<\/p>\n<p><a href=\"https:\/\/drive.google.com\/open?id=1yKjTfvwzdKkC3sznLC62_aLiIFb3PBdf\">Link para Normas de Resumo<\/a><\/p>\n<p>&nbsp;<\/p>\n","protected":false},"excerpt":{"rendered":"<p>Normas do resumo Resumos dever\u00e3o ser enviados para o e-mail do F\u00f3rum no per\u00edodo entre os dias 13 de Mar\u00e7o <a class=\"read-more\" href=\"https:\/\/eventos.ufrrj.br\/forumafbeh\/normas-de-submissao\/ \">&#8230; <i class=\"fa fa-long-arrow-right\"><\/i><\/a><\/p>\n","protected":false},"author":37,"featured_media":0,"parent":0,"menu_order":0,"comment_status":"closed","ping_status":"closed","template":"","meta":{"footnotes":""},"class_list":["post-29","page","type-page","status-publish","hentry"],"_links":{"self":[{"href":"https:\/\/eventos.ufrrj.br\/forumafbeh\/wp-json\/wp\/v2\/pages\/29","targetHints":{"allow":["GET"]}}],"collection":[{"href":"https:\/\/eventos.ufrrj.br\/forumafbeh\/wp-json\/wp\/v2\/pages"}],"about":[{"href":"https:\/\/eventos.ufrrj.br\/forumafbeh\/wp-json\/wp\/v2\/types\/page"}],"author":[{"embeddable":true,"href":"https:\/\/eventos.ufrrj.br\/forumafbeh\/wp-json\/wp\/v2\/users\/37"}],"replies":[{"embeddable":true,"href":"https:\/\/eventos.ufrrj.br\/forumafbeh\/wp-json\/wp\/v2\/comments?post=29"}],"version-history":[{"count":13,"href":"https:\/\/eventos.ufrrj.br\/forumafbeh\/wp-json\/wp\/v2\/pages\/29\/revisions"}],"predecessor-version":[{"id":108,"href":"https:\/\/eventos.ufrrj.br\/forumafbeh\/wp-json\/wp\/v2\/pages\/29\/revisions\/108"}],"wp:attachment":[{"href":"https:\/\/eventos.ufrrj.br\/forumafbeh\/wp-json\/wp\/v2\/media?parent=29"}],"curies":[{"name":"wp","href":"https:\/\/api.w.org\/{rel}","templated":true}]}}